{"id":980,"date":"2021-09-28T09:45:13","date_gmt":"2021-09-28T09:45:13","guid":{"rendered":"https:\/\/lojaespacos.com\/?post_type=product&#038;p=980"},"modified":"2025-03-26T17:57:00","modified_gmt":"2025-03-26T17:57:00","slug":"floral-grevilea-florais-de-saint-germain-10ml","status":"publish","type":"product","link":"https:\/\/lojaespacos.com\/en\/loja\/florais\/florais-de-saint-germain\/floral-grevilea-florais-de-saint-germain-10ml\/","title":{"rendered":"Floral Grev\u00edlea | Florais de Saint Germain | 10mL"},"content":{"rendered":"<h2 style=\"text-align: center;\" data-start=\"552\" data-end=\"605\">Floral Grev\u00edlea \u2013 Equil\u00edbrio Emocional e Serenidade<\/h2>\n<p style=\"text-align: justify;\">Os\u00a0<span style=\"text-decoration: underline;\"><a href=\"https:\/\/lojaespacos.com\/en\/product-category\/florais-de-saint-germain\/\" target=\"_blank\" rel=\"noopener noreferrer\"><strong>Florais de Saint Germain<\/strong><\/a><\/span>, criados por Neide Margonari, pretendem\u00a0<strong>restabelecer e transmutar\u00a0padr\u00f5es doentios<\/strong>, provocados por\u00a0viv\u00eancias traum\u00e1ticas, principalmente quando a causa do dist\u00farbio \u00e9\u00a0emocional.<\/p>\n<p style=\"text-align: justify;\"><strong>Floral Grev\u00edlea<\/strong> | Indicado para transmutar a energia da <strong>raiva<\/strong>, da <strong>irrita\u00e7\u00e3o<\/strong> e do <strong>nervosismo<\/strong>, especialmente quando somos invadidos nos nossos limites por terceiros. Traz <strong>equil\u00edbrio<\/strong>.<\/p>","protected":false},"excerpt":{"rendered":"<p>Floral Grev\u00edlea \u2013 Equil\u00edbrio Emocional e Serenidade Os\u00a0Florais de Saint Germain, criados por Neide Margonari, pretendem\u00a0restabelecer e transmutar\u00a0padr\u00f5es doentios, provocados por\u00a0viv\u00eancias traum\u00e1ticas, principalmente quando a causa do dist\u00farbio \u00e9\u00a0emocional. Floral Grev\u00edlea | Indicado para transmutar a energia da raiva, da irrita\u00e7\u00e3o e do nervosismo, especialmente quando somos invadidos nos nossos limites por terceiros. Traz equil\u00edbrio.<\/p>","protected":false},"featured_media":1052,"comment_status":"open","ping_status":"closed","template":"","meta":{"_seopress_titles_title":"%%sitetitle%% | %%post_title%% - Floral Grev\u00edlea \u2013 Equil\u00edbrio Emocional e Serenidade","_seopress_titles_desc":"O Floral Grev\u00edlea dos Florais de Saint Germain auxilia na transmuta\u00e7\u00e3o da raiva, irrita\u00e7\u00e3o e nervosismo, especialmente quando sentimos os nossos limites invadidos. Promove equil\u00edbrio e serenidade.","_seopress_robots_index":"","_seopress_robots_follow":"","_seopress_robots_imageindex":"","_seopress_robots_snippet":"","_seopress_robots_primary_cat":"none","_seopress_robots_breadcrumbs":"","_seopress_robots_freeze_modified_date":"","_seopress_robots_custom_modified_date":"","_seopress_robots_canonical":"","_seopress_social_fb_title":"","_seopress_social_fb_desc":"","_seopress_social_fb_img":"","_seopress_social_fb_img_attachment_id":0,"_seopress_social_fb_img_width":0,"_seopress_social_fb_img_height":0,"_seopress_social_twitter_title":"","_seopress_social_twitter_desc":"","_seopress_social_twitter_img":"","_seopress_social_twitter_img_attachment_id":0,"_seopress_social_twitter_img_width":0,"_seopress_social_twitter_img_height":0,"_seopress_redirections_value":"","_seopress_redirections_enabled":"","_seopress_redirections_enabled_regex":"","_seopress_redirections_logged_status":"both","_seopress_redirections_param":"","_seopress_redirections_type":301,"_seopress_analysis_target_kw":"Floral Grev\u00edlea,Floral para raiva,Floral para nervosismo,Floral para equil\u00edbrio emocional,Ess\u00eancia floral para irrita\u00e7\u00e3o,Floral para transmutar raiva e irrita\u00e7\u00e3o,Ess\u00eancia floral para nervosismo e invas\u00e3o de limites,Floral para promover equil\u00edbrio emocional,Floral para quem se sente invadido por terceiros,Floral para harmonizar emo\u00e7\u00f5es negativas"},"product_brand":[],"product_cat":[1054,1151,1152],"product_tag":[1226,1227],"hf_cat_product":[],"class_list":["post-980","product","type-product","status-publish","has-post-thumbnail","product_cat-florais","product_cat-florais-de-saint-germain","product_cat-florais-de-saint-germain-marca","product_tag-limites-saudaveis","product_tag-raiva","pa_funcao-limites-saudaveis","pa_funcao-raiva","first","instock","sale","shipping-taxable","purchasable","product-type-simple"],"_links":{"self":[{"href":"https:\/\/lojaespacos.com\/en\/wp-json\/wp\/v2\/product\/980","targetHints":{"allow":["GET"]}}],"collection":[{"href":"https:\/\/lojaespacos.com\/en\/wp-json\/wp\/v2\/product"}],"about":[{"href":"https:\/\/lojaespacos.com\/en\/wp-json\/wp\/v2\/types\/product"}],"replies":[{"embeddable":true,"href":"https:\/\/lojaespacos.com\/en\/wp-json\/wp\/v2\/comments?post=980"}],"wp:featuredmedia":[{"embeddable":true,"href":"https:\/\/lojaespacos.com\/en\/wp-json\/wp\/v2\/media\/1052"}],"wp:attachment":[{"href":"https:\/\/lojaespacos.com\/en\/wp-json\/wp\/v2\/media?parent=980"}],"wp:term":[{"taxonomy":"product_brand","embeddable":true,"href":"https:\/\/lojaespacos.com\/en\/wp-json\/wp\/v2\/product_brand?post=980"},{"taxonomy":"product_cat","embeddable":true,"href":"https:\/\/lojaespacos.com\/en\/wp-json\/wp\/v2\/product_cat?post=980"},{"taxonomy":"product_tag","embeddable":true,"href":"https:\/\/lojaespacos.com\/en\/wp-json\/wp\/v2\/product_tag?post=980"},{"taxonomy":"hf_cat_product","embeddable":true,"href":"https:\/\/lojaespacos.com\/en\/wp-json\/wp\/v2\/hf_cat_product?post=980"}],"curies":[{"name":"wp","href":"https:\/\/api.w.org\/{rel}","templated":true}]}}

Floral Grevílea | Florais de Saint Germain | 10mL

<h2 style="text-align: center;" data-start="552" data-end="605">Floral Grevílea – Equilíbrio Emocional e Serenidade</h2>
<p style="text-align: justify;">Os <span style="text-decoration: underline;"><a href="https://lojaespacos.com/en/product-category/florais-de-saint-germain/" target="_blank" rel="noopener noreferrer"><strong>Florais de Saint Germain</strong></a></span>, criados por Neide Margonari, pretendem <strong>restabelecer e transmutar padrões doentios</strong>, provocados por vivências traumáticas, principalmente quando a causa do distúrbio é emocional.</p>
<p style="text-align: justify;"><strong>Floral Grevílea</strong> | Indicado para transmutar a energia da <strong>raiva</strong>, da <strong>irritação</strong> e do <strong>nervosismo</strong>, especialmente quando somos invadidos nos nossos limites por terceiros. Traz <strong>equilíbrio</strong>.</p>

<p>Floral Grevílea – Equilíbrio Emocional e Serenidade Os Florais de Saint Germain, criados por Neide Margonari, pretendem restabelecer e transmutar padrões doentios, provocados por vivências traumáticas, principalmente quando a causa do distúrbio é emocional. Floral Grevílea | Indicado para transmutar a energia da raiva, da irritação e do nervosismo, especialmente quando somos invadidos nos nossos limites por terceiros. Traz equilíbrio.</p>

%%sitetitle%% | %%post_title%% - Floral Grevílea – Equilíbrio Emocional e Serenidade

O Floral Grevílea dos Florais de Saint Germain auxilia na transmutação da raiva, irritação e nervosismo, especialmente quando sentimos os nossos limites invadidos. Promove equilíbrio e serenidade.

Floral Grevílea,Floral para raiva,Floral para nervosismo,Floral para equilíbrio emocional,Essência floral para irritação,Floral para transmutar raiva e irritação,Essência floral para nervosismo e invasão de limites,Floral para promover equilíbrio emocional,Floral para quem se sente invadido por terceiros,Floral para harmonizar emoções negativas
