{"id":919,"date":"2021-09-28T09:44:50","date_gmt":"2021-09-28T09:44:50","guid":{"rendered":"https:\/\/lojaespacos.com\/?post_type=product&#038;p=919"},"modified":"2025-04-12T07:55:44","modified_gmt":"2025-04-12T07:55:44","slug":"floral-mimosinha-florais-de-saint-germain-10ml","status":"publish","type":"product","link":"https:\/\/lojaespacos.com\/en\/loja\/florais\/florais-de-saint-germain\/floral-mimosinha-florais-de-saint-germain-10ml\/","title":{"rendered":"Floral Mimosinha | Florais de Saint Germain | 10mL"},"content":{"rendered":"<h2 style=\"text-align: center;\">Floral Mimozinha | Para T\u00edmidos e Dificuldades nas Articula\u00e7\u00f5es<\/h2>\n<p style=\"text-align: justify;\">Os\u00a0<span style=\"text-decoration: underline;\"><a href=\"https:\/\/lojaespacos.com\/en\/product-category\/florais-de-saint-germain\/\" target=\"_blank\" rel=\"noopener noreferrer\"><strong>Florais de Saint Germain<\/strong><\/a><\/span>, criados por Neide Margonari, pretendem\u00a0<strong>restabelecer e transmutar\u00a0padr\u00f5es doentios<\/strong>, provocados por\u00a0viv\u00eancias traum\u00e1ticas, principalmente quando a causa do dist\u00farbio \u00e9\u00a0emocional.<\/p>\n<p style=\"text-align: justify;\"><strong>Floral Mimozinha<\/strong>\u00a0| Para quem tem dificuldade de\u00a0<strong>articular as situa\u00e7\u00f5es da vida<\/strong>. Indicado aos\u00a0<strong>t\u00edmidos<\/strong>. Auxilia no tratamento de problemas nas\u00a0<strong>articula\u00e7\u00f5es<\/strong>.<\/p>","protected":false},"excerpt":{"rendered":"<p>Floral Mimozinha | Para T\u00edmidos e Dificuldades nas Articula\u00e7\u00f5es Os\u00a0Florais de Saint Germain, criados por Neide Margonari, pretendem\u00a0restabelecer e transmutar\u00a0padr\u00f5es doentios, provocados por\u00a0viv\u00eancias traum\u00e1ticas, principalmente quando a causa do dist\u00farbio \u00e9\u00a0emocional. Floral Mimozinha\u00a0| Para quem tem dificuldade de\u00a0articular as situa\u00e7\u00f5es da vida. Indicado aos\u00a0t\u00edmidos. Auxilia no tratamento de problemas nas\u00a0articula\u00e7\u00f5es.<\/p>","protected":false},"featured_media":1009,"comment_status":"open","ping_status":"closed","template":"","meta":{"_seopress_titles_title":"%%sitetitle%% | %%post_title%% - Para T\u00edmidos e Dificuldades nas Articula\u00e7\u00f5es","_seopress_titles_desc":"O Floral Mimozinha \u00e9 indicado para pessoas t\u00edmidas e que t\u00eam dificuldade em lidar com as situa\u00e7\u00f5es da vida. Auxilia tamb\u00e9m no tratamento de problemas nas articula\u00e7\u00f5es, promovendo flexibilidade emocional e f\u00edsica.","_seopress_robots_index":"","_seopress_robots_follow":"","_seopress_robots_imageindex":"","_seopress_robots_snippet":"","_seopress_robots_primary_cat":"none","_seopress_robots_breadcrumbs":"","_seopress_robots_freeze_modified_date":"","_seopress_robots_custom_modified_date":"","_seopress_robots_canonical":"","_seopress_social_fb_title":"","_seopress_social_fb_desc":"","_seopress_social_fb_img":"","_seopress_social_fb_img_attachment_id":0,"_seopress_social_fb_img_width":0,"_seopress_social_fb_img_height":0,"_seopress_social_twitter_title":"","_seopress_social_twitter_desc":"","_seopress_social_twitter_img":"","_seopress_social_twitter_img_attachment_id":0,"_seopress_social_twitter_img_width":0,"_seopress_social_twitter_img_height":0,"_seopress_redirections_value":"","_seopress_redirections_enabled":"","_seopress_redirections_enabled_regex":"","_seopress_redirections_logged_status":"both","_seopress_redirections_param":"","_seopress_redirections_type":301,"_seopress_analysis_target_kw":"floral mimozinha,floral timidez,floral articula\u00e7\u00f5es,floral emocional,floral flexibilidade,floral Saint Germain,floral para pessoas t\u00edmidas,floral para articula\u00e7\u00f5es r\u00edgidas,floral para lidar com a vida,floral para dificuldades emocionais,floral para melhorar articula\u00e7\u00f5es,floral para bloqueios emocionais"},"product_brand":[],"product_cat":[1054,1151,1152],"product_tag":[],"hf_cat_product":[],"class_list":["post-919","product","type-product","status-publish","has-post-thumbnail","product_cat-florais","product_cat-florais-de-saint-germain","product_cat-florais-de-saint-germain-marca","first","instock","sale","shipping-taxable","purchasable","product-type-simple"],"_links":{"self":[{"href":"https:\/\/lojaespacos.com\/en\/wp-json\/wp\/v2\/product\/919","targetHints":{"allow":["GET"]}}],"collection":[{"href":"https:\/\/lojaespacos.com\/en\/wp-json\/wp\/v2\/product"}],"about":[{"href":"https:\/\/lojaespacos.com\/en\/wp-json\/wp\/v2\/types\/product"}],"replies":[{"embeddable":true,"href":"https:\/\/lojaespacos.com\/en\/wp-json\/wp\/v2\/comments?post=919"}],"wp:featuredmedia":[{"embeddable":true,"href":"https:\/\/lojaespacos.com\/en\/wp-json\/wp\/v2\/media\/1009"}],"wp:attachment":[{"href":"https:\/\/lojaespacos.com\/en\/wp-json\/wp\/v2\/media?parent=919"}],"wp:term":[{"taxonomy":"product_brand","embeddable":true,"href":"https:\/\/lojaespacos.com\/en\/wp-json\/wp\/v2\/product_brand?post=919"},{"taxonomy":"product_cat","embeddable":true,"href":"https:\/\/lojaespacos.com\/en\/wp-json\/wp\/v2\/product_cat?post=919"},{"taxonomy":"product_tag","embeddable":true,"href":"https:\/\/lojaespacos.com\/en\/wp-json\/wp\/v2\/product_tag?post=919"},{"taxonomy":"hf_cat_product","embeddable":true,"href":"https:\/\/lojaespacos.com\/en\/wp-json\/wp\/v2\/hf_cat_product?post=919"}],"curies":[{"name":"wp","href":"https:\/\/api.w.org\/{rel}","templated":true}]}}

<h2 style="text-align: center;">Floral Mimozinha | Para Tímidos e Dificuldades nas Articulações</h2>
<p style="text-align: justify;">Os <span style="text-decoration: underline;"><a href="https://lojaespacos.com/en/product-category/florais-de-saint-germain/" target="_blank" rel="noopener noreferrer"><strong>Florais de Saint Germain</strong></a></span>, criados por Neide Margonari, pretendem <strong>restabelecer e transmutar padrões doentios</strong>, provocados por vivências traumáticas, principalmente quando a causa do distúrbio é emocional.</p>
<p style="text-align: justify;"><strong>Floral Mimozinha</strong> | Para quem tem dificuldade de <strong>articular as situações da vida</strong>. Indicado aos <strong>tímidos</strong>. Auxilia no tratamento de problemas nas <strong>articulações</strong>.</p>

<p>Floral Mimozinha | Para Tímidos e Dificuldades nas Articulações Os Florais de Saint Germain, criados por Neide Margonari, pretendem restabelecer e transmutar padrões doentios, provocados por vivências traumáticas, principalmente quando a causa do distúrbio é emocional. Floral Mimozinha | Para quem tem dificuldade de articular as situações da vida. Indicado aos tímidos. Auxilia no tratamento de problemas nas articulações.</p>

%%sitetitle%% | %%post_title%% - Para Tímidos e Dificuldades nas Articulações

O Floral Mimozinha é indicado para pessoas tímidas e que têm dificuldade em lidar com as situações da vida. Auxilia também no tratamento de problemas nas articulações, promovendo flexibilidade emocional e física.

floral mimozinha,floral timidez,floral articulações,floral emocional,floral flexibilidade,floral Saint Germain,floral para pessoas tímidas,floral para articulações rígidas,floral para lidar com a vida,floral para dificuldades emocionais,floral para melhorar articulações,floral para bloqueios emocionais
