{"id":4577,"date":"2021-09-28T18:51:57","date_gmt":"2021-09-28T18:51:57","guid":{"rendered":"https:\/\/lojaespacos.com\/?post_type=product&#038;p=4577"},"modified":"2024-11-06T17:04:37","modified_gmt":"2024-11-06T17:04:37","slug":"gaba-500mg-plus-b6-good-care-100-capsulas-sistema-nervoso-ansiolitico-tranquilizante","status":"publish","type":"product","link":"https:\/\/lojaespacos.com\/en\/loja\/marcas\/good-care\/gaba-500mg-plus-b6-good-care-100-capsulas-sistema-nervoso-ansiolitico-tranquilizante\/","title":{"rendered":"GABA 500mg Plus B6 | Good Care | 100 c\u00e1psulas | sistema nervoso | ansiol\u00edtico | tranquilizante"},"content":{"rendered":"<p style=\"text-align: justify;\">O<strong> GABA 500mg Plus B6<\/strong> \u00e9 um suplemento da Good Care \u00e0 base de \u00e1cido <strong>gama-aminobut\u00edrico<\/strong> (<strong>GABA<\/strong>) e vitamina B6, com <strong>efeito sedativo, ansiol\u00edtico e tranquilizante<\/strong>.<\/p>\n<p style=\"text-align: justify;\">De um modo geral, pode ser aconselhado como coadjuvante na resolu\u00e7\u00e3o de estados de<strong> nervosismo e ansiedade<\/strong>, na melhoria da sintomatologia associada a formas ligeiras de <strong>epilepsia<\/strong>, na melhoria da sintomatologia associada a <strong>neuroses e doen\u00e7a man\u00edaco-depressiva<\/strong>, na melhoria da sintomatologia associada \u00e0 <strong>esquizofrenia<\/strong>.<\/p>","protected":false},"excerpt":{"rendered":"<p><a href=\"https:\/\/lojaespacos.com\/en\/product-tag\/sem-gluten\/\"><img loading=\"lazy\" decoding=\"async\" class=\"alignnone wp-image-10499 size-full\" src=\"https:\/\/www.loja.espaco-s.com\/wp-content\/uploads\/2020\/06\/gluten2.png\" alt=\"\" width=\"70\" height=\"70\" \/><\/a>\u00a0<a href=\"https:\/\/lojaespacos.com\/en\/product-tag\/sem-lactose\/\"><img loading=\"lazy\" decoding=\"async\" class=\"alignnone wp-image-10500 size-full\" src=\"https:\/\/www.loja.espaco-s.com\/wp-content\/uploads\/2020\/06\/lacto2.png\" alt=\"\" width=\"70\" height=\"70\" \/><\/a> <a href=\"https:\/\/lojaespacos.com\/en\/product-category\/produtos-veganos\/\"><img loading=\"lazy\" decoding=\"async\" class=\"alignnone wp-image-10502 size-full\" src=\"https:\/\/www.loja.espaco-s.com\/wp-content\/uploads\/2020\/06\/vegan2.png\" alt=\"\" width=\"70\" height=\"70\" \/><\/a><\/p>","protected":false},"featured_media":4594,"comment_status":"open","ping_status":"closed","template":"","meta":{"_seopress_titles_title":"%%sitetitle%% | %%post_title%%","_seopress_titles_desc":"%%post_content%%","_seopress_robots_index":"","_seopress_robots_follow":"","_seopress_robots_imageindex":"","_seopress_robots_snippet":"","_seopress_robots_primary_cat":"none","_seopress_robots_breadcrumbs":"","_seopress_robots_freeze_modified_date":"","_seopress_robots_custom_modified_date":"","_seopress_robots_canonical":"","_seopress_social_fb_title":"","_seopress_social_fb_desc":"","_seopress_social_fb_img":"","_seopress_social_fb_img_attachment_id":0,"_seopress_social_fb_img_width":0,"_seopress_social_fb_img_height":0,"_seopress_social_twitter_title":"","_seopress_social_twitter_desc":"","_seopress_social_twitter_img":"","_seopress_social_twitter_img_attachment_id":0,"_seopress_social_twitter_img_width":0,"_seopress_social_twitter_img_height":0,"_seopress_redirections_value":"","_seopress_redirections_enabled":"","_seopress_redirections_enabled_regex":"","_seopress_redirections_logged_status":"both","_seopress_redirections_param":"","_seopress_redirections_type":301,"_seopress_analysis_target_kw":"sedativo,ansiol\u00edtico,tranquilizante,ansiedade,ins\u00f3nias,sem gl\u00faten,sem lactose,vegan,nervosismo,epilepsia,esquizofrenia,neurose,transtorno man\u00edaco-depressivo,rem\u00e9dio,suplemento,suplemento para ansiedade,suplemento ansiol\u00edtico,ansiol\u00edtico natural,rem\u00e9dio para ansiedade,rem\u00e9dio natural para epilepsia,rem\u00e9dio natural para nervosismo,rem\u00e9dio natural para sistema nervoso,sistema nervoso,rem\u00e9dio para ins\u00f3nias,suplemento para ins\u00f3nias"},"product_brand":[],"product_cat":[1130,823,818,906],"product_tag":[908,931,869,870],"hf_cat_product":[],"class_list":["post-4577","product","type-product","status-publish","has-post-thumbnail","product_cat-good-care","product_cat-marcas","product_cat-saude-e-bem-estar","product_cat-sistema-nervoso","product_tag-ansiedade","product_tag-insonias","product_tag-sem-gluten","product_tag-sem-lactose","pa_criterio-sem-gluten","pa_criterio-sem-lactose","pa_criterio-vegan","pa_funcao-ansiedade","pa_funcao-insonias","first","outofstock","shipping-taxable","purchasable","product-type-simple"],"_links":{"self":[{"href":"https:\/\/lojaespacos.com\/en\/wp-json\/wp\/v2\/product\/4577","targetHints":{"allow":["GET"]}}],"collection":[{"href":"https:\/\/lojaespacos.com\/en\/wp-json\/wp\/v2\/product"}],"about":[{"href":"https:\/\/lojaespacos.com\/en\/wp-json\/wp\/v2\/types\/product"}],"replies":[{"embeddable":true,"href":"https:\/\/lojaespacos.com\/en\/wp-json\/wp\/v2\/comments?post=4577"}],"wp:featuredmedia":[{"embeddable":true,"href":"https:\/\/lojaespacos.com\/en\/wp-json\/wp\/v2\/media\/4594"}],"wp:attachment":[{"href":"https:\/\/lojaespacos.com\/en\/wp-json\/wp\/v2\/media?parent=4577"}],"wp:term":[{"taxonomy":"product_brand","embeddable":true,"href":"https:\/\/lojaespacos.com\/en\/wp-json\/wp\/v2\/product_brand?post=4577"},{"taxonomy":"product_cat","embeddable":true,"href":"https:\/\/lojaespacos.com\/en\/wp-json\/wp\/v2\/product_cat?post=4577"},{"taxonomy":"product_tag","embeddable":true,"href":"https:\/\/lojaespacos.com\/en\/wp-json\/wp\/v2\/product_tag?post=4577"},{"taxonomy":"hf_cat_product","embeddable":true,"href":"https:\/\/lojaespacos.com\/en\/wp-json\/wp\/v2\/hf_cat_product?post=4577"}],"curies":[{"name":"wp","href":"https:\/\/api.w.org\/{rel}","templated":true}]}}

GABA 500mg Plus B6 | Good Care | 100 cápsulas | sistema nervoso | ansiolítico | tranquilizante

<p style="text-align: justify;">O<strong> GABA 500mg Plus B6</strong> é um suplemento da Good Care à base de ácido <strong>gama-aminobutírico</strong> (<strong>GABA</strong>) e vitamina B6, com <strong>efeito sedativo, ansiolítico e tranquilizante</strong>.</p>
<p style="text-align: justify;">De um modo geral, pode ser aconselhado como coadjuvante na resolução de estados de<strong> nervosismo e ansiedade</strong>, na melhoria da sintomatologia associada a formas ligeiras de <strong>epilepsia</strong>, na melhoria da sintomatologia associada a <strong>neuroses e doença maníaco-depressiva</strong>, na melhoria da sintomatologia associada à <strong>esquizofrenia</strong>.</p>

sedativo,ansiolítico,tranquilizante,ansiedade,insónias,sem glúten,sem lactose,vegan,nervosismo,epilepsia,esquizofrenia,neurose,transtorno maníaco-depressivo,remédio,suplemento,suplemento para ansiedade,suplemento ansiolítico,ansiolítico natural,remédio para ansiedade,remédio natural para epilepsia,remédio natural para nervosismo,remédio natural para sistema nervoso,sistema nervoso,remédio para insónias,suplemento para insónias
