{"id":4576,"date":"2021-09-28T18:51:57","date_gmt":"2021-09-28T18:51:57","guid":{"rendered":"https:\/\/lojaespacos.com\/?post_type=product&#038;p=4576"},"modified":"2025-03-05T17:10:59","modified_gmt":"2025-03-05T17:10:59","slug":"floral-red-chestnut-florais-de-bach-20ml-preocupacao-excessiva","status":"publish","type":"product","link":"https:\/\/lojaespacos.com\/en\/loja\/marcas\/florais-de-bach-marcas\/floral-red-chestnut-florais-de-bach-20ml-preocupacao-excessiva\/","title":{"rendered":"Floral Red Chestnut | Florais de Bach | 20mL | preocupa\u00e7\u00e3o excessiva"},"content":{"rendered":"<p style=\"text-align: justify;\">Os\u00a0<a href=\"https:\/\/lojaespacos.com\/en\/product-category\/florais\/florais-de-bach\/\" target=\"_blank\" rel=\"noopener noreferrer\"><strong>Florais de Bach<\/strong><\/a>, criados pelo m\u00e9dico\u00a0<strong>Dr. Edward Bach<\/strong>, est\u00e3o, cada um deles, associados a uma emo\u00e7\u00e3o humana, de forma a ajudar-nos a ultrapassar esse estado emocional que est\u00e1 a desequilibrar-nos. Existem 38 florais de Bach.<\/p>\n<p style=\"text-align: justify;\">A cura do plano emocional tem efeitos ben\u00e9ficos n\u00e3o s\u00f3 a n\u00edvel emocional, mas tamb\u00e9m no\u00a0<strong>bem-estar geral<\/strong>\u00a0e consequentemente, tamb\u00e9m a n\u00edvel da\u00a0<strong>sa\u00fade f\u00edsica e mental<\/strong>.<\/p>\n<p style=\"text-align: justify;\"><strong>Floral Red Chestnut<\/strong>\u00a0| Para os que est\u00e3o sempre<strong> ansiosos por causa dos outros<\/strong>.\u00a0Ansiedade por antecipa\u00e7\u00e3o relativamente a infort\u00fanios alheios.\u00a0Em regra, s\u00e3o pessoas que n\u00e3o se preocupam muito consigo mesmas, mas qualquer pequeno problema nos que amam, as atormenta e faz prever o pior.<\/p>","protected":false},"excerpt":{"rendered":"<p>Os\u00a0Florais de Bach, criados pelo m\u00e9dico\u00a0Dr. Edward Bach, est\u00e3o, cada um deles, associados a uma emo\u00e7\u00e3o humana, de forma a ajudar-nos a ultrapassar esse estado emocional que est\u00e1 a desequilibrar-nos. Existem 38 florais de Bach. A cura do plano emocional tem efeitos ben\u00e9ficos n\u00e3o s\u00f3 a n\u00edvel emocional, mas tamb\u00e9m no\u00a0bem-estar geral\u00a0e consequentemente, tamb\u00e9m a [&hellip;]<\/p>\n","protected":false},"featured_media":4593,"comment_status":"open","ping_status":"closed","template":"","meta":{"_seopress_titles_title":"","_seopress_titles_desc":"","_seopress_robots_index":"","_seopress_robots_follow":"","_seopress_robots_imageindex":"","_seopress_robots_snippet":"","_seopress_robots_primary_cat":"none","_seopress_robots_breadcrumbs":"","_seopress_robots_freeze_modified_date":"","_seopress_robots_custom_modified_date":"","_seopress_robots_canonical":"","_seopress_social_fb_title":"","_seopress_social_fb_desc":"","_seopress_social_fb_img":"","_seopress_social_fb_img_attachment_id":0,"_seopress_social_fb_img_width":0,"_seopress_social_fb_img_height":0,"_seopress_social_twitter_title":"","_seopress_social_twitter_desc":"","_seopress_social_twitter_img":"","_seopress_social_twitter_img_attachment_id":0,"_seopress_social_twitter_img_width":0,"_seopress_social_twitter_img_height":0,"_seopress_redirections_value":"","_seopress_redirections_enabled":"","_seopress_redirections_enabled_regex":"","_seopress_redirections_logged_status":"both","_seopress_redirections_param":"","_seopress_redirections_type":301,"_seopress_analysis_target_kw":""},"product_brand":[],"product_cat":[1054,1056,1055],"product_tag":[908],"hf_cat_product":[],"class_list":["post-4576","product","type-product","status-publish","has-post-thumbnail","product_cat-florais","product_cat-florais-de-bach-marcas","product_cat-florais-de-bach","product_tag-ansiedade","pa_funcao-ansiedade","first","outofstock","shipping-taxable","purchasable","product-type-simple"],"_links":{"self":[{"href":"https:\/\/lojaespacos.com\/en\/wp-json\/wp\/v2\/product\/4576","targetHints":{"allow":["GET"]}}],"collection":[{"href":"https:\/\/lojaespacos.com\/en\/wp-json\/wp\/v2\/product"}],"about":[{"href":"https:\/\/lojaespacos.com\/en\/wp-json\/wp\/v2\/types\/product"}],"replies":[{"embeddable":true,"href":"https:\/\/lojaespacos.com\/en\/wp-json\/wp\/v2\/comments?post=4576"}],"wp:featuredmedia":[{"embeddable":true,"href":"https:\/\/lojaespacos.com\/en\/wp-json\/wp\/v2\/media\/4593"}],"wp:attachment":[{"href":"https:\/\/lojaespacos.com\/en\/wp-json\/wp\/v2\/media?parent=4576"}],"wp:term":[{"taxonomy":"product_brand","embeddable":true,"href":"https:\/\/lojaespacos.com\/en\/wp-json\/wp\/v2\/product_brand?post=4576"},{"taxonomy":"product_cat","embeddable":true,"href":"https:\/\/lojaespacos.com\/en\/wp-json\/wp\/v2\/product_cat?post=4576"},{"taxonomy":"product_tag","embeddable":true,"href":"https:\/\/lojaespacos.com\/en\/wp-json\/wp\/v2\/product_tag?post=4576"},{"taxonomy":"hf_cat_product","embeddable":true,"href":"https:\/\/lojaespacos.com\/en\/wp-json\/wp\/v2\/hf_cat_product?post=4576"}],"curies":[{"name":"wp","href":"https:\/\/api.w.org\/{rel}","templated":true}]}}

Floral Red Chestnut | Florais de Bach | 20mL | preocupação excessiva

<p style="text-align: justify;">Os <a href="https://lojaespacos.com/en/product-category/florais/florais-de-bach/" target="_blank" rel="noopener noreferrer"><strong>Florais de Bach</strong></a>, criados pelo médico <strong>Dr. Edward Bach</strong>, estão, cada um deles, associados a uma emoção humana, de forma a ajudar-nos a ultrapassar esse estado emocional que está a desequilibrar-nos. Existem 38 florais de Bach.</p>
<p style="text-align: justify;">A cura do plano emocional tem efeitos benéficos não só a nível emocional, mas também no <strong>bem-estar geral</strong> e consequentemente, também a nível da <strong>saúde física e mental</strong>.</p>
<p style="text-align: justify;"><strong>Floral Red Chestnut</strong> | Para os que estão sempre<strong> ansiosos por causa dos outros</strong>. Ansiedade por antecipação relativamente a infortúnios alheios. Em regra, são pessoas que não se preocupam muito consigo mesmas, mas qualquer pequeno problema nos que amam, as atormenta e faz prever o pior.</p>

<p>Os Florais de Bach, criados pelo médico Dr. Edward Bach, estão, cada um deles, associados a uma emoção humana, de forma a ajudar-nos a ultrapassar esse estado emocional que está a desequilibrar-nos. Existem 38 florais de Bach. A cura do plano emocional tem efeitos benéficos não só a nível emocional, mas também no bem-estar geral e consequentemente, também a [&hellip;]</p>
