{"id":4529,"date":"2021-09-28T18:51:36","date_gmt":"2021-09-28T18:51:36","guid":{"rendered":"https:\/\/lojaespacos.com\/?post_type=product&#038;p=4529"},"modified":"2024-11-06T17:03:56","modified_gmt":"2024-11-06T17:03:56","slug":"floral-holly-florais-de-bach-20ml-odio-inveja-ciume","status":"publish","type":"product","link":"https:\/\/lojaespacos.com\/en\/loja\/florais\/florais-de-bach\/floral-holly-florais-de-bach-20ml-odio-inveja-ciume\/","title":{"rendered":"Floral Holly | Florais de Bach | 20mL | \u00f3dio | inveja | ci\u00fame"},"content":{"rendered":"<p style=\"text-align: justify;\">Os\u00a0<a href=\"https:\/\/lojaespacos.com\/en\/product-category\/florais\/florais-de-bach\/\" target=\"_blank\" rel=\"noopener noreferrer\"><strong>Florais de Bach<\/strong><\/a>, criados pelo m\u00e9dico\u00a0<strong>Dr. Edward Bach<\/strong>, est\u00e3o, cada um deles, associados a uma emo\u00e7\u00e3o humana, de forma a ajudar-nos a ultrapassar esse estado emocional que est\u00e1 a desequilibrar-nos. Existem 38 florais de Bach.<\/p>\n<p style=\"text-align: justify;\">A cura do plano emocional tem efeitos ben\u00e9ficos n\u00e3o s\u00f3 a n\u00edvel emocional, mas tamb\u00e9m no\u00a0<strong>bem-estar geral<\/strong>\u00a0e consequentemente, tamb\u00e9m a n\u00edvel da\u00a0<strong>sa\u00fade f\u00edsica e mental<\/strong>.<\/p>\n<p style=\"text-align: justify;\"><strong>Floral Holly<\/strong> |\u00a0 \u00c9 frequentemente tido como o rem\u00e9dio para a ira mas n\u00e3o \u00e9 necessariamente essa sua aplica\u00e7\u00e3o.\u00a0A raiva \u00e9 um sentimento secund\u00e1rio, pelo que \u00e9 necess\u00e1rio um olhar mais profundo para chegar a entender a causa.\u00a0A ira baseada na impaci\u00eancia requer um outro floral, aquela que prov\u00e9m da perda de controle outro ainda.\u00a0De igual modo se a raiva for motivada por sentimentos de injusti\u00e7a pessoal ou por n\u00e3o suportar a injusti\u00e7a social, rem\u00e9dios totalmente diferentes ser\u00e3o utilizados.<\/p>\n<p style=\"text-align: justify;\">Holly \u00e9 na verdade um floral indicado para <strong>sentimentos muito negativos e agressivos em rela\u00e7\u00e3o aos outros<\/strong>, tal como o <strong>\u00f3dio, a desconfian\u00e7a, a inveja ou o desd\u00e9m<\/strong>.\u00a0O problema no cerne destas emo\u00e7\u00f5es \u00e9 a <strong>aus\u00eancia de amor<\/strong>, e o floral trabalha no sentido de promover nossa generosidade de esp\u00edrito e nossa abertura para os outros.<\/p>","protected":false},"excerpt":{"rendered":"<p>Os\u00a0Florais de Bach, criados pelo m\u00e9dico\u00a0Dr. Edward Bach, est\u00e3o, cada um deles, associados a uma emo\u00e7\u00e3o humana, de forma a ajudar-nos a ultrapassar esse estado emocional que est\u00e1 a desequilibrar-nos. Existem 38 florais de Bach. A cura do plano emocional tem efeitos ben\u00e9ficos n\u00e3o s\u00f3 a n\u00edvel emocional, mas tamb\u00e9m no\u00a0bem-estar geral\u00a0e consequentemente, tamb\u00e9m a [&hellip;]<\/p>\n","protected":false},"featured_media":4575,"comment_status":"open","ping_status":"closed","template":"","meta":{"_seopress_titles_title":"","_seopress_titles_desc":"","_seopress_robots_index":"","_seopress_robots_follow":"","_seopress_robots_imageindex":"","_seopress_robots_snippet":"","_seopress_robots_primary_cat":"none","_seopress_robots_breadcrumbs":"","_seopress_robots_freeze_modified_date":"","_seopress_robots_custom_modified_date":"","_seopress_robots_canonical":"","_seopress_social_fb_title":"","_seopress_social_fb_desc":"","_seopress_social_fb_img":"","_seopress_social_fb_img_attachment_id":0,"_seopress_social_fb_img_width":0,"_seopress_social_fb_img_height":0,"_seopress_social_twitter_title":"","_seopress_social_twitter_desc":"","_seopress_social_twitter_img":"","_seopress_social_twitter_img_attachment_id":0,"_seopress_social_twitter_img_width":0,"_seopress_social_twitter_img_height":0,"_seopress_redirections_value":"","_seopress_redirections_enabled":"","_seopress_redirections_enabled_regex":"","_seopress_redirections_logged_status":"both","_seopress_redirections_param":"","_seopress_redirections_type":301,"_seopress_analysis_target_kw":""},"product_brand":[],"product_cat":[1054,1055,1056],"product_tag":[2192,2766],"hf_cat_product":[],"class_list":["post-4529","product","type-product","status-publish","has-post-thumbnail","product_cat-florais","product_cat-florais-de-bach","product_cat-florais-de-bach-marcas","product_tag-inveja","product_tag-odio","first","outofstock","shipping-taxable","purchasable","product-type-simple"],"_links":{"self":[{"href":"https:\/\/lojaespacos.com\/en\/wp-json\/wp\/v2\/product\/4529","targetHints":{"allow":["GET"]}}],"collection":[{"href":"https:\/\/lojaespacos.com\/en\/wp-json\/wp\/v2\/product"}],"about":[{"href":"https:\/\/lojaespacos.com\/en\/wp-json\/wp\/v2\/types\/product"}],"replies":[{"embeddable":true,"href":"https:\/\/lojaespacos.com\/en\/wp-json\/wp\/v2\/comments?post=4529"}],"wp:featuredmedia":[{"embeddable":true,"href":"https:\/\/lojaespacos.com\/en\/wp-json\/wp\/v2\/media\/4575"}],"wp:attachment":[{"href":"https:\/\/lojaespacos.com\/en\/wp-json\/wp\/v2\/media?parent=4529"}],"wp:term":[{"taxonomy":"product_brand","embeddable":true,"href":"https:\/\/lojaespacos.com\/en\/wp-json\/wp\/v2\/product_brand?post=4529"},{"taxonomy":"product_cat","embeddable":true,"href":"https:\/\/lojaespacos.com\/en\/wp-json\/wp\/v2\/product_cat?post=4529"},{"taxonomy":"product_tag","embeddable":true,"href":"https:\/\/lojaespacos.com\/en\/wp-json\/wp\/v2\/product_tag?post=4529"},{"taxonomy":"hf_cat_product","embeddable":true,"href":"https:\/\/lojaespacos.com\/en\/wp-json\/wp\/v2\/hf_cat_product?post=4529"}],"curies":[{"name":"wp","href":"https:\/\/api.w.org\/{rel}","templated":true}]}}

Floral Holly | Florais de Bach | 20mL | ódio | inveja | ciúme

<p style="text-align: justify;">Os <a href="https://lojaespacos.com/en/product-category/florais/florais-de-bach/" target="_blank" rel="noopener noreferrer"><strong>Florais de Bach</strong></a>, criados pelo médico <strong>Dr. Edward Bach</strong>, estão, cada um deles, associados a uma emoção humana, de forma a ajudar-nos a ultrapassar esse estado emocional que está a desequilibrar-nos. Existem 38 florais de Bach.</p>
<p style="text-align: justify;">A cura do plano emocional tem efeitos benéficos não só a nível emocional, mas também no <strong>bem-estar geral</strong> e consequentemente, também a nível da <strong>saúde física e mental</strong>.</p>
<p style="text-align: justify;"><strong>Floral Holly</strong> |  É frequentemente tido como o remédio para a ira mas não é necessariamente essa sua aplicação. A raiva é um sentimento secundário, pelo que é necessário um olhar mais profundo para chegar a entender a causa. A ira baseada na impaciência requer um outro floral, aquela que provém da perda de controle outro ainda. De igual modo se a raiva for motivada por sentimentos de injustiça pessoal ou por não suportar a injustiça social, remédios totalmente diferentes serão utilizados.</p>
<p style="text-align: justify;">Holly é na verdade um floral indicado para <strong>sentimentos muito negativos e agressivos em relação aos outros</strong>, tal como o <strong>ódio, a desconfiança, a inveja ou o desdém</strong>. O problema no cerne destas emoções é a <strong>ausência de amor</strong>, e o floral trabalha no sentido de promover nossa generosidade de espírito e nossa abertura para os outros.</p>

<p>Os Florais de Bach, criados pelo médico Dr. Edward Bach, estão, cada um deles, associados a uma emoção humana, de forma a ajudar-nos a ultrapassar esse estado emocional que está a desequilibrar-nos. Existem 38 florais de Bach. A cura do plano emocional tem efeitos benéficos não só a nível emocional, mas também no bem-estar geral e consequentemente, também a [&hellip;]</p>
