{"id":4478,"date":"2021-09-28T18:51:13","date_gmt":"2021-09-28T18:51:13","guid":{"rendered":"https:\/\/lojaespacos.com\/?post_type=product&#038;p=4478"},"modified":"2025-04-16T15:37:09","modified_gmt":"2025-04-16T15:37:09","slug":"balsamo-labial-hidratante-pure-le-papier-6g-puro-batom","status":"publish","type":"product","link":"https:\/\/lojaespacos.com\/en\/loja\/produtos-veganos\/cosmetica\/balsamo-labial-hidratante-pure-le-papier-6g-puro-batom\/","title":{"rendered":"B\u00e1lsamo labial hidratante - Pure | Le Papier | 6g | puro | batom"},"content":{"rendered":"<p style=\"text-align: justify;\"><strong>B\u00e1lsamo labial hidratante<\/strong>, <strong>vegano<\/strong>, com <strong>ingredientes naturais<\/strong>, que cuida dos seus <strong>l\u00e1bios<\/strong> de forma <strong>natural e amiga do ambiente<\/strong>.<\/p>\n<p style=\"text-align: justify;\">Gra\u00e7as ao \u00f3leo de<strong> jojoba puro, \u00f3leo de am\u00eandoa, manteiga de karit\u00e9 e vitamina E<\/strong>, consegue manter os seus <strong>l\u00e1bios suaves<\/strong> durante muito mais tempo.<\/p>\n<p style=\"text-align: justify;\">A sua embalagem \u00e9 exclusivamente de papel, o que permite que no final, possa reciclar a mesma.<\/p>\n<p style=\"text-align: justify;\"><strong>Puro\u00a0<\/strong>\u2013\u00a0 N\u00e3o possui fragr\u00e2ncias sint\u00e9ticas e o seu <strong>aroma doce e leve<\/strong> deriva do <strong>extracto de baunilha<\/strong>.<\/p>","protected":false},"excerpt":{"rendered":"<p><a href=\"https:\/\/lojaespacos.com\/en\/product-category\/produtos-veganos\/\"><img loading=\"lazy\" decoding=\"async\" class=\"alignnone wp-image-10502 size-full\" src=\"https:\/\/www.loja.espaco-s.com\/wp-content\/uploads\/2020\/06\/vegan2.png\" alt=\"\" width=\"70\" height=\"70\" \/><\/a><\/p>","protected":false},"featured_media":4551,"comment_status":"open","ping_status":"closed","template":"","meta":{"_seopress_titles_title":"","_seopress_titles_desc":"","_seopress_robots_index":"","_seopress_robots_follow":"","_seopress_robots_imageindex":"","_seopress_robots_snippet":"","_seopress_robots_primary_cat":"none","_seopress_robots_breadcrumbs":"","_seopress_robots_freeze_modified_date":"","_seopress_robots_custom_modified_date":"","_seopress_robots_canonical":"","_seopress_social_fb_title":"","_seopress_social_fb_desc":"","_seopress_social_fb_img":"","_seopress_social_fb_img_attachment_id":0,"_seopress_social_fb_img_width":0,"_seopress_social_fb_img_height":0,"_seopress_social_twitter_title":"","_seopress_social_twitter_desc":"","_seopress_social_twitter_img":"","_seopress_social_twitter_img_attachment_id":0,"_seopress_social_twitter_img_width":0,"_seopress_social_twitter_img_height":0,"_seopress_redirections_value":"","_seopress_redirections_enabled":"","_seopress_redirections_enabled_regex":"","_seopress_redirections_logged_status":"both","_seopress_redirections_param":"","_seopress_redirections_type":301,"_seopress_analysis_target_kw":""},"product_brand":[],"product_cat":[1722,2206,1146],"product_tag":[2207,2713],"hf_cat_product":[],"class_list":["post-4478","product","type-product","status-publish","has-post-thumbnail","product_cat-cosmetica","product_cat-le-papier","product_cat-produtos-veganos","product_tag-balsamo-labial","product_tag-vegan","pa_criterio-vegan","pa_funcao-hidratacao","first","instock","sale","shipping-taxable","purchasable","product-type-simple"],"_links":{"self":[{"href":"https:\/\/lojaespacos.com\/en\/wp-json\/wp\/v2\/product\/4478","targetHints":{"allow":["GET"]}}],"collection":[{"href":"https:\/\/lojaespacos.com\/en\/wp-json\/wp\/v2\/product"}],"about":[{"href":"https:\/\/lojaespacos.com\/en\/wp-json\/wp\/v2\/types\/product"}],"replies":[{"embeddable":true,"href":"https:\/\/lojaespacos.com\/en\/wp-json\/wp\/v2\/comments?post=4478"}],"wp:featuredmedia":[{"embeddable":true,"href":"https:\/\/lojaespacos.com\/en\/wp-json\/wp\/v2\/media\/4551"}],"wp:attachment":[{"href":"https:\/\/lojaespacos.com\/en\/wp-json\/wp\/v2\/media?parent=4478"}],"wp:term":[{"taxonomy":"product_brand","embeddable":true,"href":"https:\/\/lojaespacos.com\/en\/wp-json\/wp\/v2\/product_brand?post=4478"},{"taxonomy":"product_cat","embeddable":true,"href":"https:\/\/lojaespacos.com\/en\/wp-json\/wp\/v2\/product_cat?post=4478"},{"taxonomy":"product_tag","embeddable":true,"href":"https:\/\/lojaespacos.com\/en\/wp-json\/wp\/v2\/product_tag?post=4478"},{"taxonomy":"hf_cat_product","embeddable":true,"href":"https:\/\/lojaespacos.com\/en\/wp-json\/wp\/v2\/hf_cat_product?post=4478"}],"curies":[{"name":"wp","href":"https:\/\/api.w.org\/{rel}","templated":true}]}}

Bálsamo labial hidratante - Pure | Le Papier | 6g | puro | batom

<p style="text-align: justify;"><strong>Bálsamo labial hidratante</strong>, <strong>vegano</strong>, com <strong>ingredientes naturais</strong>, que cuida dos seus <strong>lábios</strong> de forma <strong>natural e amiga do ambiente</strong>.</p>
<p style="text-align: justify;">Graças ao óleo de<strong> jojoba puro, óleo de amêndoa, manteiga de karité e vitamina E</strong>, consegue manter os seus <strong>lábios suaves</strong> durante muito mais tempo.</p>
<p style="text-align: justify;">A sua embalagem é exclusivamente de papel, o que permite que no final, possa reciclar a mesma.</p>
<p style="text-align: justify;"><strong>Puro </strong>–  Não possui fragrâncias sintéticas e o seu <strong>aroma doce e leve</strong> deriva do <strong>extracto de baunilha</strong>.</p>
