{"id":4356,"date":"2021-09-28T18:50:05","date_gmt":"2021-09-28T18:50:05","guid":{"rendered":"https:\/\/lojaespacos.com\/?post_type=product&#038;p=4356"},"modified":"2025-09-03T14:11:00","modified_gmt":"2025-09-03T14:11:00","slug":"incenso-nirvana-sandalo-nirvana-9-varetas-meditacao-paz-sensualidade-gratidao","status":"publish","type":"product","link":"https:\/\/lojaespacos.com\/en\/loja\/incensos\/incenso-nirvana-sandalo-nirvana-9-varetas-meditacao-paz-sensualidade-gratidao\/","title":{"rendered":"Incenso Nirvana S\u00e2ndalo | Nirvana | 9 varetas | medita\u00e7\u00e3o | paz | sensualidade | gratid\u00e3o"},"content":{"rendered":"<p><strong>Incenso Nirvana de S\u00e2ndalo <\/strong>\u00e9 um\u00a0<strong>incenso produzido no Brasil,<\/strong> com resinas vegetais, ervas arom\u00e1ticas e ess\u00eancias concentradas, utilizado para promover a <strong>medita\u00e7\u00e3o e o sentido de gratid\u00e3o.<\/strong><\/p>\n<p>O S\u00e2ndalo \u00e9 o aroma da medita\u00e7\u00e3o, envolve o ambiente trazendo a sensa\u00e7\u00e3o de paz e relaxamento, promovendo tamb\u00e9m a sensualidade.<\/p>\n<p>Na \u00cdndia, a<strong>\u00a0\u00e1rvore de S\u00e2ndalo \u00e9 sagrada<\/strong>, pois \u201cperfuma o machado que a fere\u201d. A gratid\u00e3o fortalecida elimina ou impede sentimentos como o<strong>\u00a0rancor e a m\u00e1goa<\/strong>.<\/p>\n<p>&nbsp;<\/p>","protected":false},"excerpt":{"rendered":"<p>Incenso Nirvana de S\u00e2ndalo \u00e9 um\u00a0incenso produzido no Brasil, com resinas vegetais, ervas arom\u00e1ticas e ess\u00eancias concentradas, utilizado para promover a medita\u00e7\u00e3o e o sentido de gratid\u00e3o. O S\u00e2ndalo \u00e9 o aroma da medita\u00e7\u00e3o, envolve o ambiente trazendo a sensa\u00e7\u00e3o de paz e relaxamento, promovendo tamb\u00e9m a sensualidade. Na \u00cdndia, a\u00a0\u00e1rvore de S\u00e2ndalo \u00e9 sagrada, [&hellip;]<\/p>\n","protected":false},"featured_media":4429,"comment_status":"open","ping_status":"closed","template":"","meta":{"_seopress_titles_title":"","_seopress_titles_desc":"","_seopress_robots_index":"","_seopress_robots_follow":"","_seopress_robots_imageindex":"","_seopress_robots_snippet":"","_seopress_robots_primary_cat":"831","_seopress_robots_breadcrumbs":"","_seopress_robots_freeze_modified_date":"","_seopress_robots_custom_modified_date":"","_seopress_robots_canonical":"","_seopress_social_fb_title":"","_seopress_social_fb_desc":"","_seopress_social_fb_img":"","_seopress_social_fb_img_attachment_id":0,"_seopress_social_fb_img_width":0,"_seopress_social_fb_img_height":0,"_seopress_social_twitter_title":"","_seopress_social_twitter_desc":"","_seopress_social_twitter_img":"","_seopress_social_twitter_img_attachment_id":0,"_seopress_social_twitter_img_width":0,"_seopress_social_twitter_img_height":0,"_seopress_redirections_value":"","_seopress_redirections_enabled":"","_seopress_redirections_enabled_regex":"","_seopress_redirections_logged_status":"both","_seopress_redirections_param":"","_seopress_redirections_type":301,"_seopress_analysis_target_kw":""},"product_brand":[],"product_cat":[831,833,3126],"product_tag":[835,2201,837,2017],"hf_cat_product":[],"class_list":["post-4356","product","type-product","status-publish","has-post-thumbnail","product_cat-incensos","product_cat-nirvana","product_cat-varetas","product_tag-defumacao","product_tag-gratidao","product_tag-lar","product_tag-meditacao","pa_funcao-defumacao","pa_funcao-gratidao","pa_funcao-lar","pa_funcao-meditacao","first","instock","sale","shipping-taxable","purchasable","product-type-simple"],"_links":{"self":[{"href":"https:\/\/lojaespacos.com\/en\/wp-json\/wp\/v2\/product\/4356","targetHints":{"allow":["GET"]}}],"collection":[{"href":"https:\/\/lojaespacos.com\/en\/wp-json\/wp\/v2\/product"}],"about":[{"href":"https:\/\/lojaespacos.com\/en\/wp-json\/wp\/v2\/types\/product"}],"replies":[{"embeddable":true,"href":"https:\/\/lojaespacos.com\/en\/wp-json\/wp\/v2\/comments?post=4356"}],"wp:featuredmedia":[{"embeddable":true,"href":"https:\/\/lojaespacos.com\/en\/wp-json\/wp\/v2\/media\/4429"}],"wp:attachment":[{"href":"https:\/\/lojaespacos.com\/en\/wp-json\/wp\/v2\/media?parent=4356"}],"wp:term":[{"taxonomy":"product_brand","embeddable":true,"href":"https:\/\/lojaespacos.com\/en\/wp-json\/wp\/v2\/product_brand?post=4356"},{"taxonomy":"product_cat","embeddable":true,"href":"https:\/\/lojaespacos.com\/en\/wp-json\/wp\/v2\/product_cat?post=4356"},{"taxonomy":"product_tag","embeddable":true,"href":"https:\/\/lojaespacos.com\/en\/wp-json\/wp\/v2\/product_tag?post=4356"},{"taxonomy":"hf_cat_product","embeddable":true,"href":"https:\/\/lojaespacos.com\/en\/wp-json\/wp\/v2\/hf_cat_product?post=4356"}],"curies":[{"name":"wp","href":"https:\/\/api.w.org\/{rel}","templated":true}]}}

Incenso Nirvana Sândalo | Nirvana | 9 varetas | meditação | paz | sensualidade | gratidão

<p><strong>Incenso Nirvana de Sândalo </strong>é um <strong>incenso produzido no Brasil,</strong> com resinas vegetais, ervas aromáticas e essências concentradas, utilizado para promover a <strong>meditação e o sentido de gratidão.</strong></p>
<p>O Sândalo é o aroma da meditação, envolve o ambiente trazendo a sensação de paz e relaxamento, promovendo também a sensualidade.</p>
<p>Na Índia, a<strong> árvore de Sândalo é sagrada</strong>, pois “perfuma o machado que a fere”. A gratidão fortalecida elimina ou impede sentimentos como o<strong> rancor e a mágoa</strong>.</p>
<p>&nbsp;</p>

<p>Incenso Nirvana de Sândalo é um incenso produzido no Brasil, com resinas vegetais, ervas aromáticas e essências concentradas, utilizado para promover a meditação e o sentido de gratidão. O Sândalo é o aroma da meditação, envolve o ambiente trazendo a sensação de paz e relaxamento, promovendo também a sensualidade. Na Índia, a árvore de Sândalo é sagrada, [&hellip;]</p>
