{"id":4117,"date":"2021-09-28T18:47:47","date_gmt":"2021-09-28T18:47:47","guid":{"rendered":"https:\/\/lojaespacos.com\/?post_type=product&#038;p=4117"},"modified":"2025-04-16T15:08:48","modified_gmt":"2025-04-16T15:08:48","slug":"sabonete-artesanal-delicia-de-cafe-naturelis-110g-sabao-100-natural-esfoliante","status":"publish","type":"product","link":"https:\/\/lojaespacos.com\/en\/loja\/cosmetica-e-higiene\/corpo\/sabonete-artesanal-delicia-de-cafe-naturelis-110g-sabao-100-natural-esfoliante\/","title":{"rendered":"Sabonete Artesanal Del\u00edcia de Caf\u00e9 | Naturelis | 110g | Sab\u00e3o 100% Natural | esfoliante"},"content":{"rendered":"<p style=\"text-align: justify;\">O <strong>Sabonete Artesanal Del\u00edcia de Caf\u00e9 <\/strong>da <strong>Naturelis<\/strong> \u00e9 um <strong>sab\u00e3o artesanal 100% natural<\/strong>, produzido em <strong>Portugal<\/strong>, \u00e0 base de<strong> azeite, \u00f3leos de abacate, de c\u00f4co, de jojoba e de r\u00edcino, manteigas de cacau e de karit\u00e9 e cera de abelhas<\/strong>. Aromatizado com <strong>fragr\u00e2ncia de caf\u00e9<\/strong> e cont\u00e9m <strong>caf\u00e9 mo\u00ed\u00addo no interior<\/strong>.<\/p>\n<p style=\"text-align: justify;\">O sabonete ideal para a sujidade mais dif\u00edcil, e por isso especialmente adequado para a jardinagem, cozinha e mec\u00e2nica! Com caf\u00e9 mo\u00eddo no interior e caf\u00e9 l\u00edquido na sua composi\u00e7\u00e3o, <strong>remove a sujidade e os maus aromas das m\u00e3os<\/strong>.<\/p>\n<p style=\"text-align: justify;\">Os sabonetes da Naturelis <strong>limpam, hidratam e protegem<\/strong>, <strong>sem conservantes, nem aditivos artificiais<\/strong>.<\/p>\n<p style=\"text-align: justify;\">Cada sabonete vem numa embalagem tradicional, feita\u00a0\u00e0 m\u00e3o, em\u00a0tecido chita e decoradas com fita de cetim.<\/p>","protected":false},"excerpt":{"rendered":"<p><a href=\"https:\/\/lojaespacos.com\/en\/product-tag\/produto-portugues\/\"><img loading=\"lazy\" decoding=\"async\" class=\"alignnone wp-image-10501 size-full\" src=\"https:\/\/www.loja.espaco-s.com\/wp-content\/uploads\/2020\/06\/Nacional2.png\" alt=\"\" width=\"70\" height=\"70\" \/><\/a><\/p>","protected":false},"featured_media":4848,"comment_status":"open","ping_status":"closed","template":"","meta":{"_seopress_titles_title":"","_seopress_titles_desc":"","_seopress_robots_index":"","_seopress_robots_follow":"","_seopress_robots_imageindex":"","_seopress_robots_snippet":"","_seopress_robots_primary_cat":"none","_seopress_robots_breadcrumbs":"","_seopress_robots_freeze_modified_date":"","_seopress_robots_custom_modified_date":"","_seopress_robots_canonical":"","_seopress_social_fb_title":"","_seopress_social_fb_desc":"","_seopress_social_fb_img":"","_seopress_social_fb_img_attachment_id":0,"_seopress_social_fb_img_width":0,"_seopress_social_fb_img_height":0,"_seopress_social_twitter_title":"","_seopress_social_twitter_desc":"","_seopress_social_twitter_img":"","_seopress_social_twitter_img_attachment_id":0,"_seopress_social_twitter_img_width":0,"_seopress_social_twitter_img_height":0,"_seopress_redirections_value":"","_seopress_redirections_enabled":"","_seopress_redirections_enabled_regex":"","_seopress_redirections_logged_status":"both","_seopress_redirections_param":"","_seopress_redirections_type":301,"_seopress_analysis_target_kw":""},"product_brand":[],"product_cat":[1348,1065,2179],"product_tag":[1945,2180],"hf_cat_product":[],"class_list":["post-4117","product","type-product","status-publish","has-post-thumbnail","product_cat-corpo","product_cat-cosmetica-e-higiene","product_cat-naturelis","product_tag-esfoliante","product_tag-sabonete","pa_criterio-produto-portugues","pa_funcao-esfoliante","pa_funcao-sabonete","first","instock","sale","shipping-taxable","purchasable","product-type-simple"],"_links":{"self":[{"href":"https:\/\/lojaespacos.com\/en\/wp-json\/wp\/v2\/product\/4117","targetHints":{"allow":["GET"]}}],"collection":[{"href":"https:\/\/lojaespacos.com\/en\/wp-json\/wp\/v2\/product"}],"about":[{"href":"https:\/\/lojaespacos.com\/en\/wp-json\/wp\/v2\/types\/product"}],"replies":[{"embeddable":true,"href":"https:\/\/lojaespacos.com\/en\/wp-json\/wp\/v2\/comments?post=4117"}],"wp:attachment":[{"href":"https:\/\/lojaespacos.com\/en\/wp-json\/wp\/v2\/media?parent=4117"}],"wp:term":[{"taxonomy":"product_brand","embeddable":true,"href":"https:\/\/lojaespacos.com\/en\/wp-json\/wp\/v2\/product_brand?post=4117"},{"taxonomy":"product_cat","embeddable":true,"href":"https:\/\/lojaespacos.com\/en\/wp-json\/wp\/v2\/product_cat?post=4117"},{"taxonomy":"product_tag","embeddable":true,"href":"https:\/\/lojaespacos.com\/en\/wp-json\/wp\/v2\/product_tag?post=4117"},{"taxonomy":"hf_cat_product","embeddable":true,"href":"https:\/\/lojaespacos.com\/en\/wp-json\/wp\/v2\/hf_cat_product?post=4117"}],"curies":[{"name":"wp","href":"https:\/\/api.w.org\/{rel}","templated":true}]}}

Sabonete Artesanal Delícia de Café | Naturelis | 110g | Sabão 100% Natural | esfoliante

<p style="text-align: justify;">O <strong>Sabonete Artesanal Delícia de Café </strong>da <strong>Naturelis</strong> é um <strong>sabão artesanal 100% natural</strong>, produzido em <strong>Portugal</strong>, à base de<strong> azeite, óleos de abacate, de côco, de jojoba e de rícino, manteigas de cacau e de karité e cera de abelhas</strong>. Aromatizado com <strong>fragrância de café</strong> e contém <strong>café moí­do no interior</strong>.</p>
<p style="text-align: justify;">O sabonete ideal para a sujidade mais difícil, e por isso especialmente adequado para a jardinagem, cozinha e mecânica! Com café moído no interior e café líquido na sua composição, <strong>remove a sujidade e os maus aromas das mãos</strong>.</p>
<p style="text-align: justify;">Os sabonetes da Naturelis <strong>limpam, hidratam e protegem</strong>, <strong>sem conservantes, nem aditivos artificiais</strong>.</p>
<p style="text-align: justify;">Cada sabonete vem numa embalagem tradicional, feita à mão, em tecido chita e decoradas com fita de cetim.</p>
