{"id":4079,"date":"2021-09-28T18:47:25","date_gmt":"2021-09-28T18:47:25","guid":{"rendered":"https:\/\/lojaespacos.com\/?post_type=product&#038;p=4079"},"modified":"2026-03-17T15:26:53","modified_gmt":"2026-03-17T15:26:53","slug":"hortela-pimenta-cha-aat-50g-mentha-piperita","status":"publish","type":"product","link":"https:\/\/lojaespacos.com\/en\/loja\/marcas\/antiga-ervanaria-alfredo-augusto-tavares\/hortela-pimenta-cha-aat-50g-mentha-piperita\/","title":{"rendered":"Hortel\u00e3-Pimenta (ch\u00e1) | AAT | 50g | Mentha piperita"},"content":{"rendered":"<p style=\"text-align: justify;\">A<strong> Hortel\u00e3-pimenta <\/strong>(<em>Mentha piperita <\/em>L.) \u00e9 uma planta conhecida pelas suas <strong>propriedades digestivas<\/strong>, sendo muito utilizada para<strong> problemas de est\u00f4mago<\/strong>\u00a0 m\u00e1 digest\u00e3o, v\u00f3mitos e gastrite) e <strong>enjoos na gravidez<\/strong>.<\/p>\n<p style=\"text-align: justify;\">Tamb\u00e9m \u00e9 utilizada para dores de cabe\u00e7a e dores e inflama\u00e7\u00e3o nos m\u00fasculos. N\u00e3o deve ser usada para emagrecer.<\/p>\n<p style=\"text-align: justify;\"><strong>Este \u00e9 uma das poucas plantas para fazer infus\u00f5es que \u00e9 segura durante a gravidez.<\/strong><\/p>","protected":false},"excerpt":{"rendered":"<p>A Hortel\u00e3-pimenta (Mentha piperita L.) \u00e9 uma planta conhecida pelas suas propriedades digestivas, sendo muito utilizada para problemas de est\u00f4mago\u00a0 m\u00e1 digest\u00e3o, v\u00f3mitos e gastrite) e enjoos na gravidez. Tamb\u00e9m \u00e9 utilizada para dores de cabe\u00e7a e dores e inflama\u00e7\u00e3o nos m\u00fasculos. N\u00e3o deve ser usada para emagrecer. Este \u00e9 uma das poucas plantas para [&hellip;]<\/p>\n","protected":false},"featured_media":4179,"comment_status":"open","ping_status":"closed","template":"","meta":{"_seopress_titles_title":"","_seopress_titles_desc":"","_seopress_robots_index":"","_seopress_robots_follow":"","_seopress_robots_imageindex":"","_seopress_robots_snippet":"","_seopress_robots_primary_cat":"none","_seopress_robots_breadcrumbs":"","_seopress_robots_freeze_modified_date":"","_seopress_robots_custom_modified_date":"","_seopress_robots_canonical":"","_seopress_social_fb_title":"","_seopress_social_fb_desc":"","_seopress_social_fb_img":"","_seopress_social_fb_img_attachment_id":0,"_seopress_social_fb_img_width":0,"_seopress_social_fb_img_height":0,"_seopress_social_twitter_title":"","_seopress_social_twitter_desc":"","_seopress_social_twitter_img":"","_seopress_social_twitter_img_attachment_id":0,"_seopress_social_twitter_img_width":0,"_seopress_social_twitter_img_height":0,"_seopress_redirections_value":"","_seopress_redirections_enabled":"","_seopress_redirections_enabled_regex":"","_seopress_redirections_logged_status":"both","_seopress_redirections_param":"","_seopress_redirections_type":301,"_seopress_analysis_target_kw":""},"product_brand":[],"product_cat":[878,882,881,818,954],"product_tag":[943,2196,1275,1570],"hf_cat_product":[],"class_list":["post-4079","product","type-product","status-publish","has-post-thumbnail","product_cat-antiga-ervanaria-alfredo-augusto-tavares","product_cat-chas","product_cat-chas-e-alimentacao","product_cat-saude-e-bem-estar","product_cat-sistema-digestivo","product_tag-digestao","product_tag-enjoos","product_tag-estomago","product_tag-gravidez","pa_funcao-digestao","pa_funcao-enjoos","pa_funcao-estomago","pa_funcao-gravidez","first","onbackorder","shipping-taxable","purchasable","product-type-simple"],"_links":{"self":[{"href":"https:\/\/lojaespacos.com\/en\/wp-json\/wp\/v2\/product\/4079","targetHints":{"allow":["GET"]}}],"collection":[{"href":"https:\/\/lojaespacos.com\/en\/wp-json\/wp\/v2\/product"}],"about":[{"href":"https:\/\/lojaespacos.com\/en\/wp-json\/wp\/v2\/types\/product"}],"replies":[{"embeddable":true,"href":"https:\/\/lojaespacos.com\/en\/wp-json\/wp\/v2\/comments?post=4079"}],"wp:featuredmedia":[{"embeddable":true,"href":"https:\/\/lojaespacos.com\/en\/wp-json\/wp\/v2\/media\/4179"}],"wp:attachment":[{"href":"https:\/\/lojaespacos.com\/en\/wp-json\/wp\/v2\/media?parent=4079"}],"wp:term":[{"taxonomy":"product_brand","embeddable":true,"href":"https:\/\/lojaespacos.com\/en\/wp-json\/wp\/v2\/product_brand?post=4079"},{"taxonomy":"product_cat","embeddable":true,"href":"https:\/\/lojaespacos.com\/en\/wp-json\/wp\/v2\/product_cat?post=4079"},{"taxonomy":"product_tag","embeddable":true,"href":"https:\/\/lojaespacos.com\/en\/wp-json\/wp\/v2\/product_tag?post=4079"},{"taxonomy":"hf_cat_product","embeddable":true,"href":"https:\/\/lojaespacos.com\/en\/wp-json\/wp\/v2\/hf_cat_product?post=4079"}],"curies":[{"name":"wp","href":"https:\/\/api.w.org\/{rel}","templated":true}]}}

Hortelã-Pimenta (chá) | AAT | 50g | Mentha piperita

<p style="text-align: justify;">A<strong> Hortelã-pimenta </strong>(<em>Mentha piperita </em>L.) é uma planta conhecida pelas suas <strong>propriedades digestivas</strong>, sendo muito utilizada para<strong> problemas de estômago</strong>  má digestão, vómitos e gastrite) e <strong>enjoos na gravidez</strong>.</p>
<p style="text-align: justify;">Também é utilizada para dores de cabeça e dores e inflamação nos músculos. Não deve ser usada para emagrecer.</p>
<p style="text-align: justify;"><strong>Este é uma das poucas plantas para fazer infusões que é segura durante a gravidez.</strong></p>

<p>A Hortelã-pimenta (Mentha piperita L.) é uma planta conhecida pelas suas propriedades digestivas, sendo muito utilizada para problemas de estômago  má digestão, vómitos e gastrite) e enjoos na gravidez. Também é utilizada para dores de cabeça e dores e inflamação nos músculos. Não deve ser usada para emagrecer. Este é uma das poucas plantas para [&hellip;]</p>
