{"id":4009,"date":"2021-09-28T18:46:40","date_gmt":"2021-09-28T18:46:40","guid":{"rendered":"https:\/\/lojaespacos.com\/?post_type=product&#038;p=4009"},"modified":"2026-01-31T07:30:51","modified_gmt":"2026-01-31T07:30:51","slug":"champo-solido-cabelos-com-coloracao-espuma-facil-mind-the-trash-80g-manga-e-argao","status":"publish","type":"product","link":"https:\/\/lojaespacos.com\/en\/loja\/cosmetica-e-higiene\/cabelo\/champo-solido-cabelos-com-coloracao-espuma-facil-mind-the-trash-80g-manga-e-argao\/","title":{"rendered":"Champ\u00f4 s\u00f3lido - Cabelos com colora\u00e7\u00e3o (espuma f\u00e1cil) | Mind The Trash | 80g | manga e arg\u00e3o"},"content":{"rendered":"<p style=\"text-align: justify;\">O <strong>Champ\u00f4 s\u00f3lido natural<\/strong> para <strong>cabelos com colora\u00e7\u00e3o<\/strong> (<strong>espuma f\u00e1cil<\/strong>) da <strong>Mind The Trash<\/strong> foi formulado de forma a respeitar o pH do cabelo, <strong>hidratando-o e nutrindo-o<\/strong>, com ingredientes naturais, de origem vegetal e org\u00e2nicos.<\/p>\n<p style=\"text-align: justify;\">\u00c9 indicado para <strong>cabelos com colora\u00e7\u00e3o<\/strong>, <strong>muito finos e delicados ou com alisamento,<\/strong> pois<strong> n\u00e3o tem sal (sulfatos)<\/strong>. <strong>Protege os fios<\/strong> e ajuda a <strong>preservar a cor<\/strong>, para um<strong> cabelo brilhante e suave<\/strong>.<\/p>\n<p style=\"text-align: justify;\">Os <strong>champ\u00f4s s\u00f3lidos<\/strong> s\u00e3o <strong>mais econ\u00f3micos<\/strong>, pois duram mais tempo que um champ\u00f4 em creme. \u00c9 <strong>ecol\u00f3gico<\/strong>, pois dispensa embalagem de pl\u00e1stico, evitando a produ\u00e7\u00e3o de milhares de res\u00edduos t\u00f3xicos. \u00c9 <strong>mais natural<\/strong>, pois \u00e9 formulado com agentes tensioativos suaves feitos \u00e0 base de<strong> coco<\/strong> e com <strong>mat\u00e9ria prima vegetal<\/strong>. A sua <strong>forma arredondada<\/strong> permite um \u00f3ptimo manuseamento, ajustando-se na perfei\u00e7\u00e3o \u00e0 palma da m\u00e3o.<\/p>\n<p style=\"text-align: justify;\">Os champ\u00f4s da s\u00e9rie <strong>Espuma F\u00e1cil<\/strong> cont\u00eam SCS (Sodium Coco Sulfate), um tensioativo ani\u00f3nico (espumante, detergente, umectante, sol\u00favel em \u00e1gua e biodegrad\u00e1vel), de origem vegetal permitido em cosm\u00e9tica natural pela ECO-CERT e Sodium Cocoyl Isethionate, tensioativo ani\u00f3nico (espumante, detergente, umectante, sol\u00favel em \u00e1gua e biodegrad\u00e1vel) de origem vegetal.<\/p>\n<p style=\"text-align: justify;\"><strong>N\u00e3o tem conservantes, <\/strong><span style=\"font-size: 1rem;\"><strong>parabenos ou corantes artificiais<\/strong>. \u00c9 um produto produzido<strong> artesanalmente<\/strong> em <strong>Portugal<\/strong>,\u00a0<strong>100% <\/strong><\/span><span style=\"font-size: 1rem;\"><strong>vegano<\/strong> e n\u00e3o foi testado em animais. A embalagem \u00e9 toda ela <strong>livre de pl\u00e1stico<\/strong>, sendo feita de cart\u00e3o 100% reciclado e podendo ser compost\u00e1vel ou recicl\u00e1vel.<\/span><\/p>\n<p style=\"text-align: justify;\">Por ser um <strong>produto artesanal<\/strong>, poder\u00e1 haver ligeiras varia\u00e7\u00f5es de cor no champ\u00f4.<\/p>\n<p style=\"text-align: justify;\"><strong>N\u00famero de utiliza\u00e7\u00f5es:<\/strong> aproximadamente 40 a 60 lavagens.<\/p>","protected":false},"excerpt":{"rendered":"<p><a href=\"https:\/\/lojaespacos.com\/en\/product-tag\/produto-portugues\/\"><img loading=\"lazy\" decoding=\"async\" class=\"alignnone wp-image-10501 size-full\" src=\"https:\/\/www.loja.espaco-s.com\/wp-content\/uploads\/2020\/06\/Nacional2.png\" alt=\"\" width=\"70\" height=\"70\" \/><\/a> <a href=\"https:\/\/lojaespacos.com\/en\/product-category\/produtos-veganos\/\"><img loading=\"lazy\" decoding=\"async\" class=\"alignnone wp-image-10502 size-full\" src=\"https:\/\/www.loja.espaco-s.com\/wp-content\/uploads\/2020\/06\/vegan2.png\" alt=\"\" width=\"70\" height=\"70\" \/><\/a><\/p>","protected":false},"featured_media":18509,"comment_status":"open","ping_status":"closed","template":"","meta":{"_seopress_titles_title":"","_seopress_titles_desc":"","_seopress_robots_index":"","_seopress_robots_follow":"","_seopress_robots_imageindex":"","_seopress_robots_snippet":"","_seopress_robots_primary_cat":"none","_seopress_robots_breadcrumbs":"","_seopress_robots_freeze_modified_date":"","_seopress_robots_custom_modified_date":"","_seopress_robots_canonical":"","_seopress_social_fb_title":"","_seopress_social_fb_desc":"","_seopress_social_fb_img":"","_seopress_social_fb_img_attachment_id":0,"_seopress_social_fb_img_width":0,"_seopress_social_fb_img_height":0,"_seopress_social_twitter_title":"","_seopress_social_twitter_desc":"","_seopress_social_twitter_img":"","_seopress_social_twitter_img_attachment_id":0,"_seopress_social_twitter_img_width":0,"_seopress_social_twitter_img_height":0,"_seopress_redirections_value":"","_seopress_redirections_enabled":"","_seopress_redirections_enabled_regex":"","_seopress_redirections_logged_status":"both","_seopress_redirections_param":"","_seopress_redirections_type":301,"_seopress_analysis_target_kw":""},"product_brand":[],"product_cat":[1714,895,1065,1718,2187,1146],"product_tag":[1049,2191,1717,861],"hf_cat_product":[],"class_list":["post-4009","product","type-product","status-publish","has-post-thumbnail","product_cat-cabelo","product_cat-cabelo-pele-unhas","product_cat-cosmetica-e-higiene","product_cat-higiene","product_cat-mind-the-trash","product_cat-produtos-veganos","product_tag-cabelo","product_tag-cabelos-pintados","product_tag-champo","product_tag-produto-portugues","pa_criterio-produto-portugues","pa_criterio-vegan","pa_funcao-cabelo","pa_funcao-cabelos-pintados","pa_funcao-champo","first","instock","sale","shipping-taxable","purchasable","product-type-simple"],"_links":{"self":[{"href":"https:\/\/lojaespacos.com\/en\/wp-json\/wp\/v2\/product\/4009","targetHints":{"allow":["GET"]}}],"collection":[{"href":"https:\/\/lojaespacos.com\/en\/wp-json\/wp\/v2\/product"}],"about":[{"href":"https:\/\/lojaespacos.com\/en\/wp-json\/wp\/v2\/types\/product"}],"replies":[{"embeddable":true,"href":"https:\/\/lojaespacos.com\/en\/wp-json\/wp\/v2\/comments?post=4009"}],"wp:featuredmedia":[{"embeddable":true,"href":"https:\/\/lojaespacos.com\/en\/wp-json\/wp\/v2\/media\/18509"}],"wp:attachment":[{"href":"https:\/\/lojaespacos.com\/en\/wp-json\/wp\/v2\/media?parent=4009"}],"wp:term":[{"taxonomy":"product_brand","embeddable":true,"href":"https:\/\/lojaespacos.com\/en\/wp-json\/wp\/v2\/product_brand?post=4009"},{"taxonomy":"product_cat","embeddable":true,"href":"https:\/\/lojaespacos.com\/en\/wp-json\/wp\/v2\/product_cat?post=4009"},{"taxonomy":"product_tag","embeddable":true,"href":"https:\/\/lojaespacos.com\/en\/wp-json\/wp\/v2\/product_tag?post=4009"},{"taxonomy":"hf_cat_product","embeddable":true,"href":"https:\/\/lojaespacos.com\/en\/wp-json\/wp\/v2\/hf_cat_product?post=4009"}],"curies":[{"name":"wp","href":"https:\/\/api.w.org\/{rel}","templated":true}]}}

Champô sólido - Cabelos com coloração (espuma fácil) | Mind The Trash | 80g | manga e argão

<p style="text-align: justify;">O <strong>Champô sólido natural</strong> para <strong>cabelos com coloração</strong> (<strong>espuma fácil</strong>) da <strong>Mind The Trash</strong> foi formulado de forma a respeitar o pH do cabelo, <strong>hidratando-o e nutrindo-o</strong>, com ingredientes naturais, de origem vegetal e orgânicos.</p>
<p style="text-align: justify;">É indicado para <strong>cabelos com coloração</strong>, <strong>muito finos e delicados ou com alisamento,</strong> pois<strong> não tem sal (sulfatos)</strong>. <strong>Protege os fios</strong> e ajuda a <strong>preservar a cor</strong>, para um<strong> cabelo brilhante e suave</strong>.</p>
<p style="text-align: justify;">Os <strong>champôs sólidos</strong> são <strong>mais económicos</strong>, pois duram mais tempo que um champô em creme. É <strong>ecológico</strong>, pois dispensa embalagem de plástico, evitando a produção de milhares de resíduos tóxicos. É <strong>mais natural</strong>, pois é formulado com agentes tensioativos suaves feitos à base de<strong> coco</strong> e com <strong>matéria prima vegetal</strong>. A sua <strong>forma arredondada</strong> permite um óptimo manuseamento, ajustando-se na perfeição à palma da mão.</p>
<p style="text-align: justify;">Os champôs da série <strong>Espuma Fácil</strong> contêm SCS (Sodium Coco Sulfate), um tensioativo aniónico (espumante, detergente, umectante, solúvel em água e biodegradável), de origem vegetal permitido em cosmética natural pela ECO-CERT e Sodium Cocoyl Isethionate, tensioativo aniónico (espumante, detergente, umectante, solúvel em água e biodegradável) de origem vegetal.</p>
<p style="text-align: justify;"><strong>Não tem conservantes, </strong><span style="font-size: 1rem;"><strong>parabenos ou corantes artificiais</strong>. É um produto produzido<strong> artesanalmente</strong> em <strong>Portugal</strong>, <strong>100% </strong></span><span style="font-size: 1rem;"><strong>vegano</strong> e não foi testado em animais. A embalagem é toda ela <strong>livre de plástico</strong>, sendo feita de cartão 100% reciclado e podendo ser compostável ou reciclável.</span></p>
<p style="text-align: justify;">Por ser um <strong>produto artesanal</strong>, poderá haver ligeiras variações de cor no champô.</p>
<p style="text-align: justify;"><strong>Número de utilizações:</strong> aproximadamente 40 a 60 lavagens.</p>
