{"id":3966,"date":"2021-09-28T18:46:17","date_gmt":"2021-09-28T18:46:17","guid":{"rendered":"https:\/\/lojaespacos.com\/?post_type=product&#038;p=3966"},"modified":"2025-03-28T15:32:45","modified_gmt":"2025-03-28T15:32:45","slug":"floral-lirio-real-florais-de-saint-germain-10ml","status":"publish","type":"product","link":"https:\/\/lojaespacos.com\/en\/loja\/florais\/florais-de-saint-germain\/floral-lirio-real-florais-de-saint-germain-10ml\/","title":{"rendered":"Floral L\u00edrio Real | Florais de Saint Germain | 10mL"},"content":{"rendered":"<h2 style=\"text-align: center;\"><strong>Floral L\u00edrio Real - Conex\u00e3o com a Liberdade Interior<\/strong><\/h2>\n<p style=\"text-align: justify;\">Os\u00a0<a href=\"https:\/\/lojaespacos.com\/en\/product-category\/florais-de-saint-germain\/\" target=\"_blank\" rel=\"noopener noreferrer\"><strong>Florais de Saint Germain<\/strong><\/a>, criados por Neide Margonari, pretendem\u00a0<strong>restabelecer e transmutar\u00a0padr\u00f5es doentios<\/strong>, provocados por viv\u00eancias traum\u00e1ticas, principalmente quando a causa do dist\u00farbio \u00e9 emocional.<\/p>\n<p style=\"text-align: justify;\"><strong>Floral L\u00edrio Real<\/strong> | Traz a consci\u00eancia de ser livre em qualquer situa\u00e7\u00e3o, circunst\u00e2ncia e lugar. Indicado para quem se sente numa pris\u00e3o. Conecta com a energia da liberdade, a liberdade da alma.<\/p>","protected":false},"excerpt":{"rendered":"<p style=\"text-align: justify;\">Traz a consci\u00eancia de ser<strong> livre<\/strong> em qualquer situa\u00e7\u00e3o, circunst\u00e2ncia e lugar. Indicado para quem se sente numa pris\u00e3o. Conecta com a<strong> energia da liberdade<\/strong>, a liberdade da alma.<\/p>","protected":false},"featured_media":4022,"comment_status":"open","ping_status":"closed","template":"","meta":{"_seopress_titles_title":"%%sitetitle%% | %%post_title%% - Conex\u00e3o com a Liberdade Interior","_seopress_titles_desc":"O Floral L\u00edrio Real desperta a consci\u00eancia da liberdade em qualquer situa\u00e7\u00e3o. Indicado para quem se sente preso emocionalmente ou espiritualmente.","_seopress_robots_index":"","_seopress_robots_follow":"","_seopress_robots_imageindex":"","_seopress_robots_snippet":"","_seopress_robots_primary_cat":"none","_seopress_robots_breadcrumbs":"","_seopress_robots_freeze_modified_date":"","_seopress_robots_custom_modified_date":"","_seopress_robots_canonical":"","_seopress_social_fb_title":"","_seopress_social_fb_desc":"","_seopress_social_fb_img":"","_seopress_social_fb_img_attachment_id":0,"_seopress_social_fb_img_width":0,"_seopress_social_fb_img_height":0,"_seopress_social_twitter_title":"","_seopress_social_twitter_desc":"","_seopress_social_twitter_img":"","_seopress_social_twitter_img_attachment_id":0,"_seopress_social_twitter_img_width":0,"_seopress_social_twitter_img_height":0,"_seopress_redirections_value":"","_seopress_redirections_enabled":"","_seopress_redirections_enabled_regex":"","_seopress_redirections_logged_status":"both","_seopress_redirections_param":"","_seopress_redirections_type":301,"_seopress_analysis_target_kw":"floral l\u00edrio real,liberdade interior,conex\u00e3o espiritual,liberta\u00e7\u00e3o emocional,floral para liberdade emocional e espiritual,floral para quem se sente preso,floral para conex\u00e3o com a alma,floral para despertar a liberdade interior"},"product_brand":[],"product_cat":[1054,1151],"product_tag":[],"hf_cat_product":[],"class_list":["post-3966","product","type-product","status-publish","has-post-thumbnail","product_cat-florais","product_cat-florais-de-saint-germain","first","instock","sale","shipping-taxable","purchasable","product-type-simple"],"_links":{"self":[{"href":"https:\/\/lojaespacos.com\/en\/wp-json\/wp\/v2\/product\/3966","targetHints":{"allow":["GET"]}}],"collection":[{"href":"https:\/\/lojaespacos.com\/en\/wp-json\/wp\/v2\/product"}],"about":[{"href":"https:\/\/lojaespacos.com\/en\/wp-json\/wp\/v2\/types\/product"}],"replies":[{"embeddable":true,"href":"https:\/\/lojaespacos.com\/en\/wp-json\/wp\/v2\/comments?post=3966"}],"wp:featuredmedia":[{"embeddable":true,"href":"https:\/\/lojaespacos.com\/en\/wp-json\/wp\/v2\/media\/4022"}],"wp:attachment":[{"href":"https:\/\/lojaespacos.com\/en\/wp-json\/wp\/v2\/media?parent=3966"}],"wp:term":[{"taxonomy":"product_brand","embeddable":true,"href":"https:\/\/lojaespacos.com\/en\/wp-json\/wp\/v2\/product_brand?post=3966"},{"taxonomy":"product_cat","embeddable":true,"href":"https:\/\/lojaespacos.com\/en\/wp-json\/wp\/v2\/product_cat?post=3966"},{"taxonomy":"product_tag","embeddable":true,"href":"https:\/\/lojaespacos.com\/en\/wp-json\/wp\/v2\/product_tag?post=3966"},{"taxonomy":"hf_cat_product","embeddable":true,"href":"https:\/\/lojaespacos.com\/en\/wp-json\/wp\/v2\/hf_cat_product?post=3966"}],"curies":[{"name":"wp","href":"https:\/\/api.w.org\/{rel}","templated":true}]}}

Floral Lírio Real | Florais de Saint Germain | 10mL

<h2 style="text-align: center;"><strong>Floral Lírio Real - Conexão com a Liberdade Interior</strong></h2>
<p style="text-align: justify;">Os <a href="https://lojaespacos.com/en/product-category/florais-de-saint-germain/" target="_blank" rel="noopener noreferrer"><strong>Florais de Saint Germain</strong></a>, criados por Neide Margonari, pretendem <strong>restabelecer e transmutar padrões doentios</strong>, provocados por vivências traumáticas, principalmente quando a causa do distúrbio é emocional.</p>
<p style="text-align: justify;"><strong>Floral Lírio Real</strong> | Traz a consciência de ser livre em qualquer situação, circunstância e lugar. Indicado para quem se sente numa prisão. Conecta com a energia da liberdade, a liberdade da alma.</p>

<p style="text-align: justify;">Traz a consciência de ser<strong> livre</strong> em qualquer situação, circunstância e lugar. Indicado para quem se sente numa prisão. Conecta com a<strong> energia da liberdade</strong>, a liberdade da alma.</p>

%%sitetitle%% | %%post_title%% - Conexão com a Liberdade Interior

O Floral Lírio Real desperta a consciência da liberdade em qualquer situação. Indicado para quem se sente preso emocionalmente ou espiritualmente.

floral lírio real,liberdade interior,conexão espiritual,libertação emocional,floral para liberdade emocional e espiritual,floral para quem se sente preso,floral para conexão com a alma,floral para despertar a liberdade interior
