{"id":3418,"date":"2021-09-28T10:01:11","date_gmt":"2021-09-28T10:01:11","guid":{"rendered":"https:\/\/lojaespacos.com\/?post_type=product&#038;p=3418"},"modified":"2025-11-14T16:25:48","modified_gmt":"2025-11-14T16:25:48","slug":"magnesio-di-malato-bio-hera-60-capsulas-fadiga-muscular-fibromialgia-cansaco","status":"publish","type":"product","link":"https:\/\/lojaespacos.com\/en\/loja\/marcas\/bio-hera\/magnesio-di-malato-bio-hera-60-capsulas-fadiga-muscular-fibromialgia-cansaco\/","title":{"rendered":"Magn\u00e9sio Di Malato | Bio-Hera | 60 c\u00e1psulas | fadiga muscular | fibromialgia | cansa\u00e7o"},"content":{"rendered":"<p style=\"text-align: justify;\"><strong>Magn\u00e9sio Di Malato<\/strong> da Bio-Hera \u00e9 um suplemento especialmente indicado para a <strong>redu\u00e7\u00e3o de cansa\u00e7o e fadiga<\/strong>, para ajudar em quadros de <strong>fibromialgia<\/strong> (actua na dor muscular, sensibilidade conjunta e baixos n\u00edveis de energia) e para melhoria da <strong>condi\u00e7\u00e3o muscular<\/strong>, mas tamb\u00e9m para reduzir sintomas de ansiedade, dor e ins\u00f3nia.<\/p>\n<p style=\"text-align: justify;\">O <strong>Magn\u00e9sio<\/strong> \u00e9 essencial para produzirmos energia (s\u00edntese de ATP), para termos relaxamento muscular e dos vasos sangu\u00edneos, para ajustarmos os n\u00edveis sangu\u00edneos de colesterol, al\u00e9m de ser importante em mais de 300 reac\u00e7\u00f5es qu\u00edmicas do nosso corpo. Este mineral \u00e9 essencial a uma s\u00e9rie de fun\u00e7\u00f5es relacionadas com o metabolismo produtor de energia, ao processo de divis\u00e3o celular, \u00e0 s\u00edntese normal de prote\u00ednas e ao equil\u00edbrio dos electr\u00f3litos. Daqui deriva a import\u00e2ncia do seu papel na redu\u00e7\u00e3o do cansa\u00e7o e da fadiga, na manuten\u00e7\u00e3o de ossos e dentes normais, bem como no normal funcionamento do sistema nervoso e do sistema muscular.<\/p>\n<p style=\"text-align: justify;\">Dados de v\u00e1rios estudos cient\u00edficos atribuem ao magn\u00e9sio um papel ben\u00e9fico para resolu\u00e7\u00e3o de perturba\u00e7\u00f5es do sono, enxaquecas, tens\u00e3o pr\u00e9-menstrual, autismo, s\u00edndrome de fadiga cr\u00f3nica, melhoria do desempenho desportivo, redu\u00e7\u00e3o de c\u00e3ibras e espasmos.<\/p>\n<p style=\"text-align: justify;\">O <strong>Magn\u00e9sio Di Malato\u00a0<\/strong>ou tamb\u00e9m designado por <strong>Malato de Magn\u00e9sio<\/strong>, une dois ingredientes imprescind\u00edveis para uma vida saud\u00e1vel: o <strong>\u00e1cido m\u00e1lico<\/strong> e o <strong>magn\u00e9sio<\/strong>. O \u00e1cido m\u00e1lico \u00e9 conhecido pela sua capacidade de aumentar a <strong>energia e toler\u00e2ncia ao exerc\u00edcio<\/strong>, al\u00e9m de v\u00e1rios outros benef\u00edcios relacionados \u00e0 sa\u00fade. O \u00e1cido m\u00e1lico desempenha um papel fundamental na melhoria do desempenho muscular global, combatendo a fadiga muscular ap\u00f3s o exerc\u00edcio, reduzindo o cansa\u00e7o e restabelecendo os n\u00edveis de energia, bem como melhorando a clareza mental.<\/p>","protected":false},"excerpt":{"rendered":"<p><a href=\"https:\/\/lojaespacos.com\/en\/product-tag\/produto-portugues\/\"><img loading=\"lazy\" decoding=\"async\" class=\"alignnone wp-image-10501 size-full\" src=\"https:\/\/www.loja.espaco-s.com\/wp-content\/uploads\/2020\/06\/Nacional2.png\" alt=\"\" width=\"70\" height=\"70\" \/><\/a><\/p>","protected":false},"featured_media":3461,"comment_status":"open","ping_status":"closed","template":"","meta":{"_seopress_titles_title":"%%sitetitle%% | %%post_title%%","_seopress_titles_desc":"%%post_content%%","_seopress_robots_index":"","_seopress_robots_follow":"","_seopress_robots_imageindex":"","_seopress_robots_snippet":"","_seopress_robots_primary_cat":"none","_seopress_robots_breadcrumbs":"","_seopress_robots_freeze_modified_date":"","_seopress_robots_custom_modified_date":"","_seopress_robots_canonical":"","_seopress_social_fb_title":"","_seopress_social_fb_desc":"","_seopress_social_fb_img":"","_seopress_social_fb_img_attachment_id":0,"_seopress_social_fb_img_width":0,"_seopress_social_fb_img_height":0,"_seopress_social_twitter_title":"","_seopress_social_twitter_desc":"","_seopress_social_twitter_img":"","_seopress_social_twitter_img_attachment_id":0,"_seopress_social_twitter_img_width":0,"_seopress_social_twitter_img_height":0,"_seopress_redirections_value":"","_seopress_redirections_enabled":"","_seopress_redirections_enabled_regex":"","_seopress_redirections_logged_status":"both","_seopress_redirections_param":"","_seopress_redirections_type":301,"_seopress_analysis_target_kw":"rem\u00e9dio,suplemento,rem\u00e9dio natural,suplemento natural,suplemento vitam\u00ednico,fadiga muscular,fibromialgia,dor muscular,dor,cansa\u00e7o,ansiedade,ins\u00f3nia,toler\u00e2ncia ao exerc\u00edcio,rem\u00e9dio para os m\u00fasculos,rem\u00e9dio natural para a fibromialgia,rem\u00e9dio para dor muscular,rem\u00e9dio para a fadiga"},"product_brand":[],"product_cat":[851,854,818,906,1131],"product_tag":[908,1064,858,910,1202,931,861],"hf_cat_product":[],"class_list":["post-3418","product","type-product","status-publish","has-post-thumbnail","product_cat-bio-hera","product_cat-musculos-tendoes","product_cat-saude-e-bem-estar","product_cat-sistema-nervoso","product_cat-tonicos-vitaminas-minerais","product_tag-ansiedade","product_tag-dor","product_tag-exercicio-fisico","product_tag-fadiga","product_tag-fibromialgia","product_tag-insonias","product_tag-produto-portugues","pa_criterio-produto-portugues","pa_funcao-ansiedade","pa_funcao-dor","pa_funcao-exercicio-fisico","pa_funcao-fadiga","pa_funcao-fibromialgia","pa_funcao-insonias","first","instock","sale","shipping-taxable","purchasable","product-type-simple"],"_links":{"self":[{"href":"https:\/\/lojaespacos.com\/en\/wp-json\/wp\/v2\/product\/3418","targetHints":{"allow":["GET"]}}],"collection":[{"href":"https:\/\/lojaespacos.com\/en\/wp-json\/wp\/v2\/product"}],"about":[{"href":"https:\/\/lojaespacos.com\/en\/wp-json\/wp\/v2\/types\/product"}],"replies":[{"embeddable":true,"href":"https:\/\/lojaespacos.com\/en\/wp-json\/wp\/v2\/comments?post=3418"}],"wp:featuredmedia":[{"embeddable":true,"href":"https:\/\/lojaespacos.com\/en\/wp-json\/wp\/v2\/media\/3461"}],"wp:attachment":[{"href":"https:\/\/lojaespacos.com\/en\/wp-json\/wp\/v2\/media?parent=3418"}],"wp:term":[{"taxonomy":"product_brand","embeddable":true,"href":"https:\/\/lojaespacos.com\/en\/wp-json\/wp\/v2\/product_brand?post=3418"},{"taxonomy":"product_cat","embeddable":true,"href":"https:\/\/lojaespacos.com\/en\/wp-json\/wp\/v2\/product_cat?post=3418"},{"taxonomy":"product_tag","embeddable":true,"href":"https:\/\/lojaespacos.com\/en\/wp-json\/wp\/v2\/product_tag?post=3418"},{"taxonomy":"hf_cat_product","embeddable":true,"href":"https:\/\/lojaespacos.com\/en\/wp-json\/wp\/v2\/hf_cat_product?post=3418"}],"curies":[{"name":"wp","href":"https:\/\/api.w.org\/{rel}","templated":true}]}}

Magnésio Di Malato | Bio-Hera | 60 cápsulas | fadiga muscular | fibromialgia | cansaço

<p style="text-align: justify;"><strong>Magnésio Di Malato</strong> da Bio-Hera é um suplemento especialmente indicado para a <strong>redução de cansaço e fadiga</strong>, para ajudar em quadros de <strong>fibromialgia</strong> (actua na dor muscular, sensibilidade conjunta e baixos níveis de energia) e para melhoria da <strong>condição muscular</strong>, mas também para reduzir sintomas de ansiedade, dor e insónia.</p>
<p style="text-align: justify;">O <strong>Magnésio</strong> é essencial para produzirmos energia (síntese de ATP), para termos relaxamento muscular e dos vasos sanguíneos, para ajustarmos os níveis sanguíneos de colesterol, além de ser importante em mais de 300 reacções químicas do nosso corpo. Este mineral é essencial a uma série de funções relacionadas com o metabolismo produtor de energia, ao processo de divisão celular, à síntese normal de proteínas e ao equilíbrio dos electrólitos. Daqui deriva a importância do seu papel na redução do cansaço e da fadiga, na manutenção de ossos e dentes normais, bem como no normal funcionamento do sistema nervoso e do sistema muscular.</p>
<p style="text-align: justify;">Dados de vários estudos científicos atribuem ao magnésio um papel benéfico para resolução de perturbações do sono, enxaquecas, tensão pré-menstrual, autismo, síndrome de fadiga crónica, melhoria do desempenho desportivo, redução de cãibras e espasmos.</p>
<p style="text-align: justify;">O <strong>Magnésio Di Malato </strong>ou também designado por <strong>Malato de Magnésio</strong>, une dois ingredientes imprescindíveis para uma vida saudável: o <strong>ácido málico</strong> e o <strong>magnésio</strong>. O ácido málico é conhecido pela sua capacidade de aumentar a <strong>energia e tolerância ao exercício</strong>, além de vários outros benefícios relacionados à saúde. O ácido málico desempenha um papel fundamental na melhoria do desempenho muscular global, combatendo a fadiga muscular após o exercício, reduzindo o cansaço e restabelecendo os níveis de energia, bem como melhorando a clareza mental.</p>

remédio,suplemento,remédio natural,suplemento natural,suplemento vitamínico,fadiga muscular,fibromialgia,dor muscular,dor,cansaço,ansiedade,insónia,tolerância ao exercício,remédio para os músculos,remédio natural para a fibromialgia,remédio para dor muscular,remédio para a fadiga
