{"id":3325,"date":"2021-09-28T10:00:28","date_gmt":"2021-09-28T10:00:28","guid":{"rendered":"https:\/\/lojaespacos.com\/?post_type=product&#038;p=3325"},"modified":"2025-04-10T16:56:15","modified_gmt":"2025-04-10T16:56:15","slug":"floral-lirio-da-paz-florais-de-saint-germain-10ml","status":"publish","type":"product","link":"https:\/\/lojaespacos.com\/en\/loja\/florais\/florais-de-saint-germain\/floral-lirio-da-paz-florais-de-saint-germain-10ml\/","title":{"rendered":"Floral L\u00edrio da Paz | Florais de Saint Germain | 10mL"},"content":{"rendered":"<h2 style=\"text-align: center;\">Floral L\u00edrio da Paz \u2013 Para Paz Interior e Liberta\u00e7\u00e3o de Conflitos<\/h2>\n<p style=\"text-align: justify;\">Os\u00a0<a href=\"https:\/\/lojaespacos.com\/en\/product-category\/florais-de-saint-germain\/\" target=\"_blank\" rel=\"noopener noreferrer\"><span style=\"text-decoration: underline;\"><strong>Florais de Saint Germain<\/strong><\/span><\/a>, criados por Neide Margonari, pretendem\u00a0<strong>restabelecer e transmutar\u00a0padr\u00f5es doentios<\/strong>, provocados por\u00a0viv\u00eancias traum\u00e1ticas, principalmente quando a causa do dist\u00farbio \u00e9\u00a0emocional.<\/p>\n<p style=\"text-align: justify;\"><strong>Floral L\u00edrio da Paz<\/strong> | Indicado para trabalhar conflitos internos. Traz paz interna, afasta negatividade, ansiedade e tristeza.<\/p>","protected":false},"excerpt":{"rendered":"<p>Floral L\u00edrio da Paz \u2013 Para Paz Interior e Liberta\u00e7\u00e3o de Conflitos Os\u00a0Florais de Saint Germain, criados por Neide Margonari, pretendem\u00a0restabelecer e transmutar\u00a0padr\u00f5es doentios, provocados por\u00a0viv\u00eancias traum\u00e1ticas, principalmente quando a causa do dist\u00farbio \u00e9\u00a0emocional. Floral L\u00edrio da Paz | Indicado para trabalhar conflitos internos. Traz paz interna, afasta negatividade, ansiedade e tristeza.<\/p>","protected":false},"featured_media":3398,"comment_status":"open","ping_status":"closed","template":"","meta":{"_seopress_titles_title":"%%sitetitle%% | %%post_title%% - Para Paz Interior e Liberta\u00e7\u00e3o de Conflitos","_seopress_titles_desc":"O Floral L\u00edrio da Paz ajuda a trabalhar conflitos internos, trazendo paz, afastando negatividade, ansiedade e tristeza, promovendo harmonia e bem-estar.","_seopress_robots_index":"","_seopress_robots_follow":"","_seopress_robots_imageindex":"","_seopress_robots_snippet":"","_seopress_robots_primary_cat":"none","_seopress_robots_breadcrumbs":"","_seopress_robots_freeze_modified_date":"","_seopress_robots_custom_modified_date":"","_seopress_robots_canonical":"","_seopress_social_fb_title":"","_seopress_social_fb_desc":"","_seopress_social_fb_img":"","_seopress_social_fb_img_attachment_id":0,"_seopress_social_fb_img_width":0,"_seopress_social_fb_img_height":0,"_seopress_social_twitter_title":"","_seopress_social_twitter_desc":"","_seopress_social_twitter_img":"","_seopress_social_twitter_img_attachment_id":0,"_seopress_social_twitter_img_width":0,"_seopress_social_twitter_img_height":0,"_seopress_redirections_value":"","_seopress_redirections_enabled":"","_seopress_redirections_enabled_regex":"","_seopress_redirections_logged_status":"both","_seopress_redirections_param":"","_seopress_redirections_type":301,"_seopress_analysis_target_kw":"Floral L\u00edrio da Paz,Florais de Saint Germain,paz interior,conflitos internos,afastar negatividade,ansiedade,tristeza,Floral L\u00edrio da Paz para trabalhar conflitos internos e trazer paz,floral para afastar negatividade,floral para reduzir ansiedade e tristeza,florais para harmonia emocional"},"product_brand":[],"product_cat":[1054,1151,1152],"product_tag":[1280],"hf_cat_product":[],"class_list":["post-3325","product","type-product","status-publish","has-post-thumbnail","product_cat-florais","product_cat-florais-de-saint-germain","product_cat-florais-de-saint-germain-marca","product_tag-paz-interior","pa_funcao-paz-interior","first","instock","sale","shipping-taxable","purchasable","product-type-simple"],"_links":{"self":[{"href":"https:\/\/lojaespacos.com\/en\/wp-json\/wp\/v2\/product\/3325","targetHints":{"allow":["GET"]}}],"collection":[{"href":"https:\/\/lojaespacos.com\/en\/wp-json\/wp\/v2\/product"}],"about":[{"href":"https:\/\/lojaespacos.com\/en\/wp-json\/wp\/v2\/types\/product"}],"replies":[{"embeddable":true,"href":"https:\/\/lojaespacos.com\/en\/wp-json\/wp\/v2\/comments?post=3325"}],"wp:featuredmedia":[{"embeddable":true,"href":"https:\/\/lojaespacos.com\/en\/wp-json\/wp\/v2\/media\/3398"}],"wp:attachment":[{"href":"https:\/\/lojaespacos.com\/en\/wp-json\/wp\/v2\/media?parent=3325"}],"wp:term":[{"taxonomy":"product_brand","embeddable":true,"href":"https:\/\/lojaespacos.com\/en\/wp-json\/wp\/v2\/product_brand?post=3325"},{"taxonomy":"product_cat","embeddable":true,"href":"https:\/\/lojaespacos.com\/en\/wp-json\/wp\/v2\/product_cat?post=3325"},{"taxonomy":"product_tag","embeddable":true,"href":"https:\/\/lojaespacos.com\/en\/wp-json\/wp\/v2\/product_tag?post=3325"},{"taxonomy":"hf_cat_product","embeddable":true,"href":"https:\/\/lojaespacos.com\/en\/wp-json\/wp\/v2\/hf_cat_product?post=3325"}],"curies":[{"name":"wp","href":"https:\/\/api.w.org\/{rel}","templated":true}]}}

Floral Lírio da Paz | Florais de Saint Germain | 10mL

<h2 style="text-align: center;">Floral Lírio da Paz – Para Paz Interior e Libertação de Conflitos</h2>
<p style="text-align: justify;">Os <a href="https://lojaespacos.com/en/product-category/florais-de-saint-germain/" target="_blank" rel="noopener noreferrer"><span style="text-decoration: underline;"><strong>Florais de Saint Germain</strong></span></a>, criados por Neide Margonari, pretendem <strong>restabelecer e transmutar padrões doentios</strong>, provocados por vivências traumáticas, principalmente quando a causa do distúrbio é emocional.</p>
<p style="text-align: justify;"><strong>Floral Lírio da Paz</strong> | Indicado para trabalhar conflitos internos. Traz paz interna, afasta negatividade, ansiedade e tristeza.</p>

<p>Floral Lírio da Paz – Para Paz Interior e Libertação de Conflitos Os Florais de Saint Germain, criados por Neide Margonari, pretendem restabelecer e transmutar padrões doentios, provocados por vivências traumáticas, principalmente quando a causa do distúrbio é emocional. Floral Lírio da Paz | Indicado para trabalhar conflitos internos. Traz paz interna, afasta negatividade, ansiedade e tristeza.</p>

%%sitetitle%% | %%post_title%% - Para Paz Interior e Libertação de Conflitos

O Floral Lírio da Paz ajuda a trabalhar conflitos internos, trazendo paz, afastando negatividade, ansiedade e tristeza, promovendo harmonia e bem-estar.

Floral Lírio da Paz,Florais de Saint Germain,paz interior,conflitos internos,afastar negatividade,ansiedade,tristeza,Floral Lírio da Paz para trabalhar conflitos internos e trazer paz,floral para afastar negatividade,floral para reduzir ansiedade e tristeza,florais para harmonia emocional
