{"id":3202,"date":"2021-09-28T09:59:41","date_gmt":"2021-09-28T09:59:41","guid":{"rendered":"https:\/\/lojaespacos.com\/?post_type=product&#038;p=3202"},"modified":"2025-03-27T15:57:10","modified_gmt":"2025-03-27T15:57:10","slug":"floral-formula-anti-stress-florais-de-saint-germain-10ml","status":"publish","type":"product","link":"https:\/\/lojaespacos.com\/en\/loja\/florais\/florais-de-saint-germain\/floral-formula-anti-stress-florais-de-saint-germain-10ml\/","title":{"rendered":"Floral F\u00f3rmula Anti-Stress | Florais de Saint Germain | 10mL"},"content":{"rendered":"<h2 style=\"text-align: center;\"><strong>Floral F\u00f3rmula Anti-Stress - Combate o Stress e Des\u00e2nimo<\/strong><\/h2>\n<p style=\"text-align: justify;\">Os\u00a0<a href=\"https:\/\/lojaespacos.com\/en\/product-category\/florais-de-saint-germain\/\" target=\"_blank\" rel=\"noopener noreferrer\"><span style=\"text-decoration: underline;\"><strong>florais de Saint Germain<\/strong><\/span><\/a>, criados por Neide Margonari, pretendem restabelecer e transmutar\u00a0<strong>padr\u00f5es doentios<\/strong>, provocados por\u00a0<strong>viv\u00eancias traum\u00e1ticas<\/strong>, principalmente, quando a causa do dist\u00farbio \u00e9<strong>\u00a0emocional<\/strong>.<\/p>\n<p style=\"text-align: justify;\">A finalidade destas f\u00f3rmulas \u00e9 auxiliar a r\u00e1pida transmuta\u00e7\u00e3o desses padr\u00f5es internos que est\u00e3o a mais e que atrapalham o seu dia-a-dia.<\/p>\n<p style=\"text-align: justify;\"><strong>Floral F\u00f3rmula Stress \/ Anti-Stress | <\/strong>Combate o stress e o des\u00e2nimo. F\u00f3rmula t\u00f3nica e energ\u00e9tica.<\/p>\n<p style=\"text-align: justify;\"><strong>Composi\u00e7\u00e3o:<\/strong> <span style=\"text-decoration: underline;\"><a href=\"https:\/\/lojaespacos.com\/en\/loja\/florais\/florais-de-saint-germain\/floral-emergencial-florais-de-saint-germain-10ml\/\">Emergencial<\/a><\/span>, <span style=\"text-decoration: underline;\"><a href=\"https:\/\/lojaespacos.com\/en\/loja\/florais\/florais-de-saint-germain\/floral-boa-deusa-florais-de-saint-germain-10ml\/\">Boa Deusa<\/a><\/span>, <span style=\"text-decoration: underline;\"><a href=\"https:\/\/lojaespacos.com\/en\/loja\/florais\/florais-de-saint-germain\/floral-lirio-da-paz-florais-de-saint-germain-10ml\/\">L\u00edrio da Paz<\/a><\/span>, Alcachofra, <span style=\"text-decoration: underline;\"><a href=\"https:\/\/lojaespacos.com\/en\/loja\/florais\/florais-de-saint-germain\/floral-aloe-florais-de-saint-germain-10ml\/\">Aloe<\/a><\/span>, Bom Dia.<\/p>\n<p style=\"text-align: justify;\"><strong>Sugest\u00e3o: <\/strong>Crie o seu spray para o ambiente, que pode ser usado para limpeza energ\u00e9tica de objectos, pessoas, animais e plantas.<br \/>\nNum borrifador coloque 100ml de \u00e1gua e pingue 7 gotas da f\u00f3rmula seleccionada. Borrifar no ambiente duas vezes ao dia.<\/p>","protected":false},"excerpt":{"rendered":"<p>Floral F\u00f3rmula Anti-Stress - Combate o Stress e Des\u00e2nimo Os\u00a0florais de Saint Germain, criados por Neide Margonari, pretendem restabelecer e transmutar\u00a0padr\u00f5es doentios, provocados por\u00a0viv\u00eancias traum\u00e1ticas, principalmente, quando a causa do dist\u00farbio \u00e9\u00a0emocional. A finalidade destas f\u00f3rmulas \u00e9 auxiliar a r\u00e1pida transmuta\u00e7\u00e3o desses padr\u00f5es internos que est\u00e3o a mais e que atrapalham o seu dia-a-dia. Floral [&hellip;]<\/p>\n","protected":false},"featured_media":3273,"comment_status":"open","ping_status":"closed","template":"","meta":{"_seopress_titles_title":"%%sitetitle%% | %%post_title%% - Combate o Stress e Des\u00e2nimo","_seopress_titles_desc":"A F\u00f3rmula Stress \/ Anti-Stress \u00e9 uma poderosa ess\u00eancia floral que combate o stress e o des\u00e2nimo. Uma f\u00f3rmula t\u00f3nica e energ\u00e9tica que traz al\u00edvio e vitalidade, promovendo equil\u00edbrio emocional e bem-estar.","_seopress_robots_index":"","_seopress_robots_follow":"","_seopress_robots_imageindex":"","_seopress_robots_snippet":"","_seopress_robots_primary_cat":"none","_seopress_robots_breadcrumbs":"","_seopress_robots_freeze_modified_date":"","_seopress_robots_custom_modified_date":"","_seopress_robots_canonical":"","_seopress_social_fb_title":"","_seopress_social_fb_desc":"","_seopress_social_fb_img":"","_seopress_social_fb_img_attachment_id":0,"_seopress_social_fb_img_width":0,"_seopress_social_fb_img_height":0,"_seopress_social_twitter_title":"","_seopress_social_twitter_desc":"","_seopress_social_twitter_img":"","_seopress_social_twitter_img_attachment_id":0,"_seopress_social_twitter_img_width":0,"_seopress_social_twitter_img_height":0,"_seopress_redirections_value":"","_seopress_redirections_enabled":"","_seopress_redirections_enabled_regex":"","_seopress_redirections_logged_status":"both","_seopress_redirections_param":"","_seopress_redirections_type":301,"_seopress_analysis_target_kw":"Floral Anti-Stress,Combate o Stress,Floral Stress,F\u00f3rmula Stress,Floral para combate ao stress e des\u00e2nimo,F\u00f3rmula floral anti-stress e t\u00f3nica,Floral para al\u00edvio do stress e aumento de energia,Ess\u00eancia floral para combater o des\u00e2nimo e stress"},"product_brand":[],"product_cat":[1054,1151,1152],"product_tag":[911],"hf_cat_product":[],"class_list":["post-3202","product","type-product","status-publish","has-post-thumbnail","product_cat-florais","product_cat-florais-de-saint-germain","product_cat-florais-de-saint-germain-marca","product_tag-stress","pa_funcao-stress","first","instock","sale","shipping-taxable","purchasable","product-type-simple"],"_links":{"self":[{"href":"https:\/\/lojaespacos.com\/en\/wp-json\/wp\/v2\/product\/3202","targetHints":{"allow":["GET"]}}],"collection":[{"href":"https:\/\/lojaespacos.com\/en\/wp-json\/wp\/v2\/product"}],"about":[{"href":"https:\/\/lojaespacos.com\/en\/wp-json\/wp\/v2\/types\/product"}],"replies":[{"embeddable":true,"href":"https:\/\/lojaespacos.com\/en\/wp-json\/wp\/v2\/comments?post=3202"}],"wp:featuredmedia":[{"embeddable":true,"href":"https:\/\/lojaespacos.com\/en\/wp-json\/wp\/v2\/media\/3273"}],"wp:attachment":[{"href":"https:\/\/lojaespacos.com\/en\/wp-json\/wp\/v2\/media?parent=3202"}],"wp:term":[{"taxonomy":"product_brand","embeddable":true,"href":"https:\/\/lojaespacos.com\/en\/wp-json\/wp\/v2\/product_brand?post=3202"},{"taxonomy":"product_cat","embeddable":true,"href":"https:\/\/lojaespacos.com\/en\/wp-json\/wp\/v2\/product_cat?post=3202"},{"taxonomy":"product_tag","embeddable":true,"href":"https:\/\/lojaespacos.com\/en\/wp-json\/wp\/v2\/product_tag?post=3202"},{"taxonomy":"hf_cat_product","embeddable":true,"href":"https:\/\/lojaespacos.com\/en\/wp-json\/wp\/v2\/hf_cat_product?post=3202"}],"curies":[{"name":"wp","href":"https:\/\/api.w.org\/{rel}","templated":true}]}}

Floral Fórmula Anti-Stress | Florais de Saint Germain | 10mL

<h2 style="text-align: center;"><strong>Floral Fórmula Anti-Stress - Combate o Stress e Desânimo</strong></h2>
<p style="text-align: justify;">Os <a href="https://lojaespacos.com/en/product-category/florais-de-saint-germain/" target="_blank" rel="noopener noreferrer"><span style="text-decoration: underline;"><strong>florais de Saint Germain</strong></span></a>, criados por Neide Margonari, pretendem restabelecer e transmutar <strong>padrões doentios</strong>, provocados por <strong>vivências traumáticas</strong>, principalmente, quando a causa do distúrbio é<strong> emocional</strong>.</p>
<p style="text-align: justify;">A finalidade destas fórmulas é auxiliar a rápida transmutação desses padrões internos que estão a mais e que atrapalham o seu dia-a-dia.</p>
<p style="text-align: justify;"><strong>Floral Fórmula Stress / Anti-Stress | </strong>Combate o stress e o desânimo. Fórmula tónica e energética.</p>
<p style="text-align: justify;"><strong>Composição:</strong> <span style="text-decoration: underline;"><a href="https://lojaespacos.com/en/loja/florais/florais-de-saint-germain/floral-emergencial-florais-de-saint-germain-10ml/">Emergencial</a></span>, <span style="text-decoration: underline;"><a href="https://lojaespacos.com/en/loja/florais/florais-de-saint-germain/floral-boa-deusa-florais-de-saint-germain-10ml/">Boa Deusa</a></span>, <span style="text-decoration: underline;"><a href="https://lojaespacos.com/en/loja/florais/florais-de-saint-germain/floral-lirio-da-paz-florais-de-saint-germain-10ml/">Lírio da Paz</a></span>, Alcachofra, <span style="text-decoration: underline;"><a href="https://lojaespacos.com/en/loja/florais/florais-de-saint-germain/floral-aloe-florais-de-saint-germain-10ml/">Aloe</a></span>, Bom Dia.</p>
<p style="text-align: justify;"><strong>Sugestão: </strong>Crie o seu spray para o ambiente, que pode ser usado para limpeza energética de objectos, pessoas, animais e plantas.<br />
Num borrifador coloque 100ml de água e pingue 7 gotas da fórmula seleccionada. Borrifar no ambiente duas vezes ao dia.</p>

<p>Floral Fórmula Anti-Stress - Combate o Stress e Desânimo Os florais de Saint Germain, criados por Neide Margonari, pretendem restabelecer e transmutar padrões doentios, provocados por vivências traumáticas, principalmente, quando a causa do distúrbio é emocional. A finalidade destas fórmulas é auxiliar a rápida transmutação desses padrões internos que estão a mais e que atrapalham o seu dia-a-dia. Floral [&hellip;]</p>

%%sitetitle%% | %%post_title%% - Combate o Stress e Desânimo

A Fórmula Stress / Anti-Stress é uma poderosa essência floral que combate o stress e o desânimo. Uma fórmula tónica e energética que traz alívio e vitalidade, promovendo equilíbrio emocional e bem-estar.

Floral Anti-Stress,Combate o Stress,Floral Stress,Fórmula Stress,Floral para combate ao stress e desânimo,Fórmula floral anti-stress e tónica,Floral para alívio do stress e aumento de energia,Essência floral para combater o desânimo e stress
