{"id":2992,"date":"2021-09-28T09:58:13","date_gmt":"2021-09-28T09:58:13","guid":{"rendered":"https:\/\/lojaespacos.com\/?post_type=product&#038;p=2992"},"modified":"2025-04-11T16:04:16","modified_gmt":"2025-04-11T16:04:16","slug":"floral-formula-calma-e-tranquilidade-florais-de-saint-germain-10ml","status":"publish","type":"product","link":"https:\/\/lojaespacos.com\/en\/loja\/florais\/florais-de-saint-germain\/floral-formula-calma-e-tranquilidade-florais-de-saint-germain-10ml\/","title":{"rendered":"Floral F\u00f3rmula Calma e Tranquilidade | Florais de Saint Germain | 10mL"},"content":{"rendered":"<h2 style=\"text-align: center;\" data-start=\"135\" data-end=\"189\">F\u00f3rmula Calma e Tranquilidade \u2013 Floral para Nervosismo<\/h2>\n<p style=\"text-align: justify;\">Os\u00a0<span style=\"text-decoration: underline;\"><a href=\"https:\/\/lojaespacos.com\/en\/product-category\/florais-de-saint-germain\/\" target=\"_blank\" rel=\"noopener noreferrer\"><strong>florais de Saint Germain<\/strong><\/a><\/span>, criados por Neide Margonari, pretendem restabelecer e transmutar\u00a0<strong>padr\u00f5es doentios<\/strong>, provocados por\u00a0<strong>viv\u00eancias traum\u00e1ticas<\/strong>, principalmente, quando a causa do dist\u00farbio \u00e9<strong>\u00a0emocional<\/strong>. A finalidade destas f\u00f3rmulas \u00e9 auxiliar a r\u00e1pida transmuta\u00e7\u00e3o desses padr\u00f5es internos que est\u00e3o a mais e que atrapalham o seu dia-a-dia.<\/p>\n<p style=\"text-align: justify;\"><strong>Floral F\u00f3rmula Calma e Tranquilidade | <\/strong>Combate o nervosismo e a agita\u00e7\u00e3o interna.<\/p>\n<p style=\"text-align: justify;\"><strong>Composi\u00e7\u00e3o:<\/strong>\u00a0<a href=\"https:\/\/lojaespacos.com\/en\/loja\/florais\/florais-de-saint-germain\/floral-lirio-da-paz-florais-de-saint-germain-10ml\/\"><span style=\"text-decoration: underline;\">L\u00edrio da Paz<\/span><\/a><em>,\u00a0<\/em><span style=\"text-decoration: underline;\"><a href=\"https:\/\/lojaespacos.com\/en\/loja\/florais\/florais-de-saint-germain\/floral-melissa-florais-de-saint-germain-10ml\/\">Melissa<\/a><\/span><em>,\u00a0<\/em>Arnica Silvestre<em>,\u00a0<\/em>Algod\u00e3o<em>,\u00a0<\/em><span style=\"text-decoration: underline;\"><a href=\"https:\/\/lojaespacos.com\/en\/loja\/florais\/florais-de-saint-germain\/floral-triunfo-florais-de-saint-germain-10ml\/\">Triunfo<\/a><\/span>, <span style=\"text-decoration: underline;\"><a href=\"https:\/\/lojaespacos.com\/en\/loja\/florais\/florais-de-saint-germain\/floral-leucantha-florais-de-saint-germain-10ml\/\">Leucantha<\/a><\/span><em>,\u00a0<\/em><span style=\"text-decoration: underline;\"><a href=\"https:\/\/lojaespacos.com\/en\/loja\/florais\/florais-de-saint-germain\/floral-allium-florais-de-saint-germain-10ml\/\">Allium<\/a><\/span><em>,\u00a0<\/em><span style=\"text-decoration: underline;\"><a href=\"https:\/\/lojaespacos.com\/en\/loja\/florais\/florais-de-saint-germain\/floral-sao-miguel-florais-de-saint-germain-10ml\/\">S\u00e3o Miguel<\/a><\/span>, <span style=\"text-decoration: underline;\"><a href=\"https:\/\/lojaespacos.com\/en\/loja\/florais\/florais-de-saint-germain\/floral-grevilea-florais-de-saint-germain-10ml\/\">Grev\u00edlea<\/a><\/span><em>,\u00a0<\/em><span style=\"text-decoration: underline;\"><a href=\"https:\/\/lojaespacos.com\/en\/loja\/florais\/florais-de-saint-germain\/floral-coronarium-florais-de-saint-germain-10ml\/\">Coronarium<\/a><\/span><em>,\u00a0<\/em><span style=\"text-decoration: underline;\"><a href=\"https:\/\/lojaespacos.com\/en\/loja\/florais\/florais-de-saint-germain\/floral-curculigum-florais-de-saint-germain-10ml\/\">Curculigum<\/a><\/span><em>,\u00a0<\/em>Scorpius, Ameixa<em>,\u00a0<\/em><span style=\"text-decoration: underline;\"><a href=\"https:\/\/lojaespacos.com\/en\/loja\/florais\/florais-de-saint-germain\/floral-focum-florais-de-saint-germain-10ml\/\">Focum<\/a><\/span><em>,\u00a0<\/em><span style=\"text-decoration: underline;\"><a href=\"https:\/\/lojaespacos.com\/en\/loja\/florais\/florais-de-saint-germain\/floral-verbena-florais-de-saint-germain-10ml\/\">Verbena<\/a><\/span>, <span style=\"text-decoration: underline;\"><a href=\"https:\/\/lojaespacos.com\/en\/loja\/florais\/florais-de-saint-germain\/patiens-florais-de-saint-germain-10ml\/\">Patiens<\/a><\/span>, <span style=\"text-decoration: underline;\"><a href=\"https:\/\/lojaespacos.com\/en\/loja\/florais\/florais-de-saint-germain\/floral-cidreira-florais-de-saint-germain-10ml\/\">Cidreira<\/a><\/span>\u00a0e<em>\u00a0<\/em><a href=\"https:\/\/lojaespacos.com\/en\/loja\/florais\/florais-de-saint-germain\/floral-abies-de-lourdes-florais-de-saint-germain-10ml\/\">Abies de Lourdes<\/a>.<\/p>\n<p><strong>Sugest\u00e3o<\/strong>: Crie o seu spray para o ambiente, que pode ser usado para limpeza energ\u00e9tica de objectos, pessoas, animais e plantas.<br \/>\nNum borrifador coloque 100ml de \u00e1gua e pingue 7 gotas da f\u00f3rmula seleccionada. Borrifar no ambiente duas vezes ao dia.<\/p>","protected":false},"excerpt":{"rendered":"<p>F\u00f3rmula Calma e Tranquilidade \u2013 Floral para Nervosismo Os\u00a0florais de Saint Germain, criados por Neide Margonari, pretendem restabelecer e transmutar\u00a0padr\u00f5es doentios, provocados por\u00a0viv\u00eancias traum\u00e1ticas, principalmente, quando a causa do dist\u00farbio \u00e9\u00a0emocional. A finalidade destas f\u00f3rmulas \u00e9 auxiliar a r\u00e1pida transmuta\u00e7\u00e3o desses padr\u00f5es internos que est\u00e3o a mais e que atrapalham o seu dia-a-dia. Floral F\u00f3rmula [&hellip;]<\/p>\n","protected":false},"featured_media":3069,"comment_status":"open","ping_status":"closed","template":"","meta":{"_seopress_titles_title":"%%sitetitle%% | %%post_title%% - Floral para Nervosismo","_seopress_titles_desc":"O Floral F\u00f3rmula Calma e Tranquilidade ajuda a combater o nervosismo e a agita\u00e7\u00e3o interna, promovendo serenidade, equil\u00edbrio e bem-estar emocional.","_seopress_robots_index":"","_seopress_robots_follow":"","_seopress_robots_imageindex":"","_seopress_robots_snippet":"","_seopress_robots_primary_cat":"none","_seopress_robots_breadcrumbs":"","_seopress_robots_freeze_modified_date":"","_seopress_robots_custom_modified_date":"","_seopress_robots_canonical":"","_seopress_social_fb_title":"","_seopress_social_fb_desc":"","_seopress_social_fb_img":"","_seopress_social_fb_img_attachment_id":0,"_seopress_social_fb_img_width":0,"_seopress_social_fb_img_height":0,"_seopress_social_twitter_title":"","_seopress_social_twitter_desc":"","_seopress_social_twitter_img":"","_seopress_social_twitter_img_attachment_id":0,"_seopress_social_twitter_img_width":0,"_seopress_social_twitter_img_height":0,"_seopress_redirections_value":"","_seopress_redirections_enabled":"","_seopress_redirections_enabled_regex":"","_seopress_redirections_logged_status":"both","_seopress_redirections_param":"","_seopress_redirections_type":301,"_seopress_analysis_target_kw":"Floral calma,floral tranquilidade,floral para ansiedade,floral para nervosismo,Florais de Saint Germain,floral para nervosismo e agita\u00e7\u00e3o,floral calmante natural,floral para acalmar emo\u00e7\u00f5es,f\u00f3rmula floral para tranquilidade interior"},"product_brand":[],"product_cat":[1054,1151,1152],"product_tag":[908],"hf_cat_product":[],"class_list":["post-2992","product","type-product","status-publish","has-post-thumbnail","product_cat-florais","product_cat-florais-de-saint-germain","product_cat-florais-de-saint-germain-marca","product_tag-ansiedade","pa_funcao-ansiedade","first","instock","sale","shipping-taxable","purchasable","product-type-simple"],"_links":{"self":[{"href":"https:\/\/lojaespacos.com\/en\/wp-json\/wp\/v2\/product\/2992","targetHints":{"allow":["GET"]}}],"collection":[{"href":"https:\/\/lojaespacos.com\/en\/wp-json\/wp\/v2\/product"}],"about":[{"href":"https:\/\/lojaespacos.com\/en\/wp-json\/wp\/v2\/types\/product"}],"replies":[{"embeddable":true,"href":"https:\/\/lojaespacos.com\/en\/wp-json\/wp\/v2\/comments?post=2992"}],"wp:featuredmedia":[{"embeddable":true,"href":"https:\/\/lojaespacos.com\/en\/wp-json\/wp\/v2\/media\/3069"}],"wp:attachment":[{"href":"https:\/\/lojaespacos.com\/en\/wp-json\/wp\/v2\/media?parent=2992"}],"wp:term":[{"taxonomy":"product_brand","embeddable":true,"href":"https:\/\/lojaespacos.com\/en\/wp-json\/wp\/v2\/product_brand?post=2992"},{"taxonomy":"product_cat","embeddable":true,"href":"https:\/\/lojaespacos.com\/en\/wp-json\/wp\/v2\/product_cat?post=2992"},{"taxonomy":"product_tag","embeddable":true,"href":"https:\/\/lojaespacos.com\/en\/wp-json\/wp\/v2\/product_tag?post=2992"},{"taxonomy":"hf_cat_product","embeddable":true,"href":"https:\/\/lojaespacos.com\/en\/wp-json\/wp\/v2\/hf_cat_product?post=2992"}],"curies":[{"name":"wp","href":"https:\/\/api.w.org\/{rel}","templated":true}]}}

Floral Fórmula Calma e Tranquilidade | Florais de Saint Germain | 10mL

<h2 style="text-align: center;" data-start="135" data-end="189">Fórmula Calma e Tranquilidade – Floral para Nervosismo</h2>
<p style="text-align: justify;">Os <span style="text-decoration: underline;"><a href="https://lojaespacos.com/en/product-category/florais-de-saint-germain/" target="_blank" rel="noopener noreferrer"><strong>florais de Saint Germain</strong></a></span>, criados por Neide Margonari, pretendem restabelecer e transmutar <strong>padrões doentios</strong>, provocados por <strong>vivências traumáticas</strong>, principalmente, quando a causa do distúrbio é<strong> emocional</strong>. A finalidade destas fórmulas é auxiliar a rápida transmutação desses padrões internos que estão a mais e que atrapalham o seu dia-a-dia.</p>
<p style="text-align: justify;"><strong>Floral Fórmula Calma e Tranquilidade | </strong>Combate o nervosismo e a agitação interna.</p>
<p style="text-align: justify;"><strong>Composição:</strong> <a href="https://lojaespacos.com/en/loja/florais/florais-de-saint-germain/floral-lirio-da-paz-florais-de-saint-germain-10ml/"><span style="text-decoration: underline;">Lírio da Paz</span></a><em>, </em><span style="text-decoration: underline;"><a href="https://lojaespacos.com/en/loja/florais/florais-de-saint-germain/floral-melissa-florais-de-saint-germain-10ml/">Melissa</a></span><em>, </em>Arnica Silvestre<em>, </em>Algodão<em>, </em><span style="text-decoration: underline;"><a href="https://lojaespacos.com/en/loja/florais/florais-de-saint-germain/floral-triunfo-florais-de-saint-germain-10ml/">Triunfo</a></span>, <span style="text-decoration: underline;"><a href="https://lojaespacos.com/en/loja/florais/florais-de-saint-germain/floral-leucantha-florais-de-saint-germain-10ml/">Leucantha</a></span><em>, </em><span style="text-decoration: underline;"><a href="https://lojaespacos.com/en/loja/florais/florais-de-saint-germain/floral-allium-florais-de-saint-germain-10ml/">Allium</a></span><em>, </em><span style="text-decoration: underline;"><a href="https://lojaespacos.com/en/loja/florais/florais-de-saint-germain/floral-sao-miguel-florais-de-saint-germain-10ml/">São Miguel</a></span>, <span style="text-decoration: underline;"><a href="https://lojaespacos.com/en/loja/florais/florais-de-saint-germain/floral-grevilea-florais-de-saint-germain-10ml/">Grevílea</a></span><em>, </em><span style="text-decoration: underline;"><a href="https://lojaespacos.com/en/loja/florais/florais-de-saint-germain/floral-coronarium-florais-de-saint-germain-10ml/">Coronarium</a></span><em>, </em><span style="text-decoration: underline;"><a href="https://lojaespacos.com/en/loja/florais/florais-de-saint-germain/floral-curculigum-florais-de-saint-germain-10ml/">Curculigum</a></span><em>, </em>Scorpius, Ameixa<em>, </em><span style="text-decoration: underline;"><a href="https://lojaespacos.com/en/loja/florais/florais-de-saint-germain/floral-focum-florais-de-saint-germain-10ml/">Focum</a></span><em>, </em><span style="text-decoration: underline;"><a href="https://lojaespacos.com/en/loja/florais/florais-de-saint-germain/floral-verbena-florais-de-saint-germain-10ml/">Verbena</a></span>, <span style="text-decoration: underline;"><a href="https://lojaespacos.com/en/loja/florais/florais-de-saint-germain/patiens-florais-de-saint-germain-10ml/">Patiens</a></span>, <span style="text-decoration: underline;"><a href="https://lojaespacos.com/en/loja/florais/florais-de-saint-germain/floral-cidreira-florais-de-saint-germain-10ml/">Cidreira</a></span> e<em> </em><a href="https://lojaespacos.com/en/loja/florais/florais-de-saint-germain/floral-abies-de-lourdes-florais-de-saint-germain-10ml/">Abies de Lourdes</a>.</p>
<p><strong>Sugestão</strong>: Crie o seu spray para o ambiente, que pode ser usado para limpeza energética de objectos, pessoas, animais e plantas.<br />
Num borrifador coloque 100ml de água e pingue 7 gotas da fórmula seleccionada. Borrifar no ambiente duas vezes ao dia.</p>

<p>Fórmula Calma e Tranquilidade – Floral para Nervosismo Os florais de Saint Germain, criados por Neide Margonari, pretendem restabelecer e transmutar padrões doentios, provocados por vivências traumáticas, principalmente, quando a causa do distúrbio é emocional. A finalidade destas fórmulas é auxiliar a rápida transmutação desses padrões internos que estão a mais e que atrapalham o seu dia-a-dia. Floral Fórmula [&hellip;]</p>

O Floral Fórmula Calma e Tranquilidade ajuda a combater o nervosismo e a agitação interna, promovendo serenidade, equilíbrio e bem-estar emocional.

Floral calma,floral tranquilidade,floral para ansiedade,floral para nervosismo,Florais de Saint Germain,floral para nervosismo e agitação,floral calmante natural,floral para acalmar emoções,fórmula floral para tranquilidade interior
