{"id":2990,"date":"2021-09-28T09:58:13","date_gmt":"2021-09-28T09:58:13","guid":{"rendered":"https:\/\/lojaespacos.com\/?post_type=product&#038;p=2990"},"modified":"2025-04-11T16:39:52","modified_gmt":"2025-04-11T16:39:52","slug":"floral-formula-sensacao-de-ansiedade-florais-de-saint-germain-10ml","status":"publish","type":"product","link":"https:\/\/lojaespacos.com\/en\/loja\/florais\/florais-de-saint-germain\/floral-formula-sensacao-de-ansiedade-florais-de-saint-germain-10ml\/","title":{"rendered":"Floral F\u00f3rmula Sensa\u00e7\u00e3o de Ansiedade | Florais de Saint Germain | 10mL"},"content":{"rendered":"<h2 style=\"text-align: center;\">Floral para Ansiedade | F\u00f3rmula Natural de Calma e Equil\u00edbrio<\/h2>\n<p style=\"text-align: justify;\">Os\u00a0<a href=\"https:\/\/lojaespacos.com\/en\/product-category\/florais-de-saint-germain\/\"><strong>florais de Saint Germain<\/strong><\/a>, criados por Neide Margonari, pretendem restabelecer e transmutar\u00a0<strong>padr\u00f5es doentios<\/strong>, provocados por\u00a0<strong>viv\u00eancias traum\u00e1ticas<\/strong>, principalmente, quando a causa do dist\u00farbio \u00e9<strong>\u00a0emocional<\/strong>. A finalidade destas f\u00f3rmulas \u00e9 auxiliar a r\u00e1pida transmuta\u00e7\u00e3o desses padr\u00f5es internos que est\u00e3o a mais e que atrapalham o seu dia-a-dia.<\/p>\n<p style=\"text-align: justify;\"><strong>Floral F\u00f3rmula Sensa\u00e7\u00e3o de Ansiedade | <\/strong>Combate a preocupa\u00e7\u00e3o excessiva e promove a paci\u00eancia, flexibilidade e toler\u00e2ncia.<\/p>\n<p style=\"text-align: justify;\"><strong>Composi\u00e7\u00e3o:<\/strong>\u00a0<a href=\"https:\/\/lojaespacos.com\/en\/loja\/florais\/florais-de-saint-germain\/floral-abies-de-lourdes-florais-de-saint-germain-10ml\/\"><span style=\"text-decoration: underline;\">Abies de Lourdes<\/span><\/a>,\u00a0<span style=\"text-decoration: underline;\"><a href=\"https:\/\/lojaespacos.com\/en\/loja\/florais\/florais-de-saint-germain\/floral-oliva-de-fatima-florais-de-saint-germain-10ml\/\">Oliva de F\u00e1tima<\/a><\/span><em>,\u00a0<\/em><span style=\"text-decoration: underline;\"><a href=\"https:\/\/lojaespacos.com\/en\/loja\/florais\/florais-de-saint-germain\/floral-melissa-florais-de-saint-germain-10ml\/\">Melissa<\/a><\/span>,\u00a0Ger\u00e2nio,\u00a0<span style=\"text-decoration: underline;\"><a href=\"https:\/\/lojaespacos.com\/en\/loja\/florais\/florais-de-saint-germain\/patiens-florais-de-saint-germain-10ml\/\">Patiens<\/a><\/span>,\u00a0<span style=\"text-decoration: underline;\"><a href=\"https:\/\/lojaespacos.com\/en\/loja\/florais\/florais-de-saint-germain\/floral-cidreira-florais-de-saint-germain-10ml\/\">Cidreira<\/a><\/span>,\u00a0<span style=\"text-decoration: underline;\"><a href=\"https:\/\/lojaespacos.com\/en\/loja\/florais\/florais-de-saint-germain\/floral-verbena-florais-de-saint-germain-10ml\/\">Verbena<\/a><\/span>,\u00a0Amygdalus,\u00a0<span style=\"text-decoration: underline;\"><a href=\"https:\/\/lojaespacos.com\/en\/loja\/florais\/florais-de-saint-germain\/floral-coronarium-florais-de-saint-germain-10ml\/\">Coronarium<\/a><\/span>\u00a0e\u00a0<span style=\"text-decoration: underline;\"><a href=\"https:\/\/lojaespacos.com\/en\/loja\/florais\/florais-de-saint-germain\/floral-goiaba-florais-de-saint-germain-10ml\/\">Goiaba<\/a><\/span>.<\/p>\n<p style=\"text-align: justify;\"><strong>Sugest\u00e3o<\/strong>: Crie o seu spray para o ambiente, que pode ser usado para limpeza energ\u00e9tica de objectos, pessoas, animais e plantas.<br \/>\nNum borrifador coloque 100ml de \u00e1gua e pingue 7 gotas da f\u00f3rmula seleccionada. Borrifar no ambiente duas vezes ao dia.<\/p>","protected":false},"excerpt":{"rendered":"<p>Floral para Ansiedade | F\u00f3rmula Natural de Calma e Equil\u00edbrio Os\u00a0florais de Saint Germain, criados por Neide Margonari, pretendem restabelecer e transmutar\u00a0padr\u00f5es doentios, provocados por\u00a0viv\u00eancias traum\u00e1ticas, principalmente, quando a causa do dist\u00farbio \u00e9\u00a0emocional. A finalidade destas f\u00f3rmulas \u00e9 auxiliar a r\u00e1pida transmuta\u00e7\u00e3o desses padr\u00f5es internos que est\u00e3o a mais e que atrapalham o seu dia-a-dia. [&hellip;]<\/p>\n","protected":false},"featured_media":3063,"comment_status":"open","ping_status":"closed","template":"","meta":{"_seopress_titles_title":"%%sitetitle%% | %%post_title%% - F\u00f3rmula Natural de Calma e Equil\u00edbrio","_seopress_titles_desc":"Alivie a ansiedade com esta f\u00f3rmula floral que combate a preocupa\u00e7\u00e3o excessiva e promove paci\u00eancia, toler\u00e2ncia e serenidade no dia-a-dia.","_seopress_robots_index":"","_seopress_robots_follow":"","_seopress_robots_imageindex":"","_seopress_robots_snippet":"","_seopress_robots_primary_cat":"none","_seopress_robots_breadcrumbs":"","_seopress_robots_freeze_modified_date":"","_seopress_robots_custom_modified_date":"","_seopress_robots_canonical":"","_seopress_social_fb_title":"","_seopress_social_fb_desc":"","_seopress_social_fb_img":"","_seopress_social_fb_img_attachment_id":0,"_seopress_social_fb_img_width":0,"_seopress_social_fb_img_height":0,"_seopress_social_twitter_title":"","_seopress_social_twitter_desc":"","_seopress_social_twitter_img":"","_seopress_social_twitter_img_attachment_id":0,"_seopress_social_twitter_img_width":0,"_seopress_social_twitter_img_height":0,"_seopress_redirections_value":"","_seopress_redirections_enabled":"","_seopress_redirections_enabled_regex":"","_seopress_redirections_logged_status":"both","_seopress_redirections_param":"","_seopress_redirections_type":301,"_seopress_analysis_target_kw":"floral ansiedade,f\u00f3rmula floral,ansiedade,florais naturais,florais Saint Germain,floral para combater ansiedade e preocupa\u00e7\u00e3o,f\u00f3rmula floral para ansiedade e nervosismo,floral para promover paci\u00eancia e toler\u00e2ncia,ess\u00eancias florais para equil\u00edbrio emocional,floral Saint Germain para ansiedade e stress"},"product_brand":[],"product_cat":[1054,1151,1152],"product_tag":[908],"hf_cat_product":[],"class_list":["post-2990","product","type-product","status-publish","has-post-thumbnail","product_cat-florais","product_cat-florais-de-saint-germain","product_cat-florais-de-saint-germain-marca","product_tag-ansiedade","pa_funcao-ansiedade","first","instock","sale","shipping-taxable","purchasable","product-type-simple"],"_links":{"self":[{"href":"https:\/\/lojaespacos.com\/en\/wp-json\/wp\/v2\/product\/2990","targetHints":{"allow":["GET"]}}],"collection":[{"href":"https:\/\/lojaespacos.com\/en\/wp-json\/wp\/v2\/product"}],"about":[{"href":"https:\/\/lojaespacos.com\/en\/wp-json\/wp\/v2\/types\/product"}],"replies":[{"embeddable":true,"href":"https:\/\/lojaespacos.com\/en\/wp-json\/wp\/v2\/comments?post=2990"}],"wp:featuredmedia":[{"embeddable":true,"href":"https:\/\/lojaespacos.com\/en\/wp-json\/wp\/v2\/media\/3063"}],"wp:attachment":[{"href":"https:\/\/lojaespacos.com\/en\/wp-json\/wp\/v2\/media?parent=2990"}],"wp:term":[{"taxonomy":"product_brand","embeddable":true,"href":"https:\/\/lojaespacos.com\/en\/wp-json\/wp\/v2\/product_brand?post=2990"},{"taxonomy":"product_cat","embeddable":true,"href":"https:\/\/lojaespacos.com\/en\/wp-json\/wp\/v2\/product_cat?post=2990"},{"taxonomy":"product_tag","embeddable":true,"href":"https:\/\/lojaespacos.com\/en\/wp-json\/wp\/v2\/product_tag?post=2990"},{"taxonomy":"hf_cat_product","embeddable":true,"href":"https:\/\/lojaespacos.com\/en\/wp-json\/wp\/v2\/hf_cat_product?post=2990"}],"curies":[{"name":"wp","href":"https:\/\/api.w.org\/{rel}","templated":true}]}}

Floral Fórmula Sensação de Ansiedade | Florais de Saint Germain | 10mL

<h2 style="text-align: center;">Floral para Ansiedade | Fórmula Natural de Calma e Equilíbrio</h2>
<p style="text-align: justify;">Os <a href="https://lojaespacos.com/en/product-category/florais-de-saint-germain/"><strong>florais de Saint Germain</strong></a>, criados por Neide Margonari, pretendem restabelecer e transmutar <strong>padrões doentios</strong>, provocados por <strong>vivências traumáticas</strong>, principalmente, quando a causa do distúrbio é<strong> emocional</strong>. A finalidade destas fórmulas é auxiliar a rápida transmutação desses padrões internos que estão a mais e que atrapalham o seu dia-a-dia.</p>
<p style="text-align: justify;"><strong>Floral Fórmula Sensação de Ansiedade | </strong>Combate a preocupação excessiva e promove a paciência, flexibilidade e tolerância.</p>
<p style="text-align: justify;"><strong>Composição:</strong> <a href="https://lojaespacos.com/en/loja/florais/florais-de-saint-germain/floral-abies-de-lourdes-florais-de-saint-germain-10ml/"><span style="text-decoration: underline;">Abies de Lourdes</span></a>, <span style="text-decoration: underline;"><a href="https://lojaespacos.com/en/loja/florais/florais-de-saint-germain/floral-oliva-de-fatima-florais-de-saint-germain-10ml/">Oliva de Fátima</a></span><em>, </em><span style="text-decoration: underline;"><a href="https://lojaespacos.com/en/loja/florais/florais-de-saint-germain/floral-melissa-florais-de-saint-germain-10ml/">Melissa</a></span>, Gerânio, <span style="text-decoration: underline;"><a href="https://lojaespacos.com/en/loja/florais/florais-de-saint-germain/patiens-florais-de-saint-germain-10ml/">Patiens</a></span>, <span style="text-decoration: underline;"><a href="https://lojaespacos.com/en/loja/florais/florais-de-saint-germain/floral-cidreira-florais-de-saint-germain-10ml/">Cidreira</a></span>, <span style="text-decoration: underline;"><a href="https://lojaespacos.com/en/loja/florais/florais-de-saint-germain/floral-verbena-florais-de-saint-germain-10ml/">Verbena</a></span>, Amygdalus, <span style="text-decoration: underline;"><a href="https://lojaespacos.com/en/loja/florais/florais-de-saint-germain/floral-coronarium-florais-de-saint-germain-10ml/">Coronarium</a></span> e <span style="text-decoration: underline;"><a href="https://lojaespacos.com/en/loja/florais/florais-de-saint-germain/floral-goiaba-florais-de-saint-germain-10ml/">Goiaba</a></span>.</p>
<p style="text-align: justify;"><strong>Sugestão</strong>: Crie o seu spray para o ambiente, que pode ser usado para limpeza energética de objectos, pessoas, animais e plantas.<br />
Num borrifador coloque 100ml de água e pingue 7 gotas da fórmula seleccionada. Borrifar no ambiente duas vezes ao dia.</p>

<p>Floral para Ansiedade | Fórmula Natural de Calma e Equilíbrio Os florais de Saint Germain, criados por Neide Margonari, pretendem restabelecer e transmutar padrões doentios, provocados por vivências traumáticas, principalmente, quando a causa do distúrbio é emocional. A finalidade destas fórmulas é auxiliar a rápida transmutação desses padrões internos que estão a mais e que atrapalham o seu dia-a-dia. [&hellip;]</p>

%%sitetitle%% | %%post_title%% - Fórmula Natural de Calma e Equilíbrio

Alivie a ansiedade com esta fórmula floral que combate a preocupação excessiva e promove paciência, tolerância e serenidade no dia-a-dia.

floral ansiedade,fórmula floral,ansiedade,florais naturais,florais Saint Germain,floral para combater ansiedade e preocupação,fórmula floral para ansiedade e nervosismo,floral para promover paciência e tolerância,essências florais para equilíbrio emocional,floral Saint Germain para ansiedade e stress
