{"id":2930,"date":"2021-09-28T09:57:51","date_gmt":"2021-09-28T09:57:51","guid":{"rendered":"https:\/\/lojaespacos.com\/?post_type=product&#038;p=2930"},"modified":"2025-10-03T15:35:44","modified_gmt":"2025-10-03T15:35:44","slug":"spirulina-750mg-good-care-100-comprimidos-espirulina","status":"publish","type":"product","link":"https:\/\/lojaespacos.com\/en\/loja\/saude-e-bem-estar\/emagrecimento-detox\/spirulina-750mg-good-care-100-comprimidos-espirulina\/","title":{"rendered":"Spirulina 750mg | Good Care | 100 comprimidos | espirulina"},"content":{"rendered":"<p style=\"text-align: justify;\"><strong>Spirulina (espirulina) 750mg<\/strong>\u00a0da\u00a0<span style=\"text-decoration: underline;\"><strong>Good Care<\/strong><\/span>\u00a0\u00e9 um suplemento que visa aumentar a\u00a0<strong>vitalidade e os n\u00edveis de energia<\/strong>.<\/p>\n<p style=\"text-align: justify;\">A Spirulina \u00e9 composta sobretudo por<strong> prote\u00edna<\/strong> (60% a 70%) e \u00e9 de <strong>f\u00e1cil digest\u00e3o e absor\u00e7\u00e3o<\/strong>. Cont\u00e9m todos os amino\u00e1cidos essenciais, sendo por isso uma prote\u00edna de alto valor biol\u00f3gico.\u00a0\u00c9 composta tamb\u00e9m por outros nutrientes essenciais \u00e0 regula\u00e7\u00e3o do organismo, como <strong>vitaminas<\/strong> (A, B1, B6, E e K), <strong>minerais<\/strong> (ferro, zinco, sel\u00e9nio, pot\u00e1ssio e c\u00e1lcio) e <strong>antioxidantes<\/strong> (betacaroneto, clorofila e ficocianina). Tem poder <strong>antioxidante<\/strong> e fortalece o <strong>sistema imunit\u00e1rio<\/strong>. Melhora o <strong>desempenho f\u00edsico e cerebral<\/strong>. \u00c9 <strong>anti-inflamat\u00f3ria<\/strong>, <strong>anti-al\u00e9rgica<\/strong> e <strong>desintoxicante<\/strong>. Ajuda a regular a microbiota intestinal. Regula os n\u00edveis de <strong>colesterol<\/strong> e de<strong> glicose<\/strong> no sangue. Ajuda no ganho de<strong> massa muscular<\/strong> e na redu\u00e7\u00e3o de massa gorda. Contribui para uma maior sensa\u00e7\u00e3o de<strong> saciedade<\/strong>.<\/p>\n<p>Suplemento sem gl\u00faten e sem lactose, adequado a veganos.<\/p>","protected":false},"excerpt":{"rendered":"<p><a href=\"https:\/\/lojaespacos.com\/en\/product-tag\/sem-gluten\/\"><img loading=\"lazy\" decoding=\"async\" class=\"alignnone wp-image-10499 size-full\" src=\"https:\/\/www.loja.espaco-s.com\/wp-content\/uploads\/2020\/06\/gluten2.png\" alt=\"\" width=\"70\" height=\"70\" \/><\/a> <a href=\"https:\/\/lojaespacos.com\/en\/product-tag\/sem-lactose\/\"><img loading=\"lazy\" decoding=\"async\" class=\"alignnone wp-image-10500 size-full\" src=\"https:\/\/www.loja.espaco-s.com\/wp-content\/uploads\/2020\/06\/lacto2.png\" alt=\"\" width=\"70\" height=\"70\" \/><\/a> <a href=\"https:\/\/lojaespacos.com\/en\/product-category\/produtos-veganos\/\"><img loading=\"lazy\" decoding=\"async\" class=\"alignnone wp-image-10502 size-full\" src=\"https:\/\/www.loja.espaco-s.com\/wp-content\/uploads\/2020\/06\/vegan2.png\" alt=\"\" width=\"70\" height=\"70\" \/><\/a><\/p>","protected":false},"featured_media":2978,"comment_status":"open","ping_status":"closed","template":"","meta":{"_seopress_titles_title":"%%sitetitle%% | %%post_title%%","_seopress_titles_desc":"%%post_content%%","_seopress_robots_index":"","_seopress_robots_follow":"","_seopress_robots_imageindex":"","_seopress_robots_snippet":"","_seopress_robots_primary_cat":"none","_seopress_robots_breadcrumbs":"","_seopress_robots_freeze_modified_date":"","_seopress_robots_custom_modified_date":"","_seopress_robots_canonical":"","_seopress_social_fb_title":"","_seopress_social_fb_desc":"","_seopress_social_fb_img":"","_seopress_social_fb_img_attachment_id":0,"_seopress_social_fb_img_width":0,"_seopress_social_fb_img_height":0,"_seopress_social_twitter_title":"","_seopress_social_twitter_desc":"","_seopress_social_twitter_img":"","_seopress_social_twitter_img_attachment_id":0,"_seopress_social_twitter_img_width":0,"_seopress_social_twitter_img_height":0,"_seopress_redirections_value":"","_seopress_redirections_enabled":"","_seopress_redirections_enabled_regex":"","_seopress_redirections_logged_status":"both","_seopress_redirections_param":"","_seopress_redirections_type":301,"_seopress_analysis_target_kw":"sem gl\u00faten,sem lactose,vegan,espirulina,alga spirulina,detox,alergia,anti-inflamat\u00f3rio,antioxidante,fadiga,fun\u00e7\u00e3o cognitiva,imunomodulador,massa muscular,energia,mais energia,vitalidade,microbiota intestinal,rem\u00e9dio para detox,rem\u00e9dio detox,suplemento detox,detox do organismo,fazer um detox natural,rem\u00e9dio antioxidante,rem\u00e9dio para dar energia"},"product_brand":[],"product_cat":[819,1130,854,1146,818,1147,1131],"product_tag":[1160,918,903,967,910,1221,1271,860,869,870,2713],"hf_cat_product":[],"class_list":["post-2930","product","type-product","status-publish","has-post-thumbnail","product_cat-emagrecimento-detox","product_cat-good-care","product_cat-musculos-tendoes","product_cat-produtos-veganos","product_cat-saude-e-bem-estar","product_cat-suplementos","product_cat-tonicos-vitaminas-minerais","product_tag-alergia","product_tag-anti-inflamatorio","product_tag-antioxidante","product_tag-detox","product_tag-fadiga","product_tag-funcao-cognitiva","product_tag-imunomodulador","product_tag-massa-muscular","product_tag-sem-gluten","product_tag-sem-lactose","product_tag-vegan","pa_criterio-sem-gluten","pa_criterio-sem-lactose","pa_criterio-vegan","pa_funcao-alergia","pa_funcao-anti-inflamatorio","pa_funcao-antioxidante","pa_funcao-detox","pa_funcao-fadiga","pa_funcao-funcao-cognitiva","pa_funcao-imunomodulador","pa_funcao-massa-muscular","first","onbackorder","sale","shipping-taxable","purchasable","product-type-simple"],"_links":{"self":[{"href":"https:\/\/lojaespacos.com\/en\/wp-json\/wp\/v2\/product\/2930","targetHints":{"allow":["GET"]}}],"collection":[{"href":"https:\/\/lojaespacos.com\/en\/wp-json\/wp\/v2\/product"}],"about":[{"href":"https:\/\/lojaespacos.com\/en\/wp-json\/wp\/v2\/types\/product"}],"replies":[{"embeddable":true,"href":"https:\/\/lojaespacos.com\/en\/wp-json\/wp\/v2\/comments?post=2930"}],"wp:featuredmedia":[{"embeddable":true,"href":"https:\/\/lojaespacos.com\/en\/wp-json\/wp\/v2\/media\/2978"}],"wp:attachment":[{"href":"https:\/\/lojaespacos.com\/en\/wp-json\/wp\/v2\/media?parent=2930"}],"wp:term":[{"taxonomy":"product_brand","embeddable":true,"href":"https:\/\/lojaespacos.com\/en\/wp-json\/wp\/v2\/product_brand?post=2930"},{"taxonomy":"product_cat","embeddable":true,"href":"https:\/\/lojaespacos.com\/en\/wp-json\/wp\/v2\/product_cat?post=2930"},{"taxonomy":"product_tag","embeddable":true,"href":"https:\/\/lojaespacos.com\/en\/wp-json\/wp\/v2\/product_tag?post=2930"},{"taxonomy":"hf_cat_product","embeddable":true,"href":"https:\/\/lojaespacos.com\/en\/wp-json\/wp\/v2\/hf_cat_product?post=2930"}],"curies":[{"name":"wp","href":"https:\/\/api.w.org\/{rel}","templated":true}]}}

<p style="text-align: justify;"><strong>Spirulina (espirulina) 750mg</strong> da <span style="text-decoration: underline;"><strong>Good Care</strong></span> é um suplemento que visa aumentar a <strong>vitalidade e os níveis de energia</strong>.</p>
<p style="text-align: justify;">A Spirulina é composta sobretudo por<strong> proteína</strong> (60% a 70%) e é de <strong>fácil digestão e absorção</strong>. Contém todos os aminoácidos essenciais, sendo por isso uma proteína de alto valor biológico. É composta também por outros nutrientes essenciais à regulação do organismo, como <strong>vitaminas</strong> (A, B1, B6, E e K), <strong>minerais</strong> (ferro, zinco, selénio, potássio e cálcio) e <strong>antioxidantes</strong> (betacaroneto, clorofila e ficocianina). Tem poder <strong>antioxidante</strong> e fortalece o <strong>sistema imunitário</strong>. Melhora o <strong>desempenho físico e cerebral</strong>. É <strong>anti-inflamatória</strong>, <strong>anti-alérgica</strong> e <strong>desintoxicante</strong>. Ajuda a regular a microbiota intestinal. Regula os níveis de <strong>colesterol</strong> e de<strong> glicose</strong> no sangue. Ajuda no ganho de<strong> massa muscular</strong> e na redução de massa gorda. Contribui para uma maior sensação de<strong> saciedade</strong>.</p>
<p>Suplemento sem glúten e sem lactose, adequado a veganos.</p>

sem glúten,sem lactose,vegan,espirulina,alga spirulina,detox,alergia,anti-inflamatório,antioxidante,fadiga,função cognitiva,imunomodulador,massa muscular,energia,mais energia,vitalidade,microbiota intestinal,remédio para detox,remédio detox,suplemento detox,detox do organismo,fazer um detox natural,remédio antioxidante,remédio para dar energia
