{"id":2870,"date":"2021-09-28T09:57:28","date_gmt":"2021-09-28T09:57:28","guid":{"rendered":"https:\/\/lojaespacos.com\/?post_type=product&#038;p=2870"},"modified":"2025-04-11T16:07:16","modified_gmt":"2025-04-11T16:07:16","slug":"floral-perpetua-florais-de-saint-germain-10ml","status":"publish","type":"product","link":"https:\/\/lojaespacos.com\/en\/loja\/florais\/florais-de-saint-germain\/floral-perpetua-florais-de-saint-germain-10ml\/","title":{"rendered":"Floral Perp\u00e9tua | Florais de Saint Germain | 10mL"},"content":{"rendered":"<h2 style=\"text-align: center;\">Floral Perp\u00e9tua \u2013 Para Perdas Irrepar\u00e1veis e Saudade<\/h2>\n<p style=\"text-align: justify;\">Os\u00a0<span style=\"text-decoration: underline;\"><a href=\"https:\/\/lojaespacos.com\/en\/product-category\/florais-de-saint-germain\/\" target=\"_blank\" rel=\"noopener noreferrer\"><strong>Florais de Saint Germain<\/strong><\/a><\/span>, criados por Neide Margonari, pretendem\u00a0<strong>restabelecer e transmutar\u00a0padr\u00f5es doentios<\/strong>, provocados por\u00a0viv\u00eancias traum\u00e1ticas, principalmente quando a causa do dist\u00farbio \u00e9\u00a0emocional.<\/p>\n<p style=\"text-align: justify;\"><strong>Floral Perp\u00e9tua<\/strong> | Para os que sofreram perdas afectivas irrepar\u00e1veis. Para atenuar o sentimento profundo de saudade. O Perp\u00e9tua traz a energia da compreens\u00e3o de que n\u00e3o existe a separa\u00e7\u00e3o e a morte. Traz o entendimento de que estamos todos unidos eternamente pelo la\u00e7o fraterno universal, traz a compreens\u00e3o de que somos todos parte da mesma energia Una, frutos da mesma Fonte Celestial, almas itinerantes nesse cosmos, a passar por desafios, em busca da perfei\u00e7\u00e3o. O Perp\u00e9tua trabalha a aprendizagem do desapego.<\/p>","protected":false},"excerpt":{"rendered":"<p>Floral Perp\u00e9tua \u2013 Para Perdas Irrepar\u00e1veis e Saudade Os\u00a0Florais de Saint Germain, criados por Neide Margonari, pretendem\u00a0restabelecer e transmutar\u00a0padr\u00f5es doentios, provocados por\u00a0viv\u00eancias traum\u00e1ticas, principalmente quando a causa do dist\u00farbio \u00e9\u00a0emocional. Floral Perp\u00e9tua | Para os que sofreram perdas afectivas irrepar\u00e1veis. Para atenuar o sentimento profundo de saudade. O Perp\u00e9tua traz a energia da compreens\u00e3o de [&hellip;]<\/p>\n","protected":false},"featured_media":2942,"comment_status":"open","ping_status":"closed","template":"","meta":{"_seopress_titles_title":"%%sitetitle%% | %%post_title%% - Para Perdas Irrepar\u00e1veis e Saudade","_seopress_titles_desc":"O Floral Perp\u00e9tua auxilia no luto e na dor por perdas afectivas profundas. Atenua a saudade e promove o conforto emocional.","_seopress_robots_index":"","_seopress_robots_follow":"","_seopress_robots_imageindex":"","_seopress_robots_snippet":"","_seopress_robots_primary_cat":"none","_seopress_robots_breadcrumbs":"","_seopress_robots_freeze_modified_date":"","_seopress_robots_custom_modified_date":"","_seopress_robots_canonical":"","_seopress_social_fb_title":"","_seopress_social_fb_desc":"","_seopress_social_fb_img":"","_seopress_social_fb_img_attachment_id":0,"_seopress_social_fb_img_width":0,"_seopress_social_fb_img_height":0,"_seopress_social_twitter_title":"","_seopress_social_twitter_desc":"","_seopress_social_twitter_img":"","_seopress_social_twitter_img_attachment_id":0,"_seopress_social_twitter_img_width":0,"_seopress_social_twitter_img_height":0,"_seopress_redirections_value":"","_seopress_redirections_enabled":"","_seopress_redirections_enabled_regex":"","_seopress_redirections_logged_status":"both","_seopress_redirections_param":"","_seopress_redirections_type":301,"_seopress_analysis_target_kw":"floral perp\u00e9tua,floral para luto,floral para saudade,florais Saint Germain,floral para perdas afectivas,floral para dor emocional,floral para superar o luto,floral para conforto emocional"},"product_brand":[],"product_cat":[1054,1151,1152],"product_tag":[2003],"hf_cat_product":[],"class_list":["post-2870","product","type-product","status-publish","has-post-thumbnail","product_cat-florais","product_cat-florais-de-saint-germain","product_cat-florais-de-saint-germain-marca","product_tag-perda-emocional","pa_funcao-perda-emocional","first","instock","sale","shipping-taxable","purchasable","product-type-simple"],"_links":{"self":[{"href":"https:\/\/lojaespacos.com\/en\/wp-json\/wp\/v2\/product\/2870","targetHints":{"allow":["GET"]}}],"collection":[{"href":"https:\/\/lojaespacos.com\/en\/wp-json\/wp\/v2\/product"}],"about":[{"href":"https:\/\/lojaespacos.com\/en\/wp-json\/wp\/v2\/types\/product"}],"replies":[{"embeddable":true,"href":"https:\/\/lojaespacos.com\/en\/wp-json\/wp\/v2\/comments?post=2870"}],"wp:featuredmedia":[{"embeddable":true,"href":"https:\/\/lojaespacos.com\/en\/wp-json\/wp\/v2\/media\/2942"}],"wp:attachment":[{"href":"https:\/\/lojaespacos.com\/en\/wp-json\/wp\/v2\/media?parent=2870"}],"wp:term":[{"taxonomy":"product_brand","embeddable":true,"href":"https:\/\/lojaespacos.com\/en\/wp-json\/wp\/v2\/product_brand?post=2870"},{"taxonomy":"product_cat","embeddable":true,"href":"https:\/\/lojaespacos.com\/en\/wp-json\/wp\/v2\/product_cat?post=2870"},{"taxonomy":"product_tag","embeddable":true,"href":"https:\/\/lojaespacos.com\/en\/wp-json\/wp\/v2\/product_tag?post=2870"},{"taxonomy":"hf_cat_product","embeddable":true,"href":"https:\/\/lojaespacos.com\/en\/wp-json\/wp\/v2\/hf_cat_product?post=2870"}],"curies":[{"name":"wp","href":"https:\/\/api.w.org\/{rel}","templated":true}]}}

Floral Perpétua | Florais de Saint Germain | 10mL

<h2 style="text-align: center;">Floral Perpétua – Para Perdas Irreparáveis e Saudade</h2>
<p style="text-align: justify;">Os <span style="text-decoration: underline;"><a href="https://lojaespacos.com/en/product-category/florais-de-saint-germain/" target="_blank" rel="noopener noreferrer"><strong>Florais de Saint Germain</strong></a></span>, criados por Neide Margonari, pretendem <strong>restabelecer e transmutar padrões doentios</strong>, provocados por vivências traumáticas, principalmente quando a causa do distúrbio é emocional.</p>
<p style="text-align: justify;"><strong>Floral Perpétua</strong> | Para os que sofreram perdas afectivas irreparáveis. Para atenuar o sentimento profundo de saudade. O Perpétua traz a energia da compreensão de que não existe a separação e a morte. Traz o entendimento de que estamos todos unidos eternamente pelo laço fraterno universal, traz a compreensão de que somos todos parte da mesma energia Una, frutos da mesma Fonte Celestial, almas itinerantes nesse cosmos, a passar por desafios, em busca da perfeição. O Perpétua trabalha a aprendizagem do desapego.</p>

<p>Floral Perpétua – Para Perdas Irreparáveis e Saudade Os Florais de Saint Germain, criados por Neide Margonari, pretendem restabelecer e transmutar padrões doentios, provocados por vivências traumáticas, principalmente quando a causa do distúrbio é emocional. Floral Perpétua | Para os que sofreram perdas afectivas irreparáveis. Para atenuar o sentimento profundo de saudade. O Perpétua traz a energia da compreensão de [&hellip;]</p>

%%sitetitle%% | %%post_title%% - Para Perdas Irreparáveis e Saudade

O Floral Perpétua auxilia no luto e na dor por perdas afectivas profundas. Atenua a saudade e promove o conforto emocional.

floral perpétua,floral para luto,floral para saudade,florais Saint Germain,floral para perdas afectivas,floral para dor emocional,floral para superar o luto,floral para conforto emocional
