{"id":2805,"date":"2021-09-28T09:57:04","date_gmt":"2021-09-28T09:57:04","guid":{"rendered":"https:\/\/lojaespacos.com\/?post_type=product&#038;p=2805"},"modified":"2026-08-14T16:12:22","modified_gmt":"2026-08-14T16:12:22","slug":"floral-formula-auto-estima-e-vitalidade-florais-de-saint-germain-10ml","status":"publish","type":"product","link":"https:\/\/lojaespacos.com\/en\/loja\/florais\/florais-de-saint-germain\/floral-formula-auto-estima-e-vitalidade-florais-de-saint-germain-10ml\/","title":{"rendered":"Floral F\u00f3rmula Auto-estima e Vitalidade | Florais de Saint Germain | 10mL"},"content":{"rendered":"<h2 style=\"text-align: center;\">Floral F\u00f3rmula Auto-estima e Vitalidade - Aumente o Poder Pessoal e as Defesas Imunit\u00e1rias<\/h2>\n<p style=\"text-align: justify;\">Os\u00a0<a href=\"https:\/\/lojaespacos.com\/en\/product-category\/florais-de-saint-germain\/\" target=\"_blank\" rel=\"noopener noreferrer\"><strong>florais de Saint Germain<\/strong><\/a>, criados por Neide Margonari, pretendem restabelecer e transmutar\u00a0<strong>padr\u00f5es doentios<\/strong>, provocados por\u00a0<strong>viv\u00eancias traum\u00e1ticas<\/strong>, principalmente, quando a causa do dist\u00farbio \u00e9<strong>\u00a0emocional<\/strong>. A finalidade destas f\u00f3rmulas \u00e9 auxiliar a r\u00e1pida transmuta\u00e7\u00e3o desses padr\u00f5es internos que est\u00e3o a mais e que atrapalham o seu dia-a-dia.<\/p>\n<p style=\"text-align: justify;\"><strong>Floral f\u00f3rmula auto-estima e vitalidade | <\/strong>Activa o poder pessoal e traz autoconfian\u00e7a. Traz vitalidade e aumenta as defesas do sistema imunit\u00e1rio.<\/p>\n<p style=\"text-align: justify;\"><strong>Composi\u00e7\u00e3o:<\/strong>\u00a0<a href=\"https:\/\/lojaespacos.com\/en\/loja\/florais\/florais-de-saint-germain\/floral-ipe-roxo-florais-de-saint-germain-10ml\/\">Ip\u00ea Roxo<\/a>, <span style=\"text-decoration: underline;\"><a href=\"https:\/\/lojaespacos.com\/en\/loja\/florais\/florais-de-saint-germain\/floral-allium-florais-de-saint-germain-10ml\/\" target=\"_blank\" rel=\"noopener noreferrer\">Allium<\/a><\/span>, Ger\u00e2nio, <a href=\"https:\/\/lojaespacos.com\/en\/loja\/florais\/florais-de-saint-germain\/floral-arnica-silvestre-florais-de-saint-germain-10ml\/\">Arnica Silvestre<\/a>, <a href=\"https:\/\/lojaespacos.com\/en\/loja\/florais\/florais-de-saint-germain\/gloxinia-florais-de-saint-germain-10ml\/\"><span style=\"text-decoration: underline;\">Glox\u00ednia<\/span><\/a>,\u00a0<em>Sapientum,\u00a0<\/em><span style=\"text-decoration: underline;\"><a href=\"https:\/\/lojaespacos.com\/en\/loja\/florais\/florais-de-saint-germain\/floral-melissa-florais-de-saint-germain-10ml\/\" target=\"_blank\" rel=\"noopener noreferrer\">Melissa<\/a><\/span>, <span style=\"text-decoration: underline;\"><a href=\"https:\/\/lojaespacos.com\/en\/loja\/florais\/florais-de-saint-germain\/floral-unitatum-florais-de-saint-germain-10ml\/\" target=\"_blank\" rel=\"noopener noreferrer\">Unitatum<\/a><\/span>, Vit\u00f3ria, <span style=\"text-decoration: underline;\"><a href=\"https:\/\/lojaespacos.com\/en\/loja\/florais\/florais-de-saint-germain\/floral-aloe-florais-de-saint-germain-10ml\/\" target=\"_blank\" rel=\"noopener noreferrer\">Aloe<\/a><\/span>, <span style=\"text-decoration: underline;\"><a href=\"https:\/\/lojaespacos.com\/en\/loja\/florais\/florais-de-saint-germain\/floral-oliva-de-fatima-florais-de-saint-germain-10ml\/\" target=\"_blank\" rel=\"noopener noreferrer\">Oliva de F\u00e1tima<\/a><\/span>, <a href=\"https:\/\/lojaespacos.com\/en\/loja\/florais\/florais-de-saint-germain\/floral-mimosinha-florais-de-saint-germain-10ml\/\">Mimosinha<\/a>, <span style=\"text-decoration: underline;\"><a href=\"https:\/\/lojaespacos.com\/en\/loja\/florais\/florais-de-saint-germain\/floral-goiaba-florais-de-saint-germain-10ml\/\" target=\"_blank\" rel=\"noopener noreferrer\">Goiaba<\/a><\/span>, <span style=\"text-decoration: underline;\"><a href=\"https:\/\/lojaespacos.com\/en\/loja\/florais\/florais-de-saint-germain\/floral-embauba-florais-de-saint-germain-10ml\/\" target=\"_blank\" rel=\"noopener noreferrer\">Emba\u00faba<\/a><\/span>, <span style=\"text-decoration: underline;\"><a href=\"https:\/\/lojaespacos.com\/en\/loja\/florais\/florais-de-saint-germain\/floral-gracilis-florais-de-saint-germain-10ml\/\" target=\"_blank\" rel=\"noopener noreferrer\">Gracilis<\/a><\/span>, Tuia, <span style=\"text-decoration: underline;\"><a href=\"https:\/\/lojaespacos.com\/en\/loja\/florais\/florais-de-saint-germain\/floral-triunfo-florais-de-saint-germain-10ml\/\" target=\"_blank\" rel=\"noopener noreferrer\">Triunfo<\/a><\/span>.<\/p>\n<p style=\"text-align: justify;\"><strong>Sugest\u00e3o<\/strong>: Crie o seu spray para o ambiente, que pode ser usado para limpeza energ\u00e9tica de objectos, pessoas, animais e plantas.<br \/>\nNum borrifador coloque 100ml de \u00e1gua e pingue 7 gotas da f\u00f3rmula seleccionada. Borrifar no ambiente duas vezes ao dia.<\/p>","protected":false},"excerpt":{"rendered":"<p>Floral F\u00f3rmula Auto-estima e Vitalidade - Aumente o Poder Pessoal e as Defesas Imunit\u00e1rias Os\u00a0florais de Saint Germain, criados por Neide Margonari, pretendem restabelecer e transmutar\u00a0padr\u00f5es doentios, provocados por\u00a0viv\u00eancias traum\u00e1ticas, principalmente, quando a causa do dist\u00farbio \u00e9\u00a0emocional. A finalidade destas f\u00f3rmulas \u00e9 auxiliar a r\u00e1pida transmuta\u00e7\u00e3o desses padr\u00f5es internos que est\u00e3o a mais e que [&hellip;]<\/p>\n","protected":false},"featured_media":2849,"comment_status":"open","ping_status":"closed","template":"","meta":{"_seopress_titles_title":"%%sitetitle%% | %%post_title%% - Aumente o Poder Pessoal e as Defesas Imunit\u00e1rias","_seopress_titles_desc":"O Floral F\u00f3rmula Autoestima e Vitalidade ativa o poder pessoal, trazendo autoconfian\u00e7a e vitalidade, al\u00e9m de aumentar as defesas do sistema imunit\u00e1rio e promover o bem-estar geral.","_seopress_robots_index":"","_seopress_robots_follow":"","_seopress_robots_imageindex":"","_seopress_robots_snippet":"","_seopress_robots_primary_cat":"none","_seopress_robots_breadcrumbs":"","_seopress_robots_freeze_modified_date":"","_seopress_robots_custom_modified_date":"","_seopress_robots_canonical":"","_seopress_social_fb_title":"","_seopress_social_fb_desc":"","_seopress_social_fb_img":"","_seopress_social_fb_img_attachment_id":0,"_seopress_social_fb_img_width":0,"_seopress_social_fb_img_height":0,"_seopress_social_twitter_title":"","_seopress_social_twitter_desc":"","_seopress_social_twitter_img":"","_seopress_social_twitter_img_attachment_id":0,"_seopress_social_twitter_img_width":0,"_seopress_social_twitter_img_height":0,"_seopress_redirections_value":"","_seopress_redirections_enabled":"","_seopress_redirections_enabled_regex":"","_seopress_redirections_logged_status":"both","_seopress_redirections_param":"","_seopress_redirections_type":301,"_seopress_analysis_target_kw":"Floral autoestima,Floral vitalidade,Aumento das defesas,Floral imunit\u00e1rio,Poder pessoal,Floral F\u00f3rmula Autoestima e Vitalidade: ativa o poder pessoal e traz autoconfian\u00e7a,Como o Floral F\u00f3rmula Autoestima e Vitalidade melhora a autoestima e fortalece o sistema imunol\u00f3gico,Floral para aumentar as defesas do sistema imunit\u00e1rio e aumentar a vitalidade,Floral F\u00f3rmula Autoestima e Vitalidade: fortalece o poder pessoal e promove o bem-estar,Aumente sua autoconfian\u00e7a e vitalidade com o Floral F\u00f3rmula Autoestima e Vitalidade"},"product_brand":[],"product_cat":[1054,1151,1152],"product_tag":[2001,2008],"hf_cat_product":[],"class_list":["post-2805","product","type-product","status-publish","has-post-thumbnail","product_cat-florais","product_cat-florais-de-saint-germain","product_cat-florais-de-saint-germain-marca","product_tag-auto-confianca","product_tag-poder-pessoal","pa_funcao-auto-confianca","pa_funcao-poder-pessoal","first","instock","sale","shipping-taxable","purchasable","product-type-simple"],"_links":{"self":[{"href":"https:\/\/lojaespacos.com\/en\/wp-json\/wp\/v2\/product\/2805","targetHints":{"allow":["GET"]}}],"collection":[{"href":"https:\/\/lojaespacos.com\/en\/wp-json\/wp\/v2\/product"}],"about":[{"href":"https:\/\/lojaespacos.com\/en\/wp-json\/wp\/v2\/types\/product"}],"replies":[{"embeddable":true,"href":"https:\/\/lojaespacos.com\/en\/wp-json\/wp\/v2\/comments?post=2805"}],"wp:featuredmedia":[{"embeddable":true,"href":"https:\/\/lojaespacos.com\/en\/wp-json\/wp\/v2\/media\/2849"}],"wp:attachment":[{"href":"https:\/\/lojaespacos.com\/en\/wp-json\/wp\/v2\/media?parent=2805"}],"wp:term":[{"taxonomy":"product_brand","embeddable":true,"href":"https:\/\/lojaespacos.com\/en\/wp-json\/wp\/v2\/product_brand?post=2805"},{"taxonomy":"product_cat","embeddable":true,"href":"https:\/\/lojaespacos.com\/en\/wp-json\/wp\/v2\/product_cat?post=2805"},{"taxonomy":"product_tag","embeddable":true,"href":"https:\/\/lojaespacos.com\/en\/wp-json\/wp\/v2\/product_tag?post=2805"},{"taxonomy":"hf_cat_product","embeddable":true,"href":"https:\/\/lojaespacos.com\/en\/wp-json\/wp\/v2\/hf_cat_product?post=2805"}],"curies":[{"name":"wp","href":"https:\/\/api.w.org\/{rel}","templated":true}]}}

Floral Fórmula Auto-estima e Vitalidade | Florais de Saint Germain | 10mL

<h2 style="text-align: center;">Floral Fórmula Auto-estima e Vitalidade - Aumente o Poder Pessoal e as Defesas Imunitárias</h2>
<p style="text-align: justify;">Os <a href="https://lojaespacos.com/en/product-category/florais-de-saint-germain/" target="_blank" rel="noopener noreferrer"><strong>florais de Saint Germain</strong></a>, criados por Neide Margonari, pretendem restabelecer e transmutar <strong>padrões doentios</strong>, provocados por <strong>vivências traumáticas</strong>, principalmente, quando a causa do distúrbio é<strong> emocional</strong>. A finalidade destas fórmulas é auxiliar a rápida transmutação desses padrões internos que estão a mais e que atrapalham o seu dia-a-dia.</p>
<p style="text-align: justify;"><strong>Floral fórmula auto-estima e vitalidade | </strong>Activa o poder pessoal e traz autoconfiança. Traz vitalidade e aumenta as defesas do sistema imunitário.</p>
<p style="text-align: justify;"><strong>Composição:</strong> <a href="https://lojaespacos.com/en/loja/florais/florais-de-saint-germain/floral-ipe-roxo-florais-de-saint-germain-10ml/">Ipê Roxo</a>, <span style="text-decoration: underline;"><a href="https://lojaespacos.com/en/loja/florais/florais-de-saint-germain/floral-allium-florais-de-saint-germain-10ml/" target="_blank" rel="noopener noreferrer">Allium</a></span>, Gerânio, <a href="https://lojaespacos.com/en/loja/florais/florais-de-saint-germain/floral-arnica-silvestre-florais-de-saint-germain-10ml/">Arnica Silvestre</a>, <a href="https://lojaespacos.com/en/loja/florais/florais-de-saint-germain/gloxinia-florais-de-saint-germain-10ml/"><span style="text-decoration: underline;">Gloxínia</span></a>, <em>Sapientum, </em><span style="text-decoration: underline;"><a href="https://lojaespacos.com/en/loja/florais/florais-de-saint-germain/floral-melissa-florais-de-saint-germain-10ml/" target="_blank" rel="noopener noreferrer">Melissa</a></span>, <span style="text-decoration: underline;"><a href="https://lojaespacos.com/en/loja/florais/florais-de-saint-germain/floral-unitatum-florais-de-saint-germain-10ml/" target="_blank" rel="noopener noreferrer">Unitatum</a></span>, Vitória, <span style="text-decoration: underline;"><a href="https://lojaespacos.com/en/loja/florais/florais-de-saint-germain/floral-aloe-florais-de-saint-germain-10ml/" target="_blank" rel="noopener noreferrer">Aloe</a></span>, <span style="text-decoration: underline;"><a href="https://lojaespacos.com/en/loja/florais/florais-de-saint-germain/floral-oliva-de-fatima-florais-de-saint-germain-10ml/" target="_blank" rel="noopener noreferrer">Oliva de Fátima</a></span>, <a href="https://lojaespacos.com/en/loja/florais/florais-de-saint-germain/floral-mimosinha-florais-de-saint-germain-10ml/">Mimosinha</a>, <span style="text-decoration: underline;"><a href="https://lojaespacos.com/en/loja/florais/florais-de-saint-germain/floral-goiaba-florais-de-saint-germain-10ml/" target="_blank" rel="noopener noreferrer">Goiaba</a></span>, <span style="text-decoration: underline;"><a href="https://lojaespacos.com/en/loja/florais/florais-de-saint-germain/floral-embauba-florais-de-saint-germain-10ml/" target="_blank" rel="noopener noreferrer">Embaúba</a></span>, <span style="text-decoration: underline;"><a href="https://lojaespacos.com/en/loja/florais/florais-de-saint-germain/floral-gracilis-florais-de-saint-germain-10ml/" target="_blank" rel="noopener noreferrer">Gracilis</a></span>, Tuia, <span style="text-decoration: underline;"><a href="https://lojaespacos.com/en/loja/florais/florais-de-saint-germain/floral-triunfo-florais-de-saint-germain-10ml/" target="_blank" rel="noopener noreferrer">Triunfo</a></span>.</p>
<p style="text-align: justify;"><strong>Sugestão</strong>: Crie o seu spray para o ambiente, que pode ser usado para limpeza energética de objectos, pessoas, animais e plantas.<br />
Num borrifador coloque 100ml de água e pingue 7 gotas da fórmula seleccionada. Borrifar no ambiente duas vezes ao dia.</p>

<p>Floral Fórmula Auto-estima e Vitalidade - Aumente o Poder Pessoal e as Defesas Imunitárias Os florais de Saint Germain, criados por Neide Margonari, pretendem restabelecer e transmutar padrões doentios, provocados por vivências traumáticas, principalmente, quando a causa do distúrbio é emocional. A finalidade destas fórmulas é auxiliar a rápida transmutação desses padrões internos que estão a mais e que [&hellip;]</p>

%%sitetitle%% | %%post_title%% - Aumente o Poder Pessoal e as Defesas Imunitárias

O Floral Fórmula Autoestima e Vitalidade ativa o poder pessoal, trazendo autoconfiança e vitalidade, além de aumentar as defesas do sistema imunitário e promover o bem-estar geral.

Floral autoestima,Floral vitalidade,Aumento das defesas,Floral imunitário,Poder pessoal,Floral Fórmula Autoestima e Vitalidade: ativa o poder pessoal e traz autoconfiança,Como o Floral Fórmula Autoestima e Vitalidade melhora a autoestima e fortalece o sistema imunológico,Floral para aumentar as defesas do sistema imunitário e aumentar a vitalidade,Floral Fórmula Autoestima e Vitalidade: fortalece o poder pessoal e promove o bem-estar,Aumente sua autoconfiança e vitalidade com o Floral Fórmula Autoestima e Vitalidade
