{"id":2748,"date":"2021-09-28T09:56:43","date_gmt":"2021-09-28T09:56:43","guid":{"rendered":"https:\/\/lojaespacos.com\/?post_type=product&#038;p=2748"},"modified":"2025-04-11T17:11:48","modified_gmt":"2025-04-11T17:11:48","slug":"floral-triunfo-florais-de-saint-germain-10ml","status":"publish","type":"product","link":"https:\/\/lojaespacos.com\/en\/loja\/florais\/florais-de-saint-germain\/floral-triunfo-florais-de-saint-germain-10ml\/","title":{"rendered":"Floral Triunfo | Florais de Saint Germain | 10mL"},"content":{"rendered":"<h2 style=\"text-align: center;\">Floral Triunfo \u2013 Florais de Saint Germain para Eleva\u00e7\u00e3o Espiritual<\/h2>\n<p style=\"text-align: justify;\">Os\u00a0<span style=\"text-decoration: underline;\"><a href=\"https:\/\/lojaespacos.com\/en\/product-category\/florais-de-saint-germain\/\"><strong>Florais de Saint Germain<\/strong><\/a><\/span>, criados por Neide Margonari, pretendem\u00a0<strong>restabelecer e transmutar\u00a0padr\u00f5es doentios<\/strong>, provocados por\u00a0viv\u00eancias traum\u00e1ticas, principalmente quando a causa do dist\u00farbio \u00e9\u00a0emocional.<\/p>\n<p style=\"text-align: justify;\"><strong>Floral Triunfo<\/strong>\u00a0| Indicado para combater o<strong>\u00a0negativismo<\/strong>, para pessoas que s\u00f3 percebem a vida pelo\u00a0<strong>lado negativo<\/strong>.\u00a0Geralmente costumam ser pessoas que s\u00f3 d\u00e3o valor \u00e0s apar\u00eancias.\u00a0Ess\u00eancia floral indicada para os que d\u00e3o valor somente aos que t\u00eam muito\u00a0<strong>materialmente<\/strong>, s\u00f3 v\u00eaem a vida pelo lado material. N\u00e3o se d\u00e3o valor porque n\u00e3o possuem muito.\u00a0Promove a activa\u00e7\u00e3o do chacra coron\u00e1rio e do chacra frontal. Energia que estimula as pessoas a\u00a0<strong>elevarem-se<\/strong>\u00a0<strong>espiritualmente<\/strong>. Passam a ver a verdade da sua ess\u00eancia e dos seus prop\u00f3sitos, que v\u00e3o muito al\u00e9m do plano material. \u00c9 o despertar de um novo enfoque sobre a vida, tornam-se mais confiantes, tranquilos, harmonizados e felizes.<\/p>","protected":false},"excerpt":{"rendered":"<p>Floral Triunfo \u2013 Florais de Saint Germain para Eleva\u00e7\u00e3o Espiritual Os\u00a0Florais de Saint Germain, criados por Neide Margonari, pretendem\u00a0restabelecer e transmutar\u00a0padr\u00f5es doentios, provocados por\u00a0viv\u00eancias traum\u00e1ticas, principalmente quando a causa do dist\u00farbio \u00e9\u00a0emocional. Floral Triunfo\u00a0| Indicado para combater o\u00a0negativismo, para pessoas que s\u00f3 percebem a vida pelo\u00a0lado negativo.\u00a0Geralmente costumam ser pessoas que s\u00f3 d\u00e3o valor \u00e0s [&hellip;]<\/p>\n","protected":false},"featured_media":2794,"comment_status":"open","ping_status":"closed","template":"","meta":{"_seopress_titles_title":"%%sitetitle%% | %%post_title%% - Eleva\u00e7\u00e3o Espiritual","_seopress_titles_desc":"O Floral Triunfo dos Florais de Saint Germain ajuda a combater o negativismo, promover a autoestima e estimular a evolu\u00e7\u00e3o espiritual. Ativa o chacra coron\u00e1rio e frontal, trazendo harmonia e confian\u00e7a. Descubra os seus benef\u00edcios!","_seopress_robots_index":"","_seopress_robots_follow":"","_seopress_robots_imageindex":"","_seopress_robots_snippet":"","_seopress_robots_primary_cat":"none","_seopress_robots_breadcrumbs":"","_seopress_robots_freeze_modified_date":"","_seopress_robots_custom_modified_date":"","_seopress_robots_canonical":"","_seopress_social_fb_title":"","_seopress_social_fb_desc":"","_seopress_social_fb_img":"","_seopress_social_fb_img_attachment_id":0,"_seopress_social_fb_img_width":0,"_seopress_social_fb_img_height":0,"_seopress_social_twitter_title":"","_seopress_social_twitter_desc":"","_seopress_social_twitter_img":"","_seopress_social_twitter_img_attachment_id":0,"_seopress_social_twitter_img_width":0,"_seopress_social_twitter_img_height":0,"_seopress_redirections_value":"","_seopress_redirections_enabled":"","_seopress_redirections_enabled_regex":"","_seopress_redirections_logged_status":"both","_seopress_redirections_param":"","_seopress_redirections_type":301,"_seopress_analysis_target_kw":"Florais de Saint Germain,Floral Triunfo,Floral para negativismo,Floral para evolu\u00e7\u00e3o espiritual,Equil\u00edbrio emocional,Chacra coron\u00e1rio,Chacra frontal,Desenvolvimento espiritual,Florais para autoestima,Energia positiva,Floral para quem v\u00ea a vida pelo lado negativo,Floral para ativa\u00e7\u00e3o do chacra coron\u00e1rio e chacra frontal,Melhor floral para combater o negativismo e pensamentos negativos,Como aumentar a autoestima e confian\u00e7a com Florais de Saint Germain,Floral para despertar espiritual e conex\u00e3o com a ess\u00eancia,Energia vibracional e equil\u00edbrio emocional com Florais de Saint Germain,Como harmonizar emo\u00e7\u00f5es e trazer mais felicidade com florais"},"product_brand":[],"product_cat":[1054,1151,1152],"product_tag":[],"hf_cat_product":[],"class_list":["post-2748","product","type-product","status-publish","has-post-thumbnail","product_cat-florais","product_cat-florais-de-saint-germain","product_cat-florais-de-saint-germain-marca","first","instock","sale","shipping-taxable","purchasable","product-type-simple"],"_links":{"self":[{"href":"https:\/\/lojaespacos.com\/en\/wp-json\/wp\/v2\/product\/2748","targetHints":{"allow":["GET"]}}],"collection":[{"href":"https:\/\/lojaespacos.com\/en\/wp-json\/wp\/v2\/product"}],"about":[{"href":"https:\/\/lojaespacos.com\/en\/wp-json\/wp\/v2\/types\/product"}],"replies":[{"embeddable":true,"href":"https:\/\/lojaespacos.com\/en\/wp-json\/wp\/v2\/comments?post=2748"}],"wp:featuredmedia":[{"embeddable":true,"href":"https:\/\/lojaespacos.com\/en\/wp-json\/wp\/v2\/media\/2794"}],"wp:attachment":[{"href":"https:\/\/lojaespacos.com\/en\/wp-json\/wp\/v2\/media?parent=2748"}],"wp:term":[{"taxonomy":"product_brand","embeddable":true,"href":"https:\/\/lojaespacos.com\/en\/wp-json\/wp\/v2\/product_brand?post=2748"},{"taxonomy":"product_cat","embeddable":true,"href":"https:\/\/lojaespacos.com\/en\/wp-json\/wp\/v2\/product_cat?post=2748"},{"taxonomy":"product_tag","embeddable":true,"href":"https:\/\/lojaespacos.com\/en\/wp-json\/wp\/v2\/product_tag?post=2748"},{"taxonomy":"hf_cat_product","embeddable":true,"href":"https:\/\/lojaespacos.com\/en\/wp-json\/wp\/v2\/hf_cat_product?post=2748"}],"curies":[{"name":"wp","href":"https:\/\/api.w.org\/{rel}","templated":true}]}}

<h2 style="text-align: center;">Floral Triunfo – Florais de Saint Germain para Elevação Espiritual</h2>
<p style="text-align: justify;">Os <span style="text-decoration: underline;"><a href="https://lojaespacos.com/en/product-category/florais-de-saint-germain/"><strong>Florais de Saint Germain</strong></a></span>, criados por Neide Margonari, pretendem <strong>restabelecer e transmutar padrões doentios</strong>, provocados por vivências traumáticas, principalmente quando a causa do distúrbio é emocional.</p>
<p style="text-align: justify;"><strong>Floral Triunfo</strong> | Indicado para combater o<strong> negativismo</strong>, para pessoas que só percebem a vida pelo <strong>lado negativo</strong>. Geralmente costumam ser pessoas que só dão valor às aparências. Essência floral indicada para os que dão valor somente aos que têm muito <strong>materialmente</strong>, só vêem a vida pelo lado material. Não se dão valor porque não possuem muito. Promove a activação do chacra coronário e do chacra frontal. Energia que estimula as pessoas a <strong>elevarem-se</strong> <strong>espiritualmente</strong>. Passam a ver a verdade da sua essência e dos seus propósitos, que vão muito além do plano material. É o despertar de um novo enfoque sobre a vida, tornam-se mais confiantes, tranquilos, harmonizados e felizes.</p>

<p>Floral Triunfo – Florais de Saint Germain para Elevação Espiritual Os Florais de Saint Germain, criados por Neide Margonari, pretendem restabelecer e transmutar padrões doentios, provocados por vivências traumáticas, principalmente quando a causa do distúrbio é emocional. Floral Triunfo | Indicado para combater o negativismo, para pessoas que só percebem a vida pelo lado negativo. Geralmente costumam ser pessoas que só dão valor às [&hellip;]</p>

%%sitetitle%% | %%post_title%% - Elevação Espiritual

O Floral Triunfo dos Florais de Saint Germain ajuda a combater o negativismo, promover a autoestima e estimular a evolução espiritual. Ativa o chacra coronário e frontal, trazendo harmonia e confiança. Descubra os seus benefícios!

Florais de Saint Germain,Floral Triunfo,Floral para negativismo,Floral para evolução espiritual,Equilíbrio emocional,Chacra coronário,Chacra frontal,Desenvolvimento espiritual,Florais para autoestima,Energia positiva,Floral para quem vê a vida pelo lado negativo,Floral para ativação do chacra coronário e chacra frontal,Melhor floral para combater o negativismo e pensamentos negativos,Como aumentar a autoestima e confiança com Florais de Saint Germain,Floral para despertar espiritual e conexão com a essência,Energia vibracional e equilíbrio emocional com Florais de Saint Germain,Como harmonizar emoções e trazer mais felicidade com florais
