{"id":2691,"date":"2021-09-28T09:56:19","date_gmt":"2021-09-28T09:56:19","guid":{"rendered":"https:\/\/lojaespacos.com\/?post_type=product&#038;p=2691"},"modified":"2025-04-12T09:11:26","modified_gmt":"2025-04-12T09:11:26","slug":"gel-contusoes-hematomas-pranabb-pranarom-15ml","status":"publish","type":"product","link":"https:\/\/lojaespacos.com\/en\/loja\/oleos\/misturas-de-oleos\/gel-contusoes-hematomas-pranabb-pranarom-15ml\/","title":{"rendered":"Gel contus\u00f5es hematomas - PranaBB | Pranar\u014dm | 15mL"},"content":{"rendered":"<h2 style=\"text-align: center;\">Gel Contus\u00f5es-Hematomas PranaBB | Calmante e Anti-Hematoma para Beb\u00e9s | Arnica e \u00d3leos Essenciais Biol\u00f3gicos<\/h2>\n<p style=\"text-align: justify;\">O\u00a0<strong>Gel Contus\u00f5es-Hematomas da gama PranaBB<\/strong>\u00a0da\u00a0<strong>Pranar<span style=\"font-family: 'Times New Roman', serif;\">\u014d<\/span>m\u00a0<\/strong>\u00e9 um\u00a0<strong>gel calmante<\/strong>, composto por\u00a0<strong>\u00f3leos essenciais 100% biol\u00f3gicos<\/strong>, enriquecido com\u00a0<strong>arnica<\/strong>. Este gel \u00e9 um aliado precioso para os\u00a0<strong>beb\u00e9s irrequietos<\/strong>, com efeito\u00a0<strong>anti-hematoma<\/strong>, pelas propriedades<strong>\u00a0calmantes, regeneradoras da pele e descongestionantes a n\u00edvel circulat\u00f3rio<\/strong>.<\/p>","protected":false},"excerpt":{"rendered":"<p><a href=\"https:\/\/lojaespacos.com\/en\/product-tag\/biologico\/\"><img loading=\"lazy\" decoding=\"async\" class=\"alignnone wp-image-4986 size-full\" src=\"https:\/\/lojaespacos.com\/wp-content\/uploads\/2021\/11\/selo-biologico2.png\" alt=\"Selo Biologico\" width=\"70\" height=\"70\" \/><\/a><\/p>","protected":false},"featured_media":2741,"comment_status":"open","ping_status":"closed","template":"","meta":{"_seopress_titles_title":"%%sitetitle%% | %%post_title%% - Calmante e Anti-Hematoma para Beb\u00e9s | Arnica e \u00d3leos Essenciais Biol\u00f3gicos","_seopress_titles_desc":"O Gel Contus\u00f5es-Hematomas PranaBB da Pranar\u014dm \u00e9 um gel calmante, com \u00f3leos essenciais 100% biol\u00f3gicos e arnica. Perfeito para beb\u00eas, com efeito anti-hematoma e propriedades regeneradoras da pele, descongestionantes e calmantes.","_seopress_robots_index":"","_seopress_robots_follow":"","_seopress_robots_imageindex":"","_seopress_robots_snippet":"","_seopress_robots_primary_cat":"none","_seopress_robots_breadcrumbs":"","_seopress_robots_freeze_modified_date":"","_seopress_robots_custom_modified_date":"","_seopress_robots_canonical":"","_seopress_social_fb_title":"","_seopress_social_fb_desc":"","_seopress_social_fb_img":"","_seopress_social_fb_img_attachment_id":0,"_seopress_social_fb_img_width":0,"_seopress_social_fb_img_height":0,"_seopress_social_twitter_title":"","_seopress_social_twitter_desc":"","_seopress_social_twitter_img":"","_seopress_social_twitter_img_attachment_id":0,"_seopress_social_twitter_img_width":0,"_seopress_social_twitter_img_height":0,"_seopress_redirections_value":"","_seopress_redirections_enabled":"","_seopress_redirections_enabled_regex":"","_seopress_redirections_logged_status":"both","_seopress_redirections_param":"","_seopress_redirections_type":301,"_seopress_analysis_target_kw":"gel contus\u00f5es,gel hematomas,gel calmante beb\u00e9,gel anti-hematoma,arnica,\u00f3leos essenciais biol\u00f3gicos,gel para beb\u00e9,gel regenerador da pele,gel descongestionante,gel calmante e anti-hematoma para beb\u00eas,gel para contus\u00f5es e hematomas com arnica,gel PranaBB com \u00f3leos essenciais biol\u00f3gicos,gel regenerador e descongestionante para pele de beb\u00e9,gel Pranar\u014dm para beb\u00eas irrequietos"},"product_brand":[],"product_cat":[1237,1236,1062,1843,818],"product_tag":[1241,1036,1487,930,1988],"hf_cat_product":[],"class_list":["post-2691","product","type-product","status-publish","has-post-thumbnail","product_cat-misturas-de-oleos","product_cat-oleos","product_cat-pomadas-balsamos","product_cat-pranarom","product_cat-saude-e-bem-estar","product_tag-aromaterapia","product_tag-bebes-e-criancas","product_tag-biologico","product_tag-calmante","product_tag-nodoas-negras","pa_criterio-biologico","pa_funcao-aromaterapia","pa_funcao-bebes-e-criancas","pa_funcao-calmante","pa_funcao-nodoas-negras","first","instock","sale","shipping-taxable","purchasable","product-type-simple"],"_links":{"self":[{"href":"https:\/\/lojaespacos.com\/en\/wp-json\/wp\/v2\/product\/2691","targetHints":{"allow":["GET"]}}],"collection":[{"href":"https:\/\/lojaespacos.com\/en\/wp-json\/wp\/v2\/product"}],"about":[{"href":"https:\/\/lojaespacos.com\/en\/wp-json\/wp\/v2\/types\/product"}],"replies":[{"embeddable":true,"href":"https:\/\/lojaespacos.com\/en\/wp-json\/wp\/v2\/comments?post=2691"}],"wp:featuredmedia":[{"embeddable":true,"href":"https:\/\/lojaespacos.com\/en\/wp-json\/wp\/v2\/media\/2741"}],"wp:attachment":[{"href":"https:\/\/lojaespacos.com\/en\/wp-json\/wp\/v2\/media?parent=2691"}],"wp:term":[{"taxonomy":"product_brand","embeddable":true,"href":"https:\/\/lojaespacos.com\/en\/wp-json\/wp\/v2\/product_brand?post=2691"},{"taxonomy":"product_cat","embeddable":true,"href":"https:\/\/lojaespacos.com\/en\/wp-json\/wp\/v2\/product_cat?post=2691"},{"taxonomy":"product_tag","embeddable":true,"href":"https:\/\/lojaespacos.com\/en\/wp-json\/wp\/v2\/product_tag?post=2691"},{"taxonomy":"hf_cat_product","embeddable":true,"href":"https:\/\/lojaespacos.com\/en\/wp-json\/wp\/v2\/hf_cat_product?post=2691"}],"curies":[{"name":"wp","href":"https:\/\/api.w.org\/{rel}","templated":true}]}}

Gel contusões hematomas - PranaBB | Pranarōm | 15mL

<h2 style="text-align: center;">Gel Contusões-Hematomas PranaBB | Calmante e Anti-Hematoma para Bebés | Arnica e Óleos Essenciais Biológicos</h2>
<p style="text-align: justify;">O <strong>Gel Contusões-Hematomas da gama PranaBB</strong> da <strong>Pranar<span style="font-family: 'Times New Roman', serif;">ō</span>m </strong>é um <strong>gel calmante</strong>, composto por <strong>óleos essenciais 100% biológicos</strong>, enriquecido com <strong>arnica</strong>. Este gel é um aliado precioso para os <strong>bebés irrequietos</strong>, com efeito <strong>anti-hematoma</strong>, pelas propriedades<strong> calmantes, regeneradoras da pele e descongestionantes a nível circulatório</strong>.</p>

%%sitetitle%% | %%post_title%% - Calmante e Anti-Hematoma para Bebés | Arnica e Óleos Essenciais Biológicos

O Gel Contusões-Hematomas PranaBB da Pranarōm é um gel calmante, com óleos essenciais 100% biológicos e arnica. Perfeito para bebês, com efeito anti-hematoma e propriedades regeneradoras da pele, descongestionantes e calmantes.

gel contusões,gel hematomas,gel calmante bebé,gel anti-hematoma,arnica,óleos essenciais biológicos,gel para bebé,gel regenerador da pele,gel descongestionante,gel calmante e anti-hematoma para bebês,gel para contusões e hematomas com arnica,gel PranaBB com óleos essenciais biológicos,gel regenerador e descongestionante para pele de bebé,gel Pranarōm para bebês irrequietos
