{"id":21774,"date":"2025-08-20T15:34:32","date_gmt":"2025-08-20T15:34:32","guid":{"rendered":"https:\/\/lojaespacos.com\/?post_type=product&#038;p=21774"},"modified":"2025-08-21T15:25:35","modified_gmt":"2025-08-21T15:25:35","slug":"floral-canela-florais-de-saint-germain-10ml","status":"publish","type":"product","link":"https:\/\/lojaespacos.com\/en\/loja\/florais\/florais-de-saint-germain\/floral-canela-florais-de-saint-germain-10ml\/","title":{"rendered":"Floral Canela | Florais de Saint Germain | 10mL"},"content":{"rendered":"<h2 style=\"text-align: center;\">Floral Canela - Amplia a vis\u00e3o<\/h2>\n<p style=\"text-align: justify;\">Os\u00a0<a href=\"https:\/\/lojaespacos.com\/en\/product-category\/florais\/florais-de-saint-germain\/\"><strong>Florais de Saint Germain<\/strong><\/a>, criados por Neide Margonari, pretendem\u00a0<strong>restabelecer e transmutar\u00a0padr\u00f5es doentios<\/strong>, provocados por\u00a0viv\u00eancias traum\u00e1ticas, principalmente quando a causa do dist\u00farbio \u00e9\u00a0emocional.<\/p>\n<p style=\"text-align: justify;\"><strong>Floral Canela <\/strong>| Indicado para os detalhistas e preocupados. Amplia a vis\u00e3o do todo. Auxilia a enfrentar a situa\u00e7\u00e3o com um novo olhar. Tamb\u00e9m \u00fatil para quando surgem situa\u00e7\u00f5es inc\u00f3modas em que n\u00e3o conseguimos ver a causa.<\/p>","protected":false},"excerpt":{"rendered":"<p>Floral Canela - Amplia a vis\u00e3o Os\u00a0Florais de Saint Germain, criados por Neide Margonari, pretendem\u00a0restabelecer e transmutar\u00a0padr\u00f5es doentios, provocados por\u00a0viv\u00eancias traum\u00e1ticas, principalmente quando a causa do dist\u00farbio \u00e9\u00a0emocional. Floral Canela | Indicado para os detalhistas e preocupados. Amplia a vis\u00e3o do todo. Auxilia a enfrentar a situa\u00e7\u00e3o com um novo olhar. Tamb\u00e9m \u00fatil para quando [&hellip;]<\/p>\n","protected":false},"featured_media":21781,"comment_status":"open","ping_status":"closed","template":"","meta":{"_seopress_titles_title":"%%sitetitle%% | %%post_title%% - Amplia a vis\u00e3o","_seopress_titles_desc":"Floral Canela, indicado para os detalhistas e preocupados. Amplia a vis\u00e3o do todo. Auxilia a enfrentar a situa\u00e7\u00e3o com um novo olhar. Tamb\u00e9m \u00fatil para quando n\u00e3o conseguimos ver a causa das situa\u00e7\u00f5es.","_seopress_robots_index":"","_seopress_robots_follow":"","_seopress_robots_imageindex":"","_seopress_robots_snippet":"","_seopress_robots_primary_cat":"none","_seopress_robots_breadcrumbs":"","_seopress_robots_freeze_modified_date":"","_seopress_robots_custom_modified_date":"","_seopress_robots_canonical":"","_seopress_social_fb_title":"","_seopress_social_fb_desc":"","_seopress_social_fb_img":"","_seopress_social_fb_img_attachment_id":0,"_seopress_social_fb_img_width":0,"_seopress_social_fb_img_height":0,"_seopress_social_twitter_title":"","_seopress_social_twitter_desc":"","_seopress_social_twitter_img":"","_seopress_social_twitter_img_attachment_id":0,"_seopress_social_twitter_img_width":0,"_seopress_social_twitter_img_height":0,"_seopress_redirections_value":"","_seopress_redirections_enabled":"","_seopress_redirections_enabled_regex":"","_seopress_redirections_logged_status":"both","_seopress_redirections_param":"","_seopress_redirections_type":301,"_seopress_analysis_target_kw":"Florais,florais de saint germain,ess\u00eancia floral,ess\u00eancias florais,ess\u00eancias vibracionais,terapia floral,rem\u00e9dio natural,alinhar mente e esp\u00edrito,expans\u00e3o de consci\u00eancia,Equil\u00edbrio emocional,Limpeza energ\u00e9tica,Autoconhecimento,floral para ampliar a vis\u00e3o,floral para os preocupados com detalhes,floral para permitir uma nova perspectiva"},"product_brand":[],"product_cat":[1054,1151,1152],"product_tag":[],"hf_cat_product":[],"class_list":["post-21774","product","type-product","status-publish","has-post-thumbnail","product_cat-florais","product_cat-florais-de-saint-germain","product_cat-florais-de-saint-germain-marca","first","instock","sale","shipping-taxable","purchasable","product-type-simple"],"_links":{"self":[{"href":"https:\/\/lojaespacos.com\/en\/wp-json\/wp\/v2\/product\/21774","targetHints":{"allow":["GET"]}}],"collection":[{"href":"https:\/\/lojaespacos.com\/en\/wp-json\/wp\/v2\/product"}],"about":[{"href":"https:\/\/lojaespacos.com\/en\/wp-json\/wp\/v2\/types\/product"}],"replies":[{"embeddable":true,"href":"https:\/\/lojaespacos.com\/en\/wp-json\/wp\/v2\/comments?post=21774"}],"wp:featuredmedia":[{"embeddable":true,"href":"https:\/\/lojaespacos.com\/en\/wp-json\/wp\/v2\/media\/21781"}],"wp:attachment":[{"href":"https:\/\/lojaespacos.com\/en\/wp-json\/wp\/v2\/media?parent=21774"}],"wp:term":[{"taxonomy":"product_brand","embeddable":true,"href":"https:\/\/lojaespacos.com\/en\/wp-json\/wp\/v2\/product_brand?post=21774"},{"taxonomy":"product_cat","embeddable":true,"href":"https:\/\/lojaespacos.com\/en\/wp-json\/wp\/v2\/product_cat?post=21774"},{"taxonomy":"product_tag","embeddable":true,"href":"https:\/\/lojaespacos.com\/en\/wp-json\/wp\/v2\/product_tag?post=21774"},{"taxonomy":"hf_cat_product","embeddable":true,"href":"https:\/\/lojaespacos.com\/en\/wp-json\/wp\/v2\/hf_cat_product?post=21774"}],"curies":[{"name":"wp","href":"https:\/\/api.w.org\/{rel}","templated":true}]}}

<h2 style="text-align: center;">Floral Canela - Amplia a visão</h2>
<p style="text-align: justify;">Os <a href="https://lojaespacos.com/en/product-category/florais/florais-de-saint-germain/"><strong>Florais de Saint Germain</strong></a>, criados por Neide Margonari, pretendem <strong>restabelecer e transmutar padrões doentios</strong>, provocados por vivências traumáticas, principalmente quando a causa do distúrbio é emocional.</p>
<p style="text-align: justify;"><strong>Floral Canela </strong>| Indicado para os detalhistas e preocupados. Amplia a visão do todo. Auxilia a enfrentar a situação com um novo olhar. Também útil para quando surgem situações incómodas em que não conseguimos ver a causa.</p>

<p>Floral Canela - Amplia a visão Os Florais de Saint Germain, criados por Neide Margonari, pretendem restabelecer e transmutar padrões doentios, provocados por vivências traumáticas, principalmente quando a causa do distúrbio é emocional. Floral Canela | Indicado para os detalhistas e preocupados. Amplia a visão do todo. Auxilia a enfrentar a situação com um novo olhar. Também útil para quando [&hellip;]</p>

%%sitetitle%% | %%post_title%% - Amplia a visão

Floral Canela, indicado para os detalhistas e preocupados. Amplia a visão do todo. Auxilia a enfrentar a situação com um novo olhar. Também útil para quando não conseguimos ver a causa das situações.

Florais,florais de saint germain,essência floral,essências florais,essências vibracionais,terapia floral,remédio natural,alinhar mente e espírito,expansão de consciência,Equilíbrio emocional,Limpeza energética,Autoconhecimento,floral para ampliar a visão,floral para os preocupados com detalhes,floral para permitir uma nova perspectiva
