{"id":21628,"date":"2025-04-15T15:44:44","date_gmt":"2025-04-15T15:44:44","guid":{"rendered":"https:\/\/lojaespacos.com\/?post_type=product&#038;p=21628"},"modified":"2025-04-15T15:53:12","modified_gmt":"2025-04-15T15:53:12","slug":"prisioneiros-da-mente-augusto-cury","status":"publish","type":"product","link":"https:\/\/lojaespacos.com\/en\/loja\/livros\/desenvolvimento-pessoal\/prisioneiros-da-mente-augusto-cury\/","title":{"rendered":"Prisioneiros da mente | Augusto Cury"},"content":{"rendered":"<h2 style=\"text-align: center;\">Prisioneiros da mente | Augusto Cury<\/h2>\n<p style=\"text-align: center;\"><strong>No c\u00e9rebro humano existem mais c\u00e1rceres do que nas cidades mais violentas do mundo\u2026 Quais s\u00e3o os seus?<\/strong><\/p>\n<p style=\"text-align: justify;\">Theo Fester parece ter tudo na vida: \u00e9 um poderoso magnata de Silicon Valley, empres\u00e1rio de renome mundial, pai de tr\u00eas filhos orgulhosos e bem-sucedidos. Mas o seu in\u00edcio de vida foi dram\u00e1tico: filho de um sobrevivente do Holocausto, tornou-se empreendedor para sobreviver \u00e0 dor do seu pai, \u00e0 pobreza e ao bullying que sofreu na inf\u00e2ncia, tornando-se especialista em reinventar-se. Conseguiu ser um dos homens mais ricos do mundo, mas toda a riqueza e o poder n\u00e3o conseguem esconder a verdade: a fam\u00edlia Fester est\u00e1 n\u00e3o s\u00f3 falida, como tamb\u00e9m dilacerada por disputas e rancores.<\/p>\n<p style=\"text-align: justify;\">Ap\u00f3s um encontro com o psiquiatra Marco Polo, Theo descobre que existem milh\u00f5es de pessoas que vivem prisioneiras dos seus pr\u00f3prios egos - de an\u00f3nimos a celebridades, de miser\u00e1veis a milion\u00e1rios. A fam\u00edlia Fester \u00e9 um exemplo perfeito de mis\u00e9ria emocional. \u00c0 beira da morte, o megaempres\u00e1rio usar\u00e1 estrat\u00e9gias incr\u00edveis para libertar os seus filhos dos c\u00e1rceres mentais e fazer deles pessoas mentalmente saud\u00e1veis - e descobrir\u00e1 que \u00e9 mais f\u00e1cil acumular uma riqueza material do que enriquecer espiritualmente.<\/p>\n<p style=\"text-align: justify;\">Prepare-se para conhecer os seus pr\u00f3prios c\u00e1rceres mentais, neste romance cativante e inesquec\u00edvel.<\/p>\n<p>&nbsp;<\/p>","protected":false},"excerpt":{"rendered":"<p>Prisioneiros da mente | Augusto Cury No c\u00e9rebro humano existem mais c\u00e1rceres do que nas cidades mais violentas do mundo\u2026 Quais s\u00e3o os seus? Theo Fester parece ter tudo na vida: \u00e9 um poderoso magnata de Silicon Valley, empres\u00e1rio de renome mundial, pai de tr\u00eas filhos orgulhosos e bem-sucedidos. Mas o seu in\u00edcio de vida [&hellip;]<\/p>\n","protected":false},"featured_media":21630,"comment_status":"open","ping_status":"closed","template":"","meta":{"_seopress_titles_title":"%%sitetitle%% | %%post_title%% - Descubra os c\u00e1rceres mentais que limitam a sua vida","_seopress_titles_desc":"Prisioneiros da Mente, de Augusto Cury, revela como os nossos egos podem nos aprisionar e nos impedir de viver plenamente. Conhe\u00e7a a hist\u00f3ria de Theo Fester, um magnata que, apesar do sucesso material, vive em um c\u00e1rcere emocional, e como ele encontra a liberdade mental.","_seopress_robots_index":"","_seopress_robots_follow":"","_seopress_robots_imageindex":"","_seopress_robots_snippet":"","_seopress_robots_primary_cat":"none","_seopress_robots_breadcrumbs":"","_seopress_robots_freeze_modified_date":"","_seopress_robots_custom_modified_date":"","_seopress_robots_canonical":"","_seopress_social_fb_title":"","_seopress_social_fb_desc":"","_seopress_social_fb_img":"","_seopress_social_fb_img_attachment_id":0,"_seopress_social_fb_img_width":0,"_seopress_social_fb_img_height":0,"_seopress_social_twitter_title":"","_seopress_social_twitter_desc":"","_seopress_social_twitter_img":"","_seopress_social_twitter_img_attachment_id":0,"_seopress_social_twitter_img_width":0,"_seopress_social_twitter_img_height":0,"_seopress_redirections_value":"","_seopress_redirections_enabled":"","_seopress_redirections_enabled_regex":"","_seopress_redirections_logged_status":"both","_seopress_redirections_param":"","_seopress_redirections_type":301,"_seopress_analysis_target_kw":"prisioneiros da mente,c\u00e1rceres mentais,Augusto Cury,liberdade emocional,ego,sa\u00fade mental,como os c\u00e1rceres mentais afetam a vida,como se libertar do ego,supera\u00e7\u00e3o do sofrimento emocional,livro Augusto Cury sobre ego,Theo Fester Augusto Cury,impacto do ego na vida pessoal e profissional"},"product_brand":[],"product_cat":[1059,1057],"product_tag":[1609],"hf_cat_product":[],"class_list":["post-21628","product","type-product","status-publish","has-post-thumbnail","product_cat-desenvolvimento-pessoal","product_cat-livros","product_tag-augusto-cury","first","instock","sale","shipping-taxable","purchasable","product-type-simple"],"_links":{"self":[{"href":"https:\/\/lojaespacos.com\/en\/wp-json\/wp\/v2\/product\/21628","targetHints":{"allow":["GET"]}}],"collection":[{"href":"https:\/\/lojaespacos.com\/en\/wp-json\/wp\/v2\/product"}],"about":[{"href":"https:\/\/lojaespacos.com\/en\/wp-json\/wp\/v2\/types\/product"}],"replies":[{"embeddable":true,"href":"https:\/\/lojaespacos.com\/en\/wp-json\/wp\/v2\/comments?post=21628"}],"wp:featuredmedia":[{"embeddable":true,"href":"https:\/\/lojaespacos.com\/en\/wp-json\/wp\/v2\/media\/21630"}],"wp:attachment":[{"href":"https:\/\/lojaespacos.com\/en\/wp-json\/wp\/v2\/media?parent=21628"}],"wp:term":[{"taxonomy":"product_brand","embeddable":true,"href":"https:\/\/lojaespacos.com\/en\/wp-json\/wp\/v2\/product_brand?post=21628"},{"taxonomy":"product_cat","embeddable":true,"href":"https:\/\/lojaespacos.com\/en\/wp-json\/wp\/v2\/product_cat?post=21628"},{"taxonomy":"product_tag","embeddable":true,"href":"https:\/\/lojaespacos.com\/en\/wp-json\/wp\/v2\/product_tag?post=21628"},{"taxonomy":"hf_cat_product","embeddable":true,"href":"https:\/\/lojaespacos.com\/en\/wp-json\/wp\/v2\/hf_cat_product?post=21628"}],"curies":[{"name":"wp","href":"https:\/\/api.w.org\/{rel}","templated":true}]}}

<h2 style="text-align: center;">Prisioneiros da mente | Augusto Cury</h2>
<p style="text-align: center;"><strong>No cérebro humano existem mais cárceres do que nas cidades mais violentas do mundo… Quais são os seus?</strong></p>
<p style="text-align: justify;">Theo Fester parece ter tudo na vida: é um poderoso magnata de Silicon Valley, empresário de renome mundial, pai de três filhos orgulhosos e bem-sucedidos. Mas o seu início de vida foi dramático: filho de um sobrevivente do Holocausto, tornou-se empreendedor para sobreviver à dor do seu pai, à pobreza e ao bullying que sofreu na infância, tornando-se especialista em reinventar-se. Conseguiu ser um dos homens mais ricos do mundo, mas toda a riqueza e o poder não conseguem esconder a verdade: a família Fester está não só falida, como também dilacerada por disputas e rancores.</p>
<p style="text-align: justify;">Após um encontro com o psiquiatra Marco Polo, Theo descobre que existem milhões de pessoas que vivem prisioneiras dos seus próprios egos - de anónimos a celebridades, de miseráveis a milionários. A família Fester é um exemplo perfeito de miséria emocional. À beira da morte, o megaempresário usará estratégias incríveis para libertar os seus filhos dos cárceres mentais e fazer deles pessoas mentalmente saudáveis - e descobrirá que é mais fácil acumular uma riqueza material do que enriquecer espiritualmente.</p>
<p style="text-align: justify;">Prepare-se para conhecer os seus próprios cárceres mentais, neste romance cativante e inesquecível.</p>
<p>&nbsp;</p>

<p>Prisioneiros da mente | Augusto Cury No cérebro humano existem mais cárceres do que nas cidades mais violentas do mundo… Quais são os seus? Theo Fester parece ter tudo na vida: é um poderoso magnata de Silicon Valley, empresário de renome mundial, pai de três filhos orgulhosos e bem-sucedidos. Mas o seu início de vida [&hellip;]</p>

%%sitetitle%% | %%post_title%% - Descubra os cárceres mentais que limitam a sua vida

Prisioneiros da Mente, de Augusto Cury, revela como os nossos egos podem nos aprisionar e nos impedir de viver plenamente. Conheça a história de Theo Fester, um magnata que, apesar do sucesso material, vive em um cárcere emocional, e como ele encontra a liberdade mental.

prisioneiros da mente,cárceres mentais,Augusto Cury,liberdade emocional,ego,saúde mental,como os cárceres mentais afetam a vida,como se libertar do ego,superação do sofrimento emocional,livro Augusto Cury sobre ego,Theo Fester Augusto Cury,impacto do ego na vida pessoal e profissional
