{"id":2133,"date":"2021-09-28T09:52:36","date_gmt":"2021-09-28T09:52:36","guid":{"rendered":"https:\/\/lojaespacos.com\/?post_type=product&#038;p=2133"},"modified":"2025-04-15T16:39:09","modified_gmt":"2025-04-15T16:39:09","slug":"floral-rescue-gotas-florais-de-bach-20ml-ansiedade-stress","status":"publish","type":"product","link":"https:\/\/lojaespacos.com\/en\/loja\/florais\/florais-de-bach\/floral-rescue-gotas-florais-de-bach-20ml-ansiedade-stress\/","title":{"rendered":"Floral Rescue (gotas) | Florais de Bach | 20mL | ansiedade | stress"},"content":{"rendered":"<p style=\"text-align: justify;\">O Floral <strong>Rescue (gotas)<\/strong>\u00a0\u00e9 a mais famosa combina\u00e7\u00e3o de\u00a0<span style=\"text-decoration: underline;\"><a href=\"https:\/\/lojaespacos.com\/en\/marcas\/florais-bach\/\" target=\"_blank\" rel=\"noopener noreferrer\"><strong>ess\u00eancias florais<\/strong><\/a><\/span>\u00a0desenvolvida pelo\u00a0<strong>Dr. Bach<\/strong>. Combina cinco ess\u00eancias originais de\u00a0<strong>Florais de Bach<\/strong>, especificamente misturadas para ajud\u00e1-lo a lidar com o\u00a0<strong>stress do dia-a-dia<\/strong>\u00a0ou com\u00a0<strong>situa\u00e7\u00f5es de emerg\u00eancia<\/strong>, mantendo a calma.\u00a0O Rescue \u00e9 um floral que d\u00e1 suporte e\u00a0<strong>tranquiliza<\/strong>\u00a0em momentos exigentes a n\u00edvel emocional. \u00c9 mundialmente conhecido por\u00a0<strong>restaurar a calma interior<\/strong>. Pode ser tomado quando se sente receoso, nervoso, contra\u00eddo e preocupado. \u00c9 eficaz, seguro e natural.<\/p>\n<p style=\"text-align: justify;\">Adequado a toda a fam\u00edlia.<\/p>\n<p style=\"text-align: justify;\"><strong>Composi\u00e7\u00e3o<\/strong>: solu\u00e7\u00e3o aquosa de Helianthemun nummularium, Impatiens glandulifera, Clematis vitalba, Ornithogalum umbellatum e Prunus cerasifera, conservada em \u00e1lcool 27\u00ba GL.<\/p>","protected":false},"excerpt":{"rendered":"<p>O Floral Rescue (gotas)\u00a0\u00e9 a mais famosa combina\u00e7\u00e3o de\u00a0ess\u00eancias florais\u00a0desenvolvida pelo\u00a0Dr. Bach. Combina cinco ess\u00eancias originais de\u00a0Florais de Bach, especificamente misturadas para ajud\u00e1-lo a lidar com o\u00a0stress do dia-a-dia\u00a0ou com\u00a0situa\u00e7\u00f5es de emerg\u00eancia, mantendo a calma.\u00a0O Rescue \u00e9 um floral que d\u00e1 suporte e\u00a0tranquiliza\u00a0em momentos exigentes a n\u00edvel emocional. \u00c9 mundialmente conhecido por\u00a0restaurar a calma interior. [&hellip;]<\/p>\n","protected":false},"featured_media":2184,"comment_status":"open","ping_status":"closed","template":"","meta":{"_seopress_titles_title":"","_seopress_titles_desc":"","_seopress_robots_index":"","_seopress_robots_follow":"","_seopress_robots_imageindex":"","_seopress_robots_snippet":"","_seopress_robots_primary_cat":"none","_seopress_robots_breadcrumbs":"","_seopress_robots_freeze_modified_date":"","_seopress_robots_custom_modified_date":"","_seopress_robots_canonical":"","_seopress_social_fb_title":"","_seopress_social_fb_desc":"","_seopress_social_fb_img":"","_seopress_social_fb_img_attachment_id":0,"_seopress_social_fb_img_width":0,"_seopress_social_fb_img_height":0,"_seopress_social_twitter_title":"","_seopress_social_twitter_desc":"","_seopress_social_twitter_img":"","_seopress_social_twitter_img_attachment_id":0,"_seopress_social_twitter_img_width":0,"_seopress_social_twitter_img_height":0,"_seopress_redirections_value":"","_seopress_redirections_enabled":"","_seopress_redirections_enabled_regex":"","_seopress_redirections_logged_status":"both","_seopress_redirections_param":"","_seopress_redirections_type":301,"_seopress_analysis_target_kw":""},"product_brand":[],"product_cat":[1054,1055,1056,818,906],"product_tag":[908,930,911,1372],"hf_cat_product":[],"class_list":["post-2133","product","type-product","status-publish","has-post-thumbnail","product_cat-florais","product_cat-florais-de-bach","product_cat-florais-de-bach-marcas","product_cat-saude-e-bem-estar","product_cat-sistema-nervoso","product_tag-ansiedade","product_tag-calmante","product_tag-stress","product_tag-traumas-violentos","pa_funcao-ansiedade","pa_funcao-calmante","pa_funcao-stress","pa_funcao-traumas-violentos","first","outofstock","shipping-taxable","purchasable","product-type-simple"],"_links":{"self":[{"href":"https:\/\/lojaespacos.com\/en\/wp-json\/wp\/v2\/product\/2133","targetHints":{"allow":["GET"]}}],"collection":[{"href":"https:\/\/lojaespacos.com\/en\/wp-json\/wp\/v2\/product"}],"about":[{"href":"https:\/\/lojaespacos.com\/en\/wp-json\/wp\/v2\/types\/product"}],"replies":[{"embeddable":true,"href":"https:\/\/lojaespacos.com\/en\/wp-json\/wp\/v2\/comments?post=2133"}],"wp:featuredmedia":[{"embeddable":true,"href":"https:\/\/lojaespacos.com\/en\/wp-json\/wp\/v2\/media\/2184"}],"wp:attachment":[{"href":"https:\/\/lojaespacos.com\/en\/wp-json\/wp\/v2\/media?parent=2133"}],"wp:term":[{"taxonomy":"product_brand","embeddable":true,"href":"https:\/\/lojaespacos.com\/en\/wp-json\/wp\/v2\/product_brand?post=2133"},{"taxonomy":"product_cat","embeddable":true,"href":"https:\/\/lojaespacos.com\/en\/wp-json\/wp\/v2\/product_cat?post=2133"},{"taxonomy":"product_tag","embeddable":true,"href":"https:\/\/lojaespacos.com\/en\/wp-json\/wp\/v2\/product_tag?post=2133"},{"taxonomy":"hf_cat_product","embeddable":true,"href":"https:\/\/lojaespacos.com\/en\/wp-json\/wp\/v2\/hf_cat_product?post=2133"}],"curies":[{"name":"wp","href":"https:\/\/api.w.org\/{rel}","templated":true}]}}

<p style="text-align: justify;">O Floral <strong>Rescue (gotas)</strong> é a mais famosa combinação de <span style="text-decoration: underline;"><a href="https://lojaespacos.com/en/marcas/florais-bach/" target="_blank" rel="noopener noreferrer"><strong>essências florais</strong></a></span> desenvolvida pelo <strong>Dr. Bach</strong>. Combina cinco essências originais de <strong>Florais de Bach</strong>, especificamente misturadas para ajudá-lo a lidar com o <strong>stress do dia-a-dia</strong> ou com <strong>situações de emergência</strong>, mantendo a calma. O Rescue é um floral que dá suporte e <strong>tranquiliza</strong> em momentos exigentes a nível emocional. É mundialmente conhecido por <strong>restaurar a calma interior</strong>. Pode ser tomado quando se sente receoso, nervoso, contraído e preocupado. É eficaz, seguro e natural.</p>
<p style="text-align: justify;">Adequado a toda a família.</p>
<p style="text-align: justify;"><strong>Composição</strong>: solução aquosa de Helianthemun nummularium, Impatiens glandulifera, Clematis vitalba, Ornithogalum umbellatum e Prunus cerasifera, conservada em álcool 27º GL.</p>

<p>O Floral Rescue (gotas) é a mais famosa combinação de essências florais desenvolvida pelo Dr. Bach. Combina cinco essências originais de Florais de Bach, especificamente misturadas para ajudá-lo a lidar com o stress do dia-a-dia ou com situações de emergência, mantendo a calma. O Rescue é um floral que dá suporte e tranquiliza em momentos exigentes a nível emocional. É mundialmente conhecido por restaurar a calma interior. [&hellip;]</p>
