{"id":20664,"date":"2024-04-05T16:35:19","date_gmt":"2024-04-05T16:35:19","guid":{"rendered":"https:\/\/lojaespacos.com\/?post_type=product&#038;p=20664"},"modified":"2025-03-27T15:58:43","modified_gmt":"2025-03-27T15:58:43","slug":"floral-pau-brasil-florais-de-saint-germain-10ml","status":"publish","type":"product","link":"https:\/\/lojaespacos.com\/en\/loja\/florais\/florais-de-saint-germain\/floral-pau-brasil-florais-de-saint-germain-10ml\/","title":{"rendered":"Floral Pau Brasil | Florais de Saint Germain | 10mL"},"content":{"rendered":"<h2 style=\"text-align: center;\">Floral Pau Brasil - Desperte Talentos e Voca\u00e7\u00e3o<\/h2>\n<p style=\"text-align: justify;\">Os\u00a0<a href=\"https:\/\/lojaespacos.com\/en\/product-category\/florais\/florais-de-saint-germain\/\"><strong>Florais de Saint Germain<\/strong><\/a>, criados por Neide Margonari, pretendem\u00a0<strong>restabelecer e transmutar\u00a0padr\u00f5es doentios<\/strong>, provocados por\u00a0viv\u00eancias traum\u00e1ticas, principalmente quando a causa do dist\u00farbio \u00e9\u00a0emocional.<\/p>\n<p style=\"text-align: justify;\"><strong>Floral Pau Brasil <\/strong>| Indicado para ajudar a <strong>despertar a voca\u00e7\u00e3o, as habilidades e talentos da pessoa<\/strong>. Para todos aqueles que est\u00e3o <strong>insatisfeitos com o seu trabalho<\/strong>, que vivem em estado de extrema <strong>press\u00e3o e preocupa\u00e7\u00e3o, stress e a sensa\u00e7\u00e3o de carregar problemas pesados<\/strong>. Esta ess\u00eancia traz a energia para d<strong>espertar talentos latentes<\/strong> e a nossa <strong>voca\u00e7\u00e3o real<\/strong>. Para pessoas que vivem <strong>constantemente insatisfeitas<\/strong>. \u00datil para os <strong>adolescentes que n\u00e3o sabem qual a carreira a seguir<\/strong> e para os adultos que n\u00e3o gostam ou n\u00e3o sentem prazer no trabalho que desempenham.<\/p>\n<p style=\"text-align: justify;\">Trabalha a crian\u00e7a interior, que passou por muitos estados emocionais n\u00e3o resolvidos e esclarecidos que, por sua vez, geraram um vazio incompreens\u00edvel. Ao abrir espa\u00e7o para entender o que sentiu e o que ocasionou esse sentimento, a crian\u00e7a sente-se livre e volta a ser espont\u00e2nea.<\/p>","protected":false},"excerpt":{"rendered":"<p>Floral Pau Brasil - Desperte Talentos e Voca\u00e7\u00e3o Os\u00a0Florais de Saint Germain, criados por Neide Margonari, pretendem\u00a0restabelecer e transmutar\u00a0padr\u00f5es doentios, provocados por\u00a0viv\u00eancias traum\u00e1ticas, principalmente quando a causa do dist\u00farbio \u00e9\u00a0emocional. Floral Pau Brasil | Indicado para ajudar a despertar a voca\u00e7\u00e3o, as habilidades e talentos da pessoa. Para todos aqueles que est\u00e3o insatisfeitos com o [&hellip;]<\/p>\n","protected":false},"featured_media":20665,"comment_status":"open","ping_status":"closed","template":"","meta":{"_seopress_titles_title":"%%sitetitle%% | %%post_title%% - Desperte Talentos e Voca\u00e7\u00e3o","_seopress_titles_desc":"O Floral Pau Brasil ajuda a despertar voca\u00e7\u00e3o, talentos e habilidades latentes, aliviando stress, insatisfa\u00e7\u00e3o com o trabalho e preocupa\u00e7\u00f5es. Ideal para adolescentes em busca de dire\u00e7\u00e3o profissional e adultos insatisfeitos com sua carreira. Trabalha a crian\u00e7a interior para cura emocional.","_seopress_robots_index":"","_seopress_robots_follow":"","_seopress_robots_imageindex":"","_seopress_robots_snippet":"","_seopress_robots_primary_cat":"none","_seopress_robots_breadcrumbs":"","_seopress_robots_freeze_modified_date":"","_seopress_robots_custom_modified_date":"","_seopress_robots_canonical":"","_seopress_social_fb_title":"","_seopress_social_fb_desc":"","_seopress_social_fb_img":"","_seopress_social_fb_img_attachment_id":0,"_seopress_social_fb_img_width":0,"_seopress_social_fb_img_height":0,"_seopress_social_twitter_title":"","_seopress_social_twitter_desc":"","_seopress_social_twitter_img":"","_seopress_social_twitter_img_attachment_id":0,"_seopress_social_twitter_img_width":0,"_seopress_social_twitter_img_height":0,"_seopress_redirections_value":"","_seopress_redirections_enabled":"","_seopress_redirections_enabled_regex":"","_seopress_redirections_logged_status":"both","_seopress_redirections_param":"","_seopress_redirections_type":301,"_seopress_analysis_target_kw":"Floral Pau Brasil,Despertar Voca\u00e7\u00e3o,Ess\u00eancia para Carreira,Floral para Talentos,Floral para despertar voca\u00e7\u00e3o e talentos latentes,Ess\u00eancia floral para aliviar stress e insatisfa\u00e7\u00e3o com o trabalho,Floral Pau Brasil para ajudar na escolha de carreira,Floral para desbloquear emo\u00e7\u00f5es da crian\u00e7a interior"},"product_brand":[],"product_cat":[1054,1151,1152],"product_tag":[1279],"hf_cat_product":[],"class_list":["post-20664","product","type-product","status-publish","has-post-thumbnail","product_cat-florais","product_cat-florais-de-saint-germain","product_cat-florais-de-saint-germain-marca","product_tag-crianca-interior","first","instock","sale","shipping-taxable","purchasable","product-type-simple"],"_links":{"self":[{"href":"https:\/\/lojaespacos.com\/en\/wp-json\/wp\/v2\/product\/20664","targetHints":{"allow":["GET"]}}],"collection":[{"href":"https:\/\/lojaespacos.com\/en\/wp-json\/wp\/v2\/product"}],"about":[{"href":"https:\/\/lojaespacos.com\/en\/wp-json\/wp\/v2\/types\/product"}],"replies":[{"embeddable":true,"href":"https:\/\/lojaespacos.com\/en\/wp-json\/wp\/v2\/comments?post=20664"}],"wp:featuredmedia":[{"embeddable":true,"href":"https:\/\/lojaespacos.com\/en\/wp-json\/wp\/v2\/media\/20665"}],"wp:attachment":[{"href":"https:\/\/lojaespacos.com\/en\/wp-json\/wp\/v2\/media?parent=20664"}],"wp:term":[{"taxonomy":"product_brand","embeddable":true,"href":"https:\/\/lojaespacos.com\/en\/wp-json\/wp\/v2\/product_brand?post=20664"},{"taxonomy":"product_cat","embeddable":true,"href":"https:\/\/lojaespacos.com\/en\/wp-json\/wp\/v2\/product_cat?post=20664"},{"taxonomy":"product_tag","embeddable":true,"href":"https:\/\/lojaespacos.com\/en\/wp-json\/wp\/v2\/product_tag?post=20664"},{"taxonomy":"hf_cat_product","embeddable":true,"href":"https:\/\/lojaespacos.com\/en\/wp-json\/wp\/v2\/hf_cat_product?post=20664"}],"curies":[{"name":"wp","href":"https:\/\/api.w.org\/{rel}","templated":true}]}}

<h2 style="text-align: center;">Floral Pau Brasil - Desperte Talentos e Vocação</h2>
<p style="text-align: justify;">Os <a href="https://lojaespacos.com/en/product-category/florais/florais-de-saint-germain/"><strong>Florais de Saint Germain</strong></a>, criados por Neide Margonari, pretendem <strong>restabelecer e transmutar padrões doentios</strong>, provocados por vivências traumáticas, principalmente quando a causa do distúrbio é emocional.</p>
<p style="text-align: justify;"><strong>Floral Pau Brasil </strong>| Indicado para ajudar a <strong>despertar a vocação, as habilidades e talentos da pessoa</strong>. Para todos aqueles que estão <strong>insatisfeitos com o seu trabalho</strong>, que vivem em estado de extrema <strong>pressão e preocupação, stress e a sensação de carregar problemas pesados</strong>. Esta essência traz a energia para d<strong>espertar talentos latentes</strong> e a nossa <strong>vocação real</strong>. Para pessoas que vivem <strong>constantemente insatisfeitas</strong>. Útil para os <strong>adolescentes que não sabem qual a carreira a seguir</strong> e para os adultos que não gostam ou não sentem prazer no trabalho que desempenham.</p>
<p style="text-align: justify;">Trabalha a criança interior, que passou por muitos estados emocionais não resolvidos e esclarecidos que, por sua vez, geraram um vazio incompreensível. Ao abrir espaço para entender o que sentiu e o que ocasionou esse sentimento, a criança sente-se livre e volta a ser espontânea.</p>

<p>Floral Pau Brasil - Desperte Talentos e Vocação Os Florais de Saint Germain, criados por Neide Margonari, pretendem restabelecer e transmutar padrões doentios, provocados por vivências traumáticas, principalmente quando a causa do distúrbio é emocional. Floral Pau Brasil | Indicado para ajudar a despertar a vocação, as habilidades e talentos da pessoa. Para todos aqueles que estão insatisfeitos com o [&hellip;]</p>

%%sitetitle%% | %%post_title%% - Desperte Talentos e Vocação

O Floral Pau Brasil ajuda a despertar vocação, talentos e habilidades latentes, aliviando stress, insatisfação com o trabalho e preocupações. Ideal para adolescentes em busca de direção profissional e adultos insatisfeitos com sua carreira. Trabalha a criança interior para cura emocional.

Floral Pau Brasil,Despertar Vocação,Essência para Carreira,Floral para Talentos,Floral para despertar vocação e talentos latentes,Essência floral para aliviar stress e insatisfação com o trabalho,Floral Pau Brasil para ajudar na escolha de carreira,Floral para desbloquear emoções da criança interior
