{"id":20312,"date":"2024-01-24T17:46:26","date_gmt":"2024-01-24T17:46:26","guid":{"rendered":"https:\/\/lojaespacos.com\/?post_type=product&#038;p=20312"},"modified":"2025-03-25T16:17:18","modified_gmt":"2025-03-25T16:17:18","slug":"oleo-essencial-alecrim-bio-ladrome-10ml-cineol","status":"publish","type":"product","link":"https:\/\/lojaespacos.com\/en\/loja\/saude-e-bem-estar\/cabelo-pele-unhas\/oleo-essencial-alecrim-bio-ladrome-10ml-cineol\/","title":{"rendered":"\u00d3leo essencial Alecrim BIO | Ladr\u00f4me | 10mL | cineol"},"content":{"rendered":"<p style=\"text-align: justify;\">A <strong>Aromatherapy<\/strong>\u00a0consiste na utiliza\u00e7\u00e3o terap\u00eautica de\u00a0<strong>\u00f3leos essenciais<\/strong>\u00a0para a\u00a0<strong>sa\u00fade f\u00edsica, mental e emocional<\/strong>. Os \u00f3leos essenciais cont\u00eam os componentes vol\u00e1teis das plantas, flores, ra\u00edzes, sementes, frutos, madeiras ou resinas. Gra\u00e7as a estes \u00f3leos, as plantas t\u00eam um odor caracter\u00edstico. A utiliza\u00e7\u00e3o destes \u00f3leos n\u00e3o \u00e9 novidade; os mesmos j\u00e1 t\u00eam vindo a ser utilizados h\u00e1 anos\u00a0pelos seus efeitos ben\u00e9ficos para o\u00a0<strong>corpo e a mente<\/strong>.<\/p>\n<p style=\"text-align: justify;\">A<strong> Ladr\u00f4me <\/strong>\u00e9 uma <strong>marca reconhecida <\/strong>na produ\u00e7\u00e3o de<strong> \u00f3leos essenciais biol\u00f3gicos.\u00a0<\/strong><\/p>\n<p style=\"text-align: justify;\">A utiliza\u00e7\u00e3o por <strong>via oral ou cut\u00e2nea<\/strong> dever\u00e1 ser sempre aconselhada por algum<strong> especialista certificado em aromaterapia<\/strong>.<\/p>\n<p style=\"text-align: justify;\"><strong>Alecrim <\/strong>| O \u00f3leo essencial de alecrim \u00e9 tradicionalmente utilizado como restaurador do bom funcionamento do<strong> sistema respirat\u00f3rio<\/strong>, \u00fatil para al\u00edvio de sintomas de <strong>rinite, bronquite, sinusite e \"pulm\u00e3o cheio\"<\/strong>. \u00c9 <strong>expectorante e descongestionante<\/strong>: auxilia na elimina\u00e7\u00e3o de <strong>muco e congest\u00e3o nasal<\/strong>. Tamb\u00e9m \u00e9 muito conhecido como o \"\u00f3leo dos estudantes\" porque estimula a <strong>concentra\u00e7\u00e3o<\/strong> e a fixa\u00e7\u00e3o de <strong>novos conhecimentos<\/strong> adquiridos. Fortalece o sistema capilar, reduzido a <strong>queda de cabelo e a caspa<\/strong>. Tem <strong>ac\u00e7\u00e3o antiss\u00e9ptica<\/strong>: limpa, esteriliza e impede a prolifera\u00e7\u00e3o de micro-organismos, sendo \u00fatil, por exemplo, para diminuir o<strong> mau cheiro nos p\u00e9s<\/strong>. \u00c9 <strong>analg\u00e9sico<\/strong>, pelo que alivia <strong>dores<\/strong>.<\/p>\n<p>Equival\u00eancia m\u00e9dia: 1ml = 32 gotas.<\/p>","protected":false},"excerpt":{"rendered":"<p>A Aromaterapia\u00a0consiste na utiliza\u00e7\u00e3o terap\u00eautica de\u00a0\u00f3leos essenciais\u00a0para a\u00a0sa\u00fade f\u00edsica, mental e emocional. Os \u00f3leos essenciais cont\u00eam os componentes vol\u00e1teis das plantas, flores, ra\u00edzes, sementes, frutos, madeiras ou resinas. Gra\u00e7as a estes \u00f3leos, as plantas t\u00eam um odor caracter\u00edstico. A utiliza\u00e7\u00e3o destes \u00f3leos n\u00e3o \u00e9 novidade; os mesmos j\u00e1 t\u00eam vindo a ser utilizados h\u00e1 anos\u00a0pelos [&hellip;]<\/p>\n","protected":false},"featured_media":20313,"comment_status":"open","ping_status":"closed","template":"","meta":{"_seopress_titles_title":"","_seopress_titles_desc":"","_seopress_robots_index":"","_seopress_robots_follow":"","_seopress_robots_imageindex":"","_seopress_robots_snippet":"","_seopress_robots_primary_cat":"none","_seopress_robots_breadcrumbs":"","_seopress_robots_freeze_modified_date":"","_seopress_robots_custom_modified_date":"","_seopress_robots_canonical":"","_seopress_social_fb_title":"","_seopress_social_fb_desc":"","_seopress_social_fb_img":"","_seopress_social_fb_img_attachment_id":0,"_seopress_social_fb_img_width":0,"_seopress_social_fb_img_height":0,"_seopress_social_twitter_title":"","_seopress_social_twitter_desc":"","_seopress_social_twitter_img":"","_seopress_social_twitter_img_attachment_id":0,"_seopress_social_twitter_img_width":0,"_seopress_social_twitter_img_height":0,"_seopress_redirections_value":"","_seopress_redirections_enabled":"","_seopress_redirections_enabled_regex":"","_seopress_redirections_logged_status":"both","_seopress_redirections_param":"","_seopress_redirections_type":301,"_seopress_analysis_target_kw":""},"product_brand":[],"product_cat":[895,3908,1236,1757,1035],"product_tag":[1240,1241,1037,1830,1064,1222,950,1052,1038],"hf_cat_product":[],"class_list":["post-20312","product","type-product","status-publish","has-post-thumbnail","product_cat-cabelo-pele-unhas","product_cat-ladrome","product_cat-oleos","product_cat-oleos-essenciais-simples","product_cat-sistema-respiratorio","product_tag-antisseptico","product_tag-aromaterapia","product_tag-congestao-nasal","product_tag-descongestionante","product_tag-dor","product_tag-memoria","product_tag-pulmoes","product_tag-queda-de-cabelo","product_tag-rinite-sinusite","pa_funcao-antisseptico","pa_funcao-aromaterapia","pa_funcao-congestao-nasal","pa_funcao-descongestionante","pa_funcao-dor","pa_funcao-memoria","pa_funcao-pulmoes","pa_funcao-queda-de-cabelo","pa_funcao-rinite-sinusite","first","instock","sale","shipping-taxable","purchasable","product-type-simple"],"_links":{"self":[{"href":"https:\/\/lojaespacos.com\/en\/wp-json\/wp\/v2\/product\/20312","targetHints":{"allow":["GET"]}}],"collection":[{"href":"https:\/\/lojaespacos.com\/en\/wp-json\/wp\/v2\/product"}],"about":[{"href":"https:\/\/lojaespacos.com\/en\/wp-json\/wp\/v2\/types\/product"}],"replies":[{"embeddable":true,"href":"https:\/\/lojaespacos.com\/en\/wp-json\/wp\/v2\/comments?post=20312"}],"wp:featuredmedia":[{"embeddable":true,"href":"https:\/\/lojaespacos.com\/en\/wp-json\/wp\/v2\/media\/20313"}],"wp:attachment":[{"href":"https:\/\/lojaespacos.com\/en\/wp-json\/wp\/v2\/media?parent=20312"}],"wp:term":[{"taxonomy":"product_brand","embeddable":true,"href":"https:\/\/lojaespacos.com\/en\/wp-json\/wp\/v2\/product_brand?post=20312"},{"taxonomy":"product_cat","embeddable":true,"href":"https:\/\/lojaespacos.com\/en\/wp-json\/wp\/v2\/product_cat?post=20312"},{"taxonomy":"product_tag","embeddable":true,"href":"https:\/\/lojaespacos.com\/en\/wp-json\/wp\/v2\/product_tag?post=20312"},{"taxonomy":"hf_cat_product","embeddable":true,"href":"https:\/\/lojaespacos.com\/en\/wp-json\/wp\/v2\/hf_cat_product?post=20312"}],"curies":[{"name":"wp","href":"https:\/\/api.w.org\/{rel}","templated":true}]}}

Óleo essencial Alecrim BIO | Ladrôme | 10mL | cineol

<p style="text-align: justify;">A <strong>Aromatherapy</strong> consiste na utilização terapêutica de <strong>óleos essenciais</strong> para a <strong>saúde física, mental e emocional</strong>. Os óleos essenciais contêm os componentes voláteis das plantas, flores, raízes, sementes, frutos, madeiras ou resinas. Graças a estes óleos, as plantas têm um odor característico. A utilização destes óleos não é novidade; os mesmos já têm vindo a ser utilizados há anos pelos seus efeitos benéficos para o <strong>corpo e a mente</strong>.</p>
<p style="text-align: justify;">A<strong> Ladrôme </strong>é uma <strong>marca reconhecida </strong>na produção de<strong> óleos essenciais biológicos. </strong></p>
<p style="text-align: justify;">A utilização por <strong>via oral ou cutânea</strong> deverá ser sempre aconselhada por algum<strong> especialista certificado em aromaterapia</strong>.</p>
<p style="text-align: justify;"><strong>Alecrim </strong>| O óleo essencial de alecrim é tradicionalmente utilizado como restaurador do bom funcionamento do<strong> sistema respiratório</strong>, útil para alívio de sintomas de <strong>rinite, bronquite, sinusite e "pulmão cheio"</strong>. É <strong>expectorante e descongestionante</strong>: auxilia na eliminação de <strong>muco e congestão nasal</strong>. Também é muito conhecido como o "óleo dos estudantes" porque estimula a <strong>concentração</strong> e a fixação de <strong>novos conhecimentos</strong> adquiridos. Fortalece o sistema capilar, reduzido a <strong>queda de cabelo e a caspa</strong>. Tem <strong>acção antisséptica</strong>: limpa, esteriliza e impede a proliferação de micro-organismos, sendo útil, por exemplo, para diminuir o<strong> mau cheiro nos pés</strong>. É <strong>analgésico</strong>, pelo que alivia <strong>dores</strong>.</p>
<p>Equivalência média: 1ml = 32 gotas.</p>

<p>A Aromaterapia consiste na utilização terapêutica de óleos essenciais para a saúde física, mental e emocional. Os óleos essenciais contêm os componentes voláteis das plantas, flores, raízes, sementes, frutos, madeiras ou resinas. Graças a estes óleos, as plantas têm um odor característico. A utilização destes óleos não é novidade; os mesmos já têm vindo a ser utilizados há anos pelos [&hellip;]</p>
