{"id":19845,"date":"2023-11-13T15:58:45","date_gmt":"2023-11-13T15:58:45","guid":{"rendered":"https:\/\/lojaespacos.com\/?post_type=product&#038;p=19845"},"modified":"2024-05-06T16:35:42","modified_gmt":"2024-05-06T16:35:42","slug":"ergyphilus-atb-nutergia-30-capsulas-probioticos-antibioticos-microbiota","status":"publish","type":"product","link":"https:\/\/lojaespacos.com\/en\/loja\/marcas\/nutergia\/ergyphilus-atb-nutergia-30-capsulas-probioticos-antibioticos-microbiota\/","title":{"rendered":"Ergyphilus ATB | Nutergia | 30 c\u00e1psulas | probi\u00f3ticos | antibi\u00f3ticos | microbiota"},"content":{"rendered":"<p style=\"text-align: justify;\"><strong>Ergyphilus ATB<\/strong>\u00a0\u00e9 um\u00a0<strong>suplemento alimentar\u00a0<\/strong>que tem uma sinergia de 3 estirpes <strong>probi\u00f3ticas<\/strong> revivific\u00e1veis (n\u00e3o microencapsuladas), rigorosamente seleccionadas pelas suas propriedades, doseadas a 7 mil milh\u00f5es por c\u00e1psula.<\/p>\n<p><strong>Ergyphilus ATB<\/strong> \u00e9 aconselhado para<strong> acompanhar a toma de antibi\u00f3ticos<\/strong>, para suportar uma <strong>microbiota enfraquecida<\/strong>.<\/p>","protected":false},"excerpt":{"rendered":"<p>Ergyphilus ATB\u00a0\u00e9 um\u00a0suplemento alimentar\u00a0que tem uma sinergia de 3 estirpes probi\u00f3ticas revivific\u00e1veis (n\u00e3o microencapsuladas), rigorosamente seleccionadas pelas suas propriedades, doseadas a 7 mil milh\u00f5es por c\u00e1psula. Ergyphilus ATB \u00e9 aconselhado para acompanhar a toma de antibi\u00f3ticos, para suportar uma microbiota enfraquecida.<\/p>","protected":false},"featured_media":19847,"comment_status":"open","ping_status":"closed","template":"","meta":{"_seopress_titles_title":"%%sitetitle%% | %%post_title%%","_seopress_titles_desc":"%%post_content%%","_seopress_robots_index":"","_seopress_robots_follow":"","_seopress_robots_imageindex":"","_seopress_robots_snippet":"","_seopress_robots_primary_cat":"none","_seopress_robots_breadcrumbs":"","_seopress_robots_freeze_modified_date":"","_seopress_robots_custom_modified_date":"","_seopress_robots_canonical":"","_seopress_social_fb_title":"","_seopress_social_fb_desc":"","_seopress_social_fb_img":"","_seopress_social_fb_img_attachment_id":0,"_seopress_social_fb_img_width":0,"_seopress_social_fb_img_height":0,"_seopress_social_twitter_title":"","_seopress_social_twitter_desc":"","_seopress_social_twitter_img":"","_seopress_social_twitter_img_attachment_id":0,"_seopress_social_twitter_img_width":0,"_seopress_social_twitter_img_height":0,"_seopress_redirections_value":"","_seopress_redirections_enabled":"","_seopress_redirections_enabled_regex":"","_seopress_redirections_logged_status":"both","_seopress_redirections_param":"","_seopress_redirections_type":301,"_seopress_analysis_target_kw":"probi\u00f3ticos,probi\u00f3tico,rem\u00e9dio,suplemento,rem\u00e9dio natural,suplemento natural,intestino,regular a flora intestinal,regular o tr\u00e2nsito intestinal,flora intestinal,microbioma,microbiota,desequil\u00edbrio intestinal,desconforto intestinal,diarreia,alergias alimentares,rem\u00e9dio para tr\u00e2nsito intestinal,rem\u00e9dio para intestino,rem\u00e9dio probi\u00f3tico,suplemento probi\u00f3ticos."},"product_brand":[],"product_cat":[1234,818,954],"product_tag":[1161,1304],"hf_cat_product":[],"class_list":["post-19845","product","type-product","status-publish","has-post-thumbnail","product_cat-nutergia","product_cat-saude-e-bem-estar","product_cat-sistema-digestivo","product_tag-intestino","product_tag-probioticos","pa_funcao-intestino","pa_funcao-probioticos","first","onbackorder","shipping-taxable","purchasable","product-type-simple"],"_links":{"self":[{"href":"https:\/\/lojaespacos.com\/en\/wp-json\/wp\/v2\/product\/19845","targetHints":{"allow":["GET"]}}],"collection":[{"href":"https:\/\/lojaespacos.com\/en\/wp-json\/wp\/v2\/product"}],"about":[{"href":"https:\/\/lojaespacos.com\/en\/wp-json\/wp\/v2\/types\/product"}],"replies":[{"embeddable":true,"href":"https:\/\/lojaespacos.com\/en\/wp-json\/wp\/v2\/comments?post=19845"}],"wp:featuredmedia":[{"embeddable":true,"href":"https:\/\/lojaespacos.com\/en\/wp-json\/wp\/v2\/media\/19847"}],"wp:attachment":[{"href":"https:\/\/lojaespacos.com\/en\/wp-json\/wp\/v2\/media?parent=19845"}],"wp:term":[{"taxonomy":"product_brand","embeddable":true,"href":"https:\/\/lojaespacos.com\/en\/wp-json\/wp\/v2\/product_brand?post=19845"},{"taxonomy":"product_cat","embeddable":true,"href":"https:\/\/lojaespacos.com\/en\/wp-json\/wp\/v2\/product_cat?post=19845"},{"taxonomy":"product_tag","embeddable":true,"href":"https:\/\/lojaespacos.com\/en\/wp-json\/wp\/v2\/product_tag?post=19845"},{"taxonomy":"hf_cat_product","embeddable":true,"href":"https:\/\/lojaespacos.com\/en\/wp-json\/wp\/v2\/hf_cat_product?post=19845"}],"curies":[{"name":"wp","href":"https:\/\/api.w.org\/{rel}","templated":true}]}}

Ergyphilus ATB | Nutergia | 30 cápsulas | probióticos | antibióticos | microbiota

<p style="text-align: justify;"><strong>Ergyphilus ATB</strong> é um <strong>suplemento alimentar </strong>que tem uma sinergia de 3 estirpes <strong>probióticas</strong> revivificáveis (não microencapsuladas), rigorosamente seleccionadas pelas suas propriedades, doseadas a 7 mil milhões por cápsula.</p>
<p><strong>Ergyphilus ATB</strong> é aconselhado para<strong> acompanhar a toma de antibióticos</strong>, para suportar uma <strong>microbiota enfraquecida</strong>.</p>

<p>Ergyphilus ATB é um suplemento alimentar que tem uma sinergia de 3 estirpes probióticas revivificáveis (não microencapsuladas), rigorosamente seleccionadas pelas suas propriedades, doseadas a 7 mil milhões por cápsula. Ergyphilus ATB é aconselhado para acompanhar a toma de antibióticos, para suportar uma microbiota enfraquecida.</p>

probióticos,probiótico,remédio,suplemento,remédio natural,suplemento natural,intestino,regular a flora intestinal,regular o trânsito intestinal,flora intestinal,microbioma,microbiota,desequilíbrio intestinal,desconforto intestinal,diarreia,alergias alimentares,remédio para trânsito intestinal,remédio para intestino,remédio probiótico,suplemento probióticos.
