{"id":18575,"date":"2022-12-15T13:25:29","date_gmt":"2022-12-15T13:25:29","guid":{"rendered":"https:\/\/lojaespacos.com\/?post_type=product&#038;p=18575"},"modified":"2024-10-28T16:47:00","modified_gmt":"2024-10-28T16:47:00","slug":"esponja-de-luffa-croll-denecke-10cm-esponja-natural-esponja-de-loica-esponja-de-limpeza-esponja-de-banho","status":"publish","type":"product","link":"https:\/\/lojaespacos.com\/en\/loja\/cosmetica-e-higiene\/corpo\/esponja-de-luffa-croll-denecke-10cm-esponja-natural-esponja-de-loica-esponja-de-limpeza-esponja-de-banho\/","title":{"rendered":"Esponja de Luffa | Croll &#038; Denecke | 10cm | esponja natural | esponja de loi\u00e7a | esponja de limpeza | esponja de banho"},"content":{"rendered":"<p style=\"text-align: justify;\">A <strong>Luffa<\/strong> \u00e9 uma <strong>planta trepadeira<\/strong> anual. A esponja \u00e9 a parte interna fibrosa da fruta que pode ser usada quando seca, sendo completamente compost\u00e1vel.<\/p>\n<p style=\"text-align: justify;\">Solu\u00e7\u00e3o natural, ideal para usar na cozinha para <strong>substituir a esponja da loi\u00e7a<\/strong>, no banho como\u00a0<strong>esponja de esfolia\u00e7\u00e3o<\/strong>\u00a0da pele ou como esponja para as\u00a0<strong>limpezas da casa<\/strong>. Corte as esponjas de luffa \u00e0 medida que precisa e com a espessura que mais lhe agrada.<\/p>\n<p>Por ser um produto natural esta esponja pode variar entre os 10 cm e os 15 cm de comprimento e os 6 cm e os 8 cm de largura.<\/p>\n<p>Tamb\u00e9m existe uma op\u00e7\u00e3o com 15\/20cm de comprimento.<\/p>\n<p>&nbsp;<\/p>","protected":false},"excerpt":{"rendered":"<p><a href=\"https:\/\/lojaespacos.com\/en\/product-tag\/produto-portugues\/\"><img loading=\"lazy\" decoding=\"async\" class=\"alignnone wp-image-10501 size-full\" src=\"https:\/\/www.loja.espaco-s.com\/wp-content\/uploads\/2020\/06\/Nacional2.png\" alt=\"\" width=\"70\" height=\"70\" \/><\/a> <a href=\"https:\/\/lojaespacos.com\/en\/product-category\/produtos-veganos\/\"><img loading=\"lazy\" decoding=\"async\" class=\"alignnone wp-image-10502 size-full\" src=\"https:\/\/www.loja.espaco-s.com\/wp-content\/uploads\/2020\/06\/vegan2.png\" alt=\"\" width=\"70\" height=\"70\" \/><\/a><\/p>","protected":false},"featured_media":18576,"comment_status":"open","ping_status":"closed","template":"","meta":{"_seopress_titles_title":"","_seopress_titles_desc":"","_seopress_robots_index":"","_seopress_robots_follow":"","_seopress_robots_imageindex":"","_seopress_robots_snippet":"","_seopress_robots_primary_cat":"none","_seopress_robots_breadcrumbs":"","_seopress_robots_freeze_modified_date":"","_seopress_robots_custom_modified_date":"","_seopress_robots_canonical":"","_seopress_social_fb_title":"","_seopress_social_fb_desc":"","_seopress_social_fb_img":"","_seopress_social_fb_img_attachment_id":0,"_seopress_social_fb_img_width":0,"_seopress_social_fb_img_height":0,"_seopress_social_twitter_title":"","_seopress_social_twitter_desc":"","_seopress_social_twitter_img":"","_seopress_social_twitter_img_attachment_id":0,"_seopress_social_twitter_img_width":0,"_seopress_social_twitter_img_height":0,"_seopress_redirections_value":"","_seopress_redirections_enabled":"","_seopress_redirections_enabled_regex":"","_seopress_redirections_logged_status":"both","_seopress_redirections_param":"","_seopress_redirections_type":301,"_seopress_analysis_target_kw":""},"product_brand":[],"product_cat":[1348,1065,3720,1718,1146],"product_tag":[837,2713],"hf_cat_product":[],"class_list":["post-18575","product","type-product","status-publish","has-post-thumbnail","product_cat-corpo","product_cat-cosmetica-e-higiene","product_cat-croll-denecke","product_cat-higiene","product_cat-produtos-veganos","product_tag-lar","product_tag-vegan","pa_criterio-vegan","pa_funcao-lar","first","instock","sale","shipping-taxable","purchasable","product-type-simple"],"_links":{"self":[{"href":"https:\/\/lojaespacos.com\/en\/wp-json\/wp\/v2\/product\/18575","targetHints":{"allow":["GET"]}}],"collection":[{"href":"https:\/\/lojaespacos.com\/en\/wp-json\/wp\/v2\/product"}],"about":[{"href":"https:\/\/lojaespacos.com\/en\/wp-json\/wp\/v2\/types\/product"}],"replies":[{"embeddable":true,"href":"https:\/\/lojaespacos.com\/en\/wp-json\/wp\/v2\/comments?post=18575"}],"wp:featuredmedia":[{"embeddable":true,"href":"https:\/\/lojaespacos.com\/en\/wp-json\/wp\/v2\/media\/18576"}],"wp:attachment":[{"href":"https:\/\/lojaespacos.com\/en\/wp-json\/wp\/v2\/media?parent=18575"}],"wp:term":[{"taxonomy":"product_brand","embeddable":true,"href":"https:\/\/lojaespacos.com\/en\/wp-json\/wp\/v2\/product_brand?post=18575"},{"taxonomy":"product_cat","embeddable":true,"href":"https:\/\/lojaespacos.com\/en\/wp-json\/wp\/v2\/product_cat?post=18575"},{"taxonomy":"product_tag","embeddable":true,"href":"https:\/\/lojaespacos.com\/en\/wp-json\/wp\/v2\/product_tag?post=18575"},{"taxonomy":"hf_cat_product","embeddable":true,"href":"https:\/\/lojaespacos.com\/en\/wp-json\/wp\/v2\/hf_cat_product?post=18575"}],"curies":[{"name":"wp","href":"https:\/\/api.w.org\/{rel}","templated":true}]}}

Esponja de Luffa | Croll &#038; Denecke | 10cm | esponja natural | esponja de loiça | esponja de limpeza | esponja de banho

<p style="text-align: justify;">A <strong>Luffa</strong> é uma <strong>planta trepadeira</strong> anual. A esponja é a parte interna fibrosa da fruta que pode ser usada quando seca, sendo completamente compostável.</p>
<p style="text-align: justify;">Solução natural, ideal para usar na cozinha para <strong>substituir a esponja da loiça</strong>, no banho como <strong>esponja de esfoliação</strong> da pele ou como esponja para as <strong>limpezas da casa</strong>. Corte as esponjas de luffa à medida que precisa e com a espessura que mais lhe agrada.</p>
<p>Por ser um produto natural esta esponja pode variar entre os 10 cm e os 15 cm de comprimento e os 6 cm e os 8 cm de largura.</p>
<p>Também existe uma opção com 15/20cm de comprimento.</p>
<p>&nbsp;</p>
