{"id":18542,"date":"2022-12-12T11:48:06","date_gmt":"2022-12-12T11:48:06","guid":{"rendered":"https:\/\/lojaespacos.com\/?post_type=product&#038;p=18542"},"modified":"2026-07-10T16:36:54","modified_gmt":"2026-07-10T16:36:54","slug":"acerola-1000mg-naturmil-dietmed-60-comprimidos-fos-proteccao-celular-sistema-imunitario-vitamina-c","status":"publish","type":"product","link":"https:\/\/lojaespacos.com\/en\/loja\/marcas\/dietmed\/acerola-1000mg-naturmil-dietmed-60-comprimidos-fos-proteccao-celular-sistema-imunitario-vitamina-c\/","title":{"rendered":"Acerola 1000mg | Naturmil | Dietmed | 60 comprimidos | FOS | protec\u00e7\u00e3o celular | sistema imunit\u00e1rio | vitamina C"},"content":{"rendered":"<p style=\"text-align: justify;\"><strong>Acerola 1000mg com FOS <\/strong>da<strong> Naturmil<\/strong> \u00e9 um suplemento \u00e0 base de Acerola (<em>Malpighia glabra<\/em>), muito rica em Vitamina C,<strong>\u00a0altamente antioxidante<\/strong>, que <strong>estimula as defesas naturais e protege o organismo contra gripes e constipa\u00e7\u00f5es.<\/strong><\/p>\n<p style=\"text-align: justify;\">Para al\u00e9m disso, pela concentra\u00e7\u00e3o de Vitamina C que \u00e9 um co-factor da s\u00edntese de colag\u00e9nio e aumenta a absor\u00e7\u00e3o de ferro a partir da dieta, est\u00e1 particularmente indicado nos casos de maior debilidade f\u00edsica.<\/p>","protected":false},"excerpt":{"rendered":"<p><a href=\"https:\/\/lojaespacos.com\/en\/product-tag\/produto-portugues\/\"><img loading=\"lazy\" decoding=\"async\" class=\"alignnone wp-image-10501 size-full\" src=\"https:\/\/www.loja.espaco-s.com\/wp-content\/uploads\/2020\/06\/Nacional2.png\" alt=\"\" width=\"70\" height=\"70\" \/><\/a><a href=\"https:\/\/lojaespacos.com\/en\/product-tag\/sem-gluten\/\"><img loading=\"lazy\" decoding=\"async\" class=\"alignnone wp-image-10499 size-full\" src=\"https:\/\/www.loja.espaco-s.com\/wp-content\/uploads\/2020\/06\/gluten2.png\" alt=\"\" width=\"70\" height=\"70\" \/><\/a><a href=\"https:\/\/lojaespacos.com\/en\/product-tag\/sem-lactose\/\"><img loading=\"lazy\" decoding=\"async\" class=\"alignnone wp-image-10500 size-full\" src=\"https:\/\/www.loja.espaco-s.com\/wp-content\/uploads\/2020\/06\/lacto2.png\" alt=\"\" width=\"70\" height=\"70\" \/><\/a><a href=\"https:\/\/lojaespacos.com\/en\/product-category\/produtos-veganos\/\"><img loading=\"lazy\" decoding=\"async\" class=\"alignnone wp-image-10502 size-full\" src=\"https:\/\/www.loja.espaco-s.com\/wp-content\/uploads\/2020\/06\/vegan2.png\" alt=\"\" width=\"70\" height=\"70\" \/><\/a><\/p>","protected":false},"featured_media":18547,"comment_status":"open","ping_status":"closed","template":"","meta":{"_seopress_titles_title":"%%sitetitle%% | %%post_title%%","_seopress_titles_desc":"%%post_content%%","_seopress_robots_index":"","_seopress_robots_follow":"","_seopress_robots_imageindex":"","_seopress_robots_snippet":"","_seopress_robots_primary_cat":"","_seopress_robots_breadcrumbs":"","_seopress_robots_freeze_modified_date":"","_seopress_robots_custom_modified_date":"","_seopress_robots_canonical":"","_seopress_social_fb_title":"","_seopress_social_fb_desc":"","_seopress_social_fb_img":"","_seopress_social_fb_img_attachment_id":0,"_seopress_social_fb_img_width":0,"_seopress_social_fb_img_height":0,"_seopress_social_twitter_title":"","_seopress_social_twitter_desc":"","_seopress_social_twitter_img":"","_seopress_social_twitter_img_attachment_id":0,"_seopress_social_twitter_img_width":0,"_seopress_social_twitter_img_height":0,"_seopress_redirections_value":"","_seopress_redirections_enabled":"","_seopress_redirections_enabled_regex":"","_seopress_redirections_logged_status":"both","_seopress_redirections_param":"","_seopress_redirections_type":301,"_seopress_analysis_target_kw":"rem\u00e9dio,suplemento,rem\u00e9dio natural,suplemento natural,suplemento vitam\u00ednico,fadiga,defesas naturais,aumentar as defesas,proteger de gripes e constipa\u00e7\u00f5es,gripes e constipa\u00e7\u00f5es,rico em vitamina c,altamente antioxidante"},"product_brand":[],"product_cat":[1053,1146,818,1041,1147,1131],"product_tag":[903,965,4058,861,869,870,2713],"hf_cat_product":[],"class_list":["post-18542","product","type-product","status-publish","has-post-thumbnail","product_cat-dietmed","product_cat-produtos-veganos","product_cat-saude-e-bem-estar","product_cat-sistema-imunitario","product_cat-suplementos","product_cat-tonicos-vitaminas-minerais","product_tag-antioxidante","product_tag-gripes-e-constipacoes","product_tag-inverno","product_tag-produto-portugues","product_tag-sem-gluten","product_tag-sem-lactose","product_tag-vegan","pa_criterio-produto-portugues","pa_criterio-sem-gluten","pa_criterio-sem-lactose","pa_criterio-vegan","pa_funcao-antioxidante","pa_funcao-gripes-e-constipacoes","first","instock","sale","shipping-taxable","purchasable","product-type-simple"],"_links":{"self":[{"href":"https:\/\/lojaespacos.com\/en\/wp-json\/wp\/v2\/product\/18542","targetHints":{"allow":["GET"]}}],"collection":[{"href":"https:\/\/lojaespacos.com\/en\/wp-json\/wp\/v2\/product"}],"about":[{"href":"https:\/\/lojaespacos.com\/en\/wp-json\/wp\/v2\/types\/product"}],"replies":[{"embeddable":true,"href":"https:\/\/lojaespacos.com\/en\/wp-json\/wp\/v2\/comments?post=18542"}],"wp:featuredmedia":[{"embeddable":true,"href":"https:\/\/lojaespacos.com\/en\/wp-json\/wp\/v2\/media\/18547"}],"wp:attachment":[{"href":"https:\/\/lojaespacos.com\/en\/wp-json\/wp\/v2\/media?parent=18542"}],"wp:term":[{"taxonomy":"product_brand","embeddable":true,"href":"https:\/\/lojaespacos.com\/en\/wp-json\/wp\/v2\/product_brand?post=18542"},{"taxonomy":"product_cat","embeddable":true,"href":"https:\/\/lojaespacos.com\/en\/wp-json\/wp\/v2\/product_cat?post=18542"},{"taxonomy":"product_tag","embeddable":true,"href":"https:\/\/lojaespacos.com\/en\/wp-json\/wp\/v2\/product_tag?post=18542"},{"taxonomy":"hf_cat_product","embeddable":true,"href":"https:\/\/lojaespacos.com\/en\/wp-json\/wp\/v2\/hf_cat_product?post=18542"}],"curies":[{"name":"wp","href":"https:\/\/api.w.org\/{rel}","templated":true}]}}

Acerola 1000mg | Naturmil | Dietmed | 60 comprimidos | FOS | protecção celular | sistema imunitário | vitamina C

<p style="text-align: justify;"><strong>Acerola 1000mg com FOS </strong>da<strong> Naturmil</strong> é um suplemento à base de Acerola (<em>Malpighia glabra</em>), muito rica em Vitamina C,<strong> altamente antioxidante</strong>, que <strong>estimula as defesas naturais e protege o organismo contra gripes e constipações.</strong></p>
<p style="text-align: justify;">Para além disso, pela concentração de Vitamina C que é um co-factor da síntese de colagénio e aumenta a absorção de ferro a partir da dieta, está particularmente indicado nos casos de maior debilidade física.</p>

remédio,suplemento,remédio natural,suplemento natural,suplemento vitamínico,fadiga,defesas naturais,aumentar as defesas,proteger de gripes e constipações,gripes e constipações,rico em vitamina c,altamente antioxidante
