{"id":18427,"date":"2022-11-26T10:20:45","date_gmt":"2022-11-26T10:20:45","guid":{"rendered":"https:\/\/lojaespacos.com\/?post_type=product&#038;p=18427"},"modified":"2023-04-12T11:52:39","modified_gmt":"2023-04-12T11:52:39","slug":"olho-turco-pendente-amuleto-proteccao-mau-olhado-talisma","status":"publish","type":"product","link":"https:\/\/lojaespacos.com\/en\/loja\/artigos-esotericos\/amuletos\/olho-turco-pendente-amuleto-proteccao-mau-olhado-talisma\/","title":{"rendered":"Olho Turco (pendente) | amuleto | protec\u00e7\u00e3o | mau-olhado | talism\u00e3"},"content":{"rendered":"<p align=\"JUSTIFY\">O<strong> Olho Turco<\/strong> (tamb\u00e9m conhecido por Olho grego, Olho azul ou Nazar) \u00e9 um <strong>amuleto popular<\/strong>, comum na <strong>Turquia<\/strong>, destinado a<strong> proteger o seu portador<\/strong>, ou o <strong>local<\/strong> onde \u00e9 colocado, do<strong> mau-olhado<\/strong>.<\/p>\n<p align=\"JUSTIFY\">\u00c9 muito utilizado em casas, escrit\u00f3rios, em j\u00f3ias, dentro dos ve\u00edculos, pendurado em portas, usado ao pesco\u00e7o ou em pulseiras... Normalmente, consiste num <strong>objecto de vidro<\/strong>, em forma de c\u00edrculo ou gota, com c\u00edrculos conc\u00eantricos ou em forma de gotas em que, de dentro para fora, aparece a cor azul escuro (ou preto), azul claro, branco e azul escuro.<\/p>\n<p align=\"JUSTIFY\">Tenta representar um<strong> olho divino<\/strong>, que concede <strong>protec\u00e7\u00e3o<\/strong> contra a <strong>energia negativa e a inveja<\/strong>.<\/p>\n<p align=\"JUSTIFY\">Este amuleto \u00e9 usado em todo o mundo, por pessoas de diferentes credos, porque tornou-se um <strong>talism\u00e3 de protec\u00e7\u00e3o e sorte universal<\/strong>.<\/p>\n<p align=\"JUSTIFY\">Este <strong>olho turco<\/strong> \u00e9 <strong>redondo<\/strong>,<strong> est\u00e1 furado<\/strong> e tem um fio para poder ser pendurado. Tem cerca de 6<strong>cm de di\u00e2metro<\/strong>.<\/p>","protected":false},"excerpt":{"rendered":"<p>O Olho Turco (tamb\u00e9m conhecido por Olho grego, Olho azul ou Nazar) \u00e9 um amuleto popular, comum na Turquia, destinado a proteger o seu portador, ou o local onde \u00e9 colocado, do mau-olhado. \u00c9 muito utilizado em casas, escrit\u00f3rios, em j\u00f3ias, dentro dos ve\u00edculos, pendurado em portas, usado ao pesco\u00e7o ou em pulseiras... Normalmente, consiste [&hellip;]<\/p>\n","protected":false},"featured_media":18428,"comment_status":"open","ping_status":"closed","template":"","meta":{"_seopress_titles_title":"","_seopress_titles_desc":"","_seopress_robots_index":"","_seopress_robots_follow":"","_seopress_robots_imageindex":"","_seopress_robots_snippet":"","_seopress_robots_primary_cat":"none","_seopress_robots_breadcrumbs":"","_seopress_robots_freeze_modified_date":"","_seopress_robots_custom_modified_date":"","_seopress_robots_canonical":"","_seopress_social_fb_title":"","_seopress_social_fb_desc":"","_seopress_social_fb_img":"","_seopress_social_fb_img_attachment_id":0,"_seopress_social_fb_img_width":0,"_seopress_social_fb_img_height":0,"_seopress_social_twitter_title":"","_seopress_social_twitter_desc":"","_seopress_social_twitter_img":"","_seopress_social_twitter_img_attachment_id":0,"_seopress_social_twitter_img_width":0,"_seopress_social_twitter_img_height":0,"_seopress_redirections_value":"","_seopress_redirections_enabled":"","_seopress_redirections_enabled_regex":"","_seopress_redirections_logged_status":"both","_seopress_redirections_param":"","_seopress_redirections_type":301,"_seopress_analysis_target_kw":""},"product_brand":[],"product_cat":[2198,830,1990],"product_tag":[843,844],"hf_cat_product":[],"class_list":["post-18427","product","type-product","status-publish","has-post-thumbnail","product_cat-amuletos","product_cat-artigos-esotericos","product_cat-decoracao","product_tag-mau-olhado","product_tag-proteccao","pa_funcao-mau-olhado","pa_funcao-proteccao","first","outofstock","shipping-taxable","purchasable","product-type-simple"],"_links":{"self":[{"href":"https:\/\/lojaespacos.com\/en\/wp-json\/wp\/v2\/product\/18427","targetHints":{"allow":["GET"]}}],"collection":[{"href":"https:\/\/lojaespacos.com\/en\/wp-json\/wp\/v2\/product"}],"about":[{"href":"https:\/\/lojaespacos.com\/en\/wp-json\/wp\/v2\/types\/product"}],"replies":[{"embeddable":true,"href":"https:\/\/lojaespacos.com\/en\/wp-json\/wp\/v2\/comments?post=18427"}],"wp:featuredmedia":[{"embeddable":true,"href":"https:\/\/lojaespacos.com\/en\/wp-json\/wp\/v2\/media\/18428"}],"wp:attachment":[{"href":"https:\/\/lojaespacos.com\/en\/wp-json\/wp\/v2\/media?parent=18427"}],"wp:term":[{"taxonomy":"product_brand","embeddable":true,"href":"https:\/\/lojaespacos.com\/en\/wp-json\/wp\/v2\/product_brand?post=18427"},{"taxonomy":"product_cat","embeddable":true,"href":"https:\/\/lojaespacos.com\/en\/wp-json\/wp\/v2\/product_cat?post=18427"},{"taxonomy":"product_tag","embeddable":true,"href":"https:\/\/lojaespacos.com\/en\/wp-json\/wp\/v2\/product_tag?post=18427"},{"taxonomy":"hf_cat_product","embeddable":true,"href":"https:\/\/lojaespacos.com\/en\/wp-json\/wp\/v2\/hf_cat_product?post=18427"}],"curies":[{"name":"wp","href":"https:\/\/api.w.org\/{rel}","templated":true}]}}

Olho Turco (pendente) | amuleto | protecção | mau-olhado | talismã

<p align="JUSTIFY">O<strong> Olho Turco</strong> (também conhecido por Olho grego, Olho azul ou Nazar) é um <strong>amuleto popular</strong>, comum na <strong>Turquia</strong>, destinado a<strong> proteger o seu portador</strong>, ou o <strong>local</strong> onde é colocado, do<strong> mau-olhado</strong>.</p>
<p align="JUSTIFY">É muito utilizado em casas, escritórios, em jóias, dentro dos veículos, pendurado em portas, usado ao pescoço ou em pulseiras... Normalmente, consiste num <strong>objecto de vidro</strong>, em forma de círculo ou gota, com círculos concêntricos ou em forma de gotas em que, de dentro para fora, aparece a cor azul escuro (ou preto), azul claro, branco e azul escuro.</p>
<p align="JUSTIFY">Tenta representar um<strong> olho divino</strong>, que concede <strong>protecção</strong> contra a <strong>energia negativa e a inveja</strong>.</p>
<p align="JUSTIFY">Este amuleto é usado em todo o mundo, por pessoas de diferentes credos, porque tornou-se um <strong>talismã de protecção e sorte universal</strong>.</p>
<p align="JUSTIFY">Este <strong>olho turco</strong> é <strong>redondo</strong>,<strong> está furado</strong> e tem um fio para poder ser pendurado. Tem cerca de 6<strong>cm de diâmetro</strong>.</p>

<p>O Olho Turco (também conhecido por Olho grego, Olho azul ou Nazar) é um amuleto popular, comum na Turquia, destinado a proteger o seu portador, ou o local onde é colocado, do mau-olhado. É muito utilizado em casas, escritórios, em jóias, dentro dos veículos, pendurado em portas, usado ao pescoço ou em pulseiras... Normalmente, consiste [&hellip;]</p>
