{"id":17958,"date":"2022-08-24T09:59:33","date_gmt":"2022-08-24T09:59:33","guid":{"rendered":"https:\/\/lojaespacos.com\/?post_type=product&#038;p=17958"},"modified":"2025-02-06T15:08:32","modified_gmt":"2025-02-06T15:08:32","slug":"rodiola-300mg-naturmil-dietmed-60-comprimidos-vitamina-c-cansaco-fadiga-sistema-nervoso","status":"publish","type":"product","link":"https:\/\/lojaespacos.com\/en\/loja\/marcas\/dietmed\/rodiola-300mg-naturmil-dietmed-60-comprimidos-vitamina-c-cansaco-fadiga-sistema-nervoso\/","title":{"rendered":"Rodiola 300mg | Naturmil | Dietmed | 60 comprimidos | vitamina C | cansa\u00e7o | fadiga | sistema nervoso"},"content":{"rendered":"<p style=\"text-align: justify;\"><strong>Rodiola com vitamina C 300mg <\/strong>da<strong> Naturmil<\/strong> \u00e9 um suplemento \u00e0 base de um extracto seco de<strong> Rhodiola rosea<\/strong>, cujas <strong>propriedades adaptog\u00e9nicas<\/strong> ajudam a<strong> prevenir os efeitos prejudiciais do stress<\/strong> (mental, f\u00edsico e ambiental) no organismo, atrav\u00e9s de uma resposta fisiol\u00f3gica a altera\u00e7\u00f5es internas e externas da homeostase. Assim, pode ser utilizada em caso de<strong> menor resist\u00eancia ao stress<\/strong>,<strong> altera\u00e7\u00f5es do sistema nervoso<\/strong>, <strong>cansa\u00e7o e fadiga<\/strong> (actua como <strong>t\u00f3nico cerebral<\/strong>) e para proteger o<strong> sistema imunit\u00e1rio<\/strong>.<\/p>\n<p>&nbsp;<\/p>\n<p>&nbsp;<\/p>","protected":false},"excerpt":{"rendered":"<p><a href=\"https:\/\/lojaespacos.com\/en\/product-tag\/produto-portugues\/\"><img loading=\"lazy\" decoding=\"async\" class=\"alignnone wp-image-10501 size-full\" src=\"https:\/\/www.loja.espaco-s.com\/wp-content\/uploads\/2020\/06\/Nacional2.png\" alt=\"\" width=\"70\" height=\"70\" \/><\/a><a href=\"https:\/\/lojaespacos.com\/en\/product-tag\/sem-gluten\/\"><img loading=\"lazy\" decoding=\"async\" class=\"alignnone wp-image-10499 size-full\" src=\"https:\/\/www.loja.espaco-s.com\/wp-content\/uploads\/2020\/06\/gluten2.png\" alt=\"\" width=\"70\" height=\"70\" \/><\/a><a href=\"https:\/\/lojaespacos.com\/en\/product-tag\/sem-lactose\/\"><img loading=\"lazy\" decoding=\"async\" class=\"alignnone wp-image-10500 size-full\" src=\"https:\/\/www.loja.espaco-s.com\/wp-content\/uploads\/2020\/06\/lacto2.png\" alt=\"\" width=\"70\" height=\"70\" \/><\/a><a href=\"https:\/\/lojaespacos.com\/en\/product-category\/produtos-veganos\/\"><img loading=\"lazy\" decoding=\"async\" class=\"alignnone wp-image-10502 size-full\" src=\"https:\/\/www.loja.espaco-s.com\/wp-content\/uploads\/2020\/06\/vegan2.png\" alt=\"\" width=\"70\" height=\"70\" \/><\/a><\/p>","protected":false},"featured_media":17987,"comment_status":"open","ping_status":"closed","template":"","meta":{"_seopress_titles_title":"%%sitetitle%% | %%post_title%%","_seopress_titles_desc":"%%post_content%%","_seopress_robots_index":"","_seopress_robots_follow":"","_seopress_robots_imageindex":"","_seopress_robots_snippet":"","_seopress_robots_primary_cat":"none","_seopress_robots_breadcrumbs":"","_seopress_robots_freeze_modified_date":"","_seopress_robots_custom_modified_date":"","_seopress_robots_canonical":"","_seopress_social_fb_title":"","_seopress_social_fb_desc":"","_seopress_social_fb_img":"","_seopress_social_fb_img_attachment_id":0,"_seopress_social_fb_img_width":0,"_seopress_social_fb_img_height":0,"_seopress_social_twitter_title":"","_seopress_social_twitter_desc":"","_seopress_social_twitter_img":"","_seopress_social_twitter_img_attachment_id":0,"_seopress_social_twitter_img_width":0,"_seopress_social_twitter_img_height":0,"_seopress_redirections_value":"","_seopress_redirections_enabled":"","_seopress_redirections_enabled_regex":"","_seopress_redirections_logged_status":"both","_seopress_redirections_param":"","_seopress_redirections_type":301,"_seopress_analysis_target_kw":"rem\u00e9dio,suplemento,rem\u00e9dio natural,suplemento natural,suplemento vitam\u00ednico,fun\u00e7\u00e3o psicol\u00f3gica,sistema nervoso,adaptog\u00e9nico,propriedades adaptog\u00e9nicas,resist\u00eancia ao stress,stress,cansa\u00e7o,fadiga,t\u00f3nico cerebral,proteger o sistema nervoso,equilibrar o sistema nervoso"},"product_brand":[],"product_cat":[1053,1146,818,906,1147],"product_tag":[929,1285,910,1221,861,869,870,911,2713],"hf_cat_product":[],"class_list":["post-17958","product","type-product","status-publish","has-post-thumbnail","product_cat-dietmed","product_cat-produtos-veganos","product_cat-saude-e-bem-estar","product_cat-sistema-nervoso","product_cat-suplementos","product_tag-adaptogenico","product_tag-cansaco-mental","product_tag-fadiga","product_tag-funcao-cognitiva","product_tag-produto-portugues","product_tag-sem-gluten","product_tag-sem-lactose","product_tag-stress","product_tag-vegan","pa_criterio-produto-portugues","pa_criterio-sem-gluten","pa_criterio-sem-lactose","pa_criterio-vegan","pa_funcao-adaptogenico","pa_funcao-cansaco-mental","pa_funcao-fadiga","pa_funcao-funcao-cognitiva","pa_funcao-stress","first","instock","sale","shipping-taxable","purchasable","product-type-simple"],"_links":{"self":[{"href":"https:\/\/lojaespacos.com\/en\/wp-json\/wp\/v2\/product\/17958","targetHints":{"allow":["GET"]}}],"collection":[{"href":"https:\/\/lojaespacos.com\/en\/wp-json\/wp\/v2\/product"}],"about":[{"href":"https:\/\/lojaespacos.com\/en\/wp-json\/wp\/v2\/types\/product"}],"replies":[{"embeddable":true,"href":"https:\/\/lojaespacos.com\/en\/wp-json\/wp\/v2\/comments?post=17958"}],"wp:featuredmedia":[{"embeddable":true,"href":"https:\/\/lojaespacos.com\/en\/wp-json\/wp\/v2\/media\/17987"}],"wp:attachment":[{"href":"https:\/\/lojaespacos.com\/en\/wp-json\/wp\/v2\/media?parent=17958"}],"wp:term":[{"taxonomy":"product_brand","embeddable":true,"href":"https:\/\/lojaespacos.com\/en\/wp-json\/wp\/v2\/product_brand?post=17958"},{"taxonomy":"product_cat","embeddable":true,"href":"https:\/\/lojaespacos.com\/en\/wp-json\/wp\/v2\/product_cat?post=17958"},{"taxonomy":"product_tag","embeddable":true,"href":"https:\/\/lojaespacos.com\/en\/wp-json\/wp\/v2\/product_tag?post=17958"},{"taxonomy":"hf_cat_product","embeddable":true,"href":"https:\/\/lojaespacos.com\/en\/wp-json\/wp\/v2\/hf_cat_product?post=17958"}],"curies":[{"name":"wp","href":"https:\/\/api.w.org\/{rel}","templated":true}]}}

Rodiola 300mg | Naturmil | Dietmed | 60 comprimidos | vitamina C | cansaço | fadiga | sistema nervoso

<p style="text-align: justify;"><strong>Rodiola com vitamina C 300mg </strong>da<strong> Naturmil</strong> é um suplemento à base de um extracto seco de<strong> Rhodiola rosea</strong>, cujas <strong>propriedades adaptogénicas</strong> ajudam a<strong> prevenir os efeitos prejudiciais do stress</strong> (mental, físico e ambiental) no organismo, através de uma resposta fisiológica a alterações internas e externas da homeostase. Assim, pode ser utilizada em caso de<strong> menor resistência ao stress</strong>,<strong> alterações do sistema nervoso</strong>, <strong>cansaço e fadiga</strong> (actua como <strong>tónico cerebral</strong>) e para proteger o<strong> sistema imunitário</strong>.</p>
<p>&nbsp;</p>
<p>&nbsp;</p>

remédio,suplemento,remédio natural,suplemento natural,suplemento vitamínico,função psicológica,sistema nervoso,adaptogénico,propriedades adaptogénicas,resistência ao stress,stress,cansaço,fadiga,tónico cerebral,proteger o sistema nervoso,equilibrar o sistema nervoso
