{"id":1392,"date":"2021-09-28T09:47:51","date_gmt":"2021-09-28T09:47:51","guid":{"rendered":"https:\/\/lojaespacos.com\/?post_type=product&#038;p=1392"},"modified":"2025-01-31T16:30:27","modified_gmt":"2025-01-31T16:30:27","slug":"carvao-activo-bio-hera-40-comprimidos-aerofagia-flatulencia-colites","status":"publish","type":"product","link":"https:\/\/lojaespacos.com\/en\/loja\/marcas\/bio-hera\/carvao-activo-bio-hera-40-comprimidos-aerofagia-flatulencia-colites\/","title":{"rendered":"Carv\u00e3o activo | Bio-Hera | 40 comprimidos | aerofagia | flatul\u00eancia | colites"},"content":{"rendered":"<p style=\"text-align: justify;\"><strong>Carv\u00e3o Activo<\/strong>\u00a0\u00e9 um suplemento \u00e0 base de\u00a0<strong>carv\u00e3o vegetal activado<\/strong>, com Anis Verde, Funcho, Hortel\u00e3-pimenta e acid\u00f3filos, para situa\u00e7\u00f5es de\u00a0<strong>aerofagia, flatul\u00eancia, digest\u00f5es dif\u00edceis, dores abdominais e colites espasm\u00f3dicas<\/strong>.<\/p>\n<p style=\"text-align: justify;\">O Carv\u00e3o vegetal activado\u00a0vai ajudar na<strong>\u00a0elimina\u00e7\u00e3o de subst\u00e2ncias t\u00f3xicas<\/strong>, n\u00e3o necess\u00e1rias ao nosso organismo. O Anis verde tem uma actividade estrog\u00e9nica, sendo considerado um excelente\u00a0<strong>estimulante da digest\u00e3o<\/strong>\u00a0e indicado para tratar\u00a0<strong>perturba\u00e7\u00f5es nervosas<\/strong>\u00a0ligeiras. O Funcho \u00e9 rico em anatole, subst\u00e2ncia estimulante e digestiva, indicada para perturba\u00e7\u00f5es digestivas tais como:\u00a0<strong>dores abdominais, colites espasm\u00f3dicas, digest\u00e3o dif\u00edcil, aerofagia e flatul\u00eancia<\/strong>. A Hortel\u00e3-pimenta cont\u00e9m um \u00f3leo essencial que estimula as fun\u00e7\u00f5es digestivas, ao mesmo tempo que\u00a0<strong>acelera o tr\u00e2nsito intestinal<\/strong>\u00a0a fim de evitar ao m\u00e1ximo o contacto com subst\u00e2ncias t\u00f3xicas a serem eliminadas pelas fezes, permitindo r\u00e1pido al\u00edvio no combate \u00e0<strong>\u00a0flatul\u00eancia<\/strong>. Os acid\u00f3filos (probi\u00f3ticos) s\u00e3o uma esp\u00e9cie de bact\u00e9rias intestinais extremamente ben\u00e9ficas, que mant\u00eam o intestino a funcionar regularmente, contribuindo para a redu\u00e7\u00e3o do\u00a0<strong>mau h\u00e1lito por m\u00e1 digest\u00e3o, obstipa\u00e7\u00e3o e flatul\u00eancias f\u00e9tidas.<\/strong><\/p>","protected":false},"excerpt":{"rendered":"<h3 style=\"text-align: center;\"><\/h3>\n<p><a href=\"https:\/\/lojaespacos.com\/en\/product-tag\/produto-portugues\/\"><img loading=\"lazy\" decoding=\"async\" class=\"alignnone wp-image-10501 size-full\" src=\"https:\/\/www.loja.espaco-s.com\/wp-content\/uploads\/2020\/06\/Nacional2.png\" alt=\"\" width=\"70\" height=\"70\" \/><\/a><\/p>","protected":false},"featured_media":16676,"comment_status":"open","ping_status":"closed","template":"","meta":{"_seopress_titles_title":"%%sitetitle%% | %%post_title%%","_seopress_titles_desc":"%%post_content%%","_seopress_robots_index":"","_seopress_robots_follow":"","_seopress_robots_imageindex":"","_seopress_robots_snippet":"","_seopress_robots_primary_cat":"none","_seopress_robots_breadcrumbs":"","_seopress_robots_freeze_modified_date":"","_seopress_robots_custom_modified_date":"","_seopress_robots_canonical":"","_seopress_social_fb_title":"","_seopress_social_fb_desc":"","_seopress_social_fb_img":"","_seopress_social_fb_img_attachment_id":0,"_seopress_social_fb_img_width":0,"_seopress_social_fb_img_height":0,"_seopress_social_twitter_title":"","_seopress_social_twitter_desc":"","_seopress_social_twitter_img":"","_seopress_social_twitter_img_attachment_id":0,"_seopress_social_twitter_img_width":0,"_seopress_social_twitter_img_height":0,"_seopress_redirections_value":"","_seopress_redirections_enabled":"","_seopress_redirections_enabled_regex":"","_seopress_redirections_logged_status":"both","_seopress_redirections_param":"","_seopress_redirections_type":301,"_seopress_analysis_target_kw":"carv\u00e3o vegetal activado,Anis Verde,Funcho,Hortel\u00e3-pimenta,probi\u00f3ticos,aerofagia,flatul\u00eancia,gases,digest\u00f5es dif\u00edceis,dores abdominais,colites espasm\u00f3dicas,elimina\u00e7\u00e3o de subst\u00e2ncias t\u00f3xicas,estimulante da digest\u00e3o,digest\u00e3o dif\u00edcil,tr\u00e2nsito intestinal,mau h\u00e1lito,obstipa\u00e7\u00e3o,flatul\u00eancias f\u00e9tidas,rem\u00e9dio,suplemento,rem\u00e9dio natural,suplemento natural,suplemento vitam\u00ednico,carv\u00e3o vegetal,carv\u00e3o activado,rem\u00e9dio para gases,rem\u00e9dio para digest\u00e3o,rem\u00e9dio para flatul\u00eancia"},"product_brand":[],"product_cat":[851,818,954],"product_tag":[1259,967,943,1276,1161,861],"hf_cat_product":[],"class_list":["post-1392","product","type-product","status-publish","has-post-thumbnail","product_cat-bio-hera","product_cat-saude-e-bem-estar","product_cat-sistema-digestivo","product_tag-colite","product_tag-detox","product_tag-digestao","product_tag-flatulencia","product_tag-intestino","product_tag-produto-portugues","pa_criterio-produto-portugues","pa_funcao-colite","pa_funcao-detox","pa_funcao-digestao","pa_funcao-flatulencia","pa_funcao-intestino","first","onbackorder","shipping-taxable","purchasable","product-type-simple"],"_links":{"self":[{"href":"https:\/\/lojaespacos.com\/en\/wp-json\/wp\/v2\/product\/1392","targetHints":{"allow":["GET"]}}],"collection":[{"href":"https:\/\/lojaespacos.com\/en\/wp-json\/wp\/v2\/product"}],"about":[{"href":"https:\/\/lojaespacos.com\/en\/wp-json\/wp\/v2\/types\/product"}],"replies":[{"embeddable":true,"href":"https:\/\/lojaespacos.com\/en\/wp-json\/wp\/v2\/comments?post=1392"}],"wp:featuredmedia":[{"embeddable":true,"href":"https:\/\/lojaespacos.com\/en\/wp-json\/wp\/v2\/media\/16676"}],"wp:attachment":[{"href":"https:\/\/lojaespacos.com\/en\/wp-json\/wp\/v2\/media?parent=1392"}],"wp:term":[{"taxonomy":"product_brand","embeddable":true,"href":"https:\/\/lojaespacos.com\/en\/wp-json\/wp\/v2\/product_brand?post=1392"},{"taxonomy":"product_cat","embeddable":true,"href":"https:\/\/lojaespacos.com\/en\/wp-json\/wp\/v2\/product_cat?post=1392"},{"taxonomy":"product_tag","embeddable":true,"href":"https:\/\/lojaespacos.com\/en\/wp-json\/wp\/v2\/product_tag?post=1392"},{"taxonomy":"hf_cat_product","embeddable":true,"href":"https:\/\/lojaespacos.com\/en\/wp-json\/wp\/v2\/hf_cat_product?post=1392"}],"curies":[{"name":"wp","href":"https:\/\/api.w.org\/{rel}","templated":true}]}}

Carvão activo | Bio-Hera | 40 comprimidos | aerofagia | flatulência | colites

<p style="text-align: justify;"><strong>Carvão Activo</strong> é um suplemento à base de <strong>carvão vegetal activado</strong>, com Anis Verde, Funcho, Hortelã-pimenta e acidófilos, para situações de <strong>aerofagia, flatulência, digestões difíceis, dores abdominais e colites espasmódicas</strong>.</p>
<p style="text-align: justify;">O Carvão vegetal activado vai ajudar na<strong> eliminação de substâncias tóxicas</strong>, não necessárias ao nosso organismo. O Anis verde tem uma actividade estrogénica, sendo considerado um excelente <strong>estimulante da digestão</strong> e indicado para tratar <strong>perturbações nervosas</strong> ligeiras. O Funcho é rico em anatole, substância estimulante e digestiva, indicada para perturbações digestivas tais como: <strong>dores abdominais, colites espasmódicas, digestão difícil, aerofagia e flatulência</strong>. A Hortelã-pimenta contém um óleo essencial que estimula as funções digestivas, ao mesmo tempo que <strong>acelera o trânsito intestinal</strong> a fim de evitar ao máximo o contacto com substâncias tóxicas a serem eliminadas pelas fezes, permitindo rápido alívio no combate à<strong> flatulência</strong>. Os acidófilos (probióticos) são uma espécie de bactérias intestinais extremamente benéficas, que mantêm o intestino a funcionar regularmente, contribuindo para a redução do <strong>mau hálito por má digestão, obstipação e flatulências fétidas.</strong></p>

carvão vegetal activado,Anis Verde,Funcho,Hortelã-pimenta,probióticos,aerofagia,flatulência,gases,digestões difíceis,dores abdominais,colites espasmódicas,eliminação de substâncias tóxicas,estimulante da digestão,digestão difícil,trânsito intestinal,mau hálito,obstipação,flatulências fétidas,remédio,suplemento,remédio natural,suplemento natural,suplemento vitamínico,carvão vegetal,carvão activado,remédio para gases,remédio para digestão,remédio para flatulência
