{"id":1285,"date":"2021-09-28T09:47:07","date_gmt":"2021-09-28T09:47:07","guid":{"rendered":"https:\/\/lojaespacos.com\/?post_type=product&#038;p=1285"},"modified":"2026-04-13T13:51:01","modified_gmt":"2026-04-13T13:51:01","slug":"artiprot-mjs-med-30-capsulas-30-saquetas-problemas-osteoarticulares","status":"publish","type":"product","link":"https:\/\/lojaespacos.com\/en\/loja\/saude-e-bem-estar\/articulacoes-ossos\/artiprot-mjs-med-30-capsulas-30-saquetas-problemas-osteoarticulares\/","title":{"rendered":"Artiprot | MJS Med | 30 c\u00e1psulas + 30 saquetas | problemas osteoarticulares"},"content":{"rendered":"<h2 style=\"text-align: center;\"><strong>Artiprot - Suplemento para Osteoporose, Artrites e Osteoartrites<\/strong><\/h2>\n<p style=\"text-align: justify;\"><strong>Artiprot<\/strong>\u00a0\u00e9 um suplemento alimentar concebido para o tratamento de\u00a0problemas\u00a0<strong>osteoarticulares<\/strong>\u00a0diversos, tais como,\u00a0<strong>osteoporose,\u00a0artrites,\u00a0osteoartrites, associados a\u00a0problemas metab\u00f3licos,\u00a0degenerativos\u00a0e\u00a0inflamat\u00f3rios<\/strong>. Esta f\u00f3rmula \u00fanica combina sais minerais, extractos de plantas e prote\u00ednas enzim\u00e1ticas, que agem de forma sin\u00e9rgica no tratamento dos referidos problemas. A sua efic\u00e1cia tem sido confirmada por in\u00fameros m\u00e9dicos e farmac\u00eauticos em toda a Europa, por <strong>ensaios \u201cin vivo\u201d<\/strong>, tendo uma\u00a0<strong>efic\u00e1cia de 99%\u00a0no tratamento<\/strong> de problemas metab\u00f3licos, inflamat\u00f3rios e degenerativos associados ao <strong>tecido \u00f3sseo, cartilaginoso e conjuntivo<\/strong>.<\/p>\n<p style=\"text-align: justify;\">Este produto usado em conjunto com Protocolagem permite obter melhores resultados.<\/p>\n<p style=\"text-align: justify;\"><strong>Artiprot<\/strong> tem uma <strong>saqueta<\/strong> \u00e0 base de <strong>Colag\u00e9nio<\/strong> hidrolisado, Sulfato de <strong>glucosamina, MSM<\/strong>, Sulfato de<strong> condroitina<\/strong> marinho, <strong>Vitamina C, Zinco, S\u00f3dio e Cobre<\/strong>. E uma <strong>c\u00e1psula<\/strong> \u00e0 base de <strong>Harpago, Boswellia serrata e Erva-cidreira<\/strong>.<\/p>\n<p style=\"text-align: justify;\">","protected":false},"excerpt":{"rendered":"<p>Artiprot - Suplemento para Osteoporose, Artrites e Osteoartrites Artiprot\u00a0\u00e9 um suplemento alimentar concebido para o tratamento de\u00a0problemas\u00a0osteoarticulares\u00a0diversos, tais como,\u00a0osteoporose,\u00a0artrites,\u00a0osteoartrites, associados a\u00a0problemas metab\u00f3licos,\u00a0degenerativos\u00a0e\u00a0inflamat\u00f3rios. Esta f\u00f3rmula \u00fanica combina sais minerais, extractos de plantas e prote\u00ednas enzim\u00e1ticas, que agem de forma sin\u00e9rgica no tratamento dos referidos problemas. A sua efic\u00e1cia tem sido confirmada por in\u00fameros m\u00e9dicos e farmac\u00eauticos [&hellip;]<\/p>\n","protected":false},"featured_media":1366,"comment_status":"open","ping_status":"closed","template":"","meta":{"_seopress_titles_title":"%%sitetitle%% | %%post_title%%","_seopress_titles_desc":"%%post_content%%","_seopress_robots_index":"","_seopress_robots_follow":"","_seopress_robots_imageindex":"","_seopress_robots_snippet":"","_seopress_robots_primary_cat":"none","_seopress_robots_breadcrumbs":"","_seopress_robots_freeze_modified_date":"","_seopress_robots_custom_modified_date":"","_seopress_robots_canonical":"","_seopress_social_fb_title":"","_seopress_social_fb_desc":"","_seopress_social_fb_img":"","_seopress_social_fb_img_attachment_id":0,"_seopress_social_fb_img_width":0,"_seopress_social_fb_img_height":0,"_seopress_social_twitter_title":"","_seopress_social_twitter_desc":"","_seopress_social_twitter_img":"","_seopress_social_twitter_img_attachment_id":0,"_seopress_social_twitter_img_width":0,"_seopress_social_twitter_img_height":0,"_seopress_redirections_value":"","_seopress_redirections_enabled":"","_seopress_redirections_enabled_regex":"","_seopress_redirections_logged_status":"both","_seopress_redirections_param":"","_seopress_redirections_type":301,"_seopress_analysis_target_kw":"artrite,osteoarticular,dor osteoarticular,dores articulares,dores osteoarticulares,inflama\u00e7\u00e3o osteoarticular,rem\u00e9dio para artrite,rem\u00e9dio para dor articular,suplemento para artrite,suplemento para dor articular,glucosamina,condroitina,msm,harpago,rem\u00e9dio para articula\u00e7\u00f5es,suplemento para articula\u00e7\u00f5es,rem\u00e9dio para problemas osteoarticulares,suplemento para problemas osteoarticulares"},"product_brand":[],"product_cat":[916,1073,818],"product_tag":[918,919,923],"hf_cat_product":[],"class_list":["post-1285","product","type-product","status-publish","has-post-thumbnail","product_cat-articulacoes-ossos","product_cat-mjs-med","product_cat-saude-e-bem-estar","product_tag-anti-inflamatorio","product_tag-artrite","product_tag-inflamacao-osteoarticular","pa_funcao-anti-inflamatorio","pa_funcao-artrite","pa_funcao-inflamacao-osteoarticular","first","instock","shipping-taxable","purchasable","product-type-simple"],"_links":{"self":[{"href":"https:\/\/lojaespacos.com\/en\/wp-json\/wp\/v2\/product\/1285","targetHints":{"allow":["GET"]}}],"collection":[{"href":"https:\/\/lojaespacos.com\/en\/wp-json\/wp\/v2\/product"}],"about":[{"href":"https:\/\/lojaespacos.com\/en\/wp-json\/wp\/v2\/types\/product"}],"replies":[{"embeddable":true,"href":"https:\/\/lojaespacos.com\/en\/wp-json\/wp\/v2\/comments?post=1285"}],"wp:featuredmedia":[{"embeddable":true,"href":"https:\/\/lojaespacos.com\/en\/wp-json\/wp\/v2\/media\/1366"}],"wp:attachment":[{"href":"https:\/\/lojaespacos.com\/en\/wp-json\/wp\/v2\/media?parent=1285"}],"wp:term":[{"taxonomy":"product_brand","embeddable":true,"href":"https:\/\/lojaespacos.com\/en\/wp-json\/wp\/v2\/product_brand?post=1285"},{"taxonomy":"product_cat","embeddable":true,"href":"https:\/\/lojaespacos.com\/en\/wp-json\/wp\/v2\/product_cat?post=1285"},{"taxonomy":"product_tag","embeddable":true,"href":"https:\/\/lojaespacos.com\/en\/wp-json\/wp\/v2\/product_tag?post=1285"},{"taxonomy":"hf_cat_product","embeddable":true,"href":"https:\/\/lojaespacos.com\/en\/wp-json\/wp\/v2\/hf_cat_product?post=1285"}],"curies":[{"name":"wp","href":"https:\/\/api.w.org\/{rel}","templated":true}]}}

Artiprot | MJS Med | 30 cápsulas + 30 saquetas | problemas osteoarticulares

<h2 style="text-align: center;"><strong>Artiprot - Suplemento para Osteoporose, Artrites e Osteoartrites</strong></h2>
<p style="text-align: justify;"><strong>Artiprot</strong> é um suplemento alimentar concebido para o tratamento de problemas <strong>osteoarticulares</strong> diversos, tais como, <strong>osteoporose, artrites, osteoartrites, associados a problemas metabólicos, degenerativos e inflamatórios</strong>. Esta fórmula única combina sais minerais, extractos de plantas e proteínas enzimáticas, que agem de forma sinérgica no tratamento dos referidos problemas. A sua eficácia tem sido confirmada por inúmeros médicos e farmacêuticos em toda a Europa, por <strong>ensaios “in vivo”</strong>, tendo uma <strong>eficácia de 99% no tratamento</strong> de problemas metabólicos, inflamatórios e degenerativos associados ao <strong>tecido ósseo, cartilaginoso e conjuntivo</strong>.</p>
<p style="text-align: justify;">Este produto usado em conjunto com Protocolagem permite obter melhores resultados.</p>
<p style="text-align: justify;"><strong>Artiprot</strong> tem uma <strong>saqueta</strong> à base de <strong>Colagénio</strong> hidrolisado, Sulfato de <strong>glucosamina, MSM</strong>, Sulfato de<strong> condroitina</strong> marinho, <strong>Vitamina C, Zinco, Sódio e Cobre</strong>. E uma <strong>cápsula</strong> à base de <strong>Harpago, Boswellia serrata e Erva-cidreira</strong>.</p>
<p style="text-align: justify;">

<p>Artiprot - Suplemento para Osteoporose, Artrites e Osteoartrites Artiprot é um suplemento alimentar concebido para o tratamento de problemas osteoarticulares diversos, tais como, osteoporose, artrites, osteoartrites, associados a problemas metabólicos, degenerativos e inflamatórios. Esta fórmula única combina sais minerais, extractos de plantas e proteínas enzimáticas, que agem de forma sinérgica no tratamento dos referidos problemas. A sua eficácia tem sido confirmada por inúmeros médicos e farmacêuticos [&hellip;]</p>

artrite,osteoarticular,dor osteoarticular,dores articulares,dores osteoarticulares,inflamação osteoarticular,remédio para artrite,remédio para dor articular,suplemento para artrite,suplemento para dor articular,glucosamina,condroitina,msm,harpago,remédio para articulações,suplemento para articulações,remédio para problemas osteoarticulares,suplemento para problemas osteoarticulares
