{"id":1218,"date":"2021-09-28T09:46:44","date_gmt":"2021-09-28T09:46:44","guid":{"rendered":"https:\/\/lojaespacos.com\/?post_type=product&#038;p=1218"},"modified":"2025-03-26T17:51:02","modified_gmt":"2025-03-26T17:51:02","slug":"floral-formula-do-estudante-florais-de-saint-germain-10ml","status":"publish","type":"product","link":"https:\/\/lojaespacos.com\/en\/loja\/florais\/florais-de-saint-germain\/floral-formula-do-estudante-florais-de-saint-germain-10ml\/","title":{"rendered":"Floral f\u00f3rmula do estudante | Florais de Saint Germain | 10mL"},"content":{"rendered":"<h2 style=\"text-align: center;\">Floral F\u00f3rmula do Estudante \u2013 Mais Concentra\u00e7\u00e3o, Mem\u00f3ria e Foco<\/h2>\n<p style=\"text-align: justify;\">Os\u00a0<a href=\"https:\/\/lojaespacos.com\/en\/product-category\/florais-de-saint-germain\/\" target=\"_blank\" rel=\"noopener noreferrer\"><strong>florais de Saint Germain<\/strong><\/a>, criados por Neide Margonari, pretendem restabelecer e transmutar\u00a0<strong>padr\u00f5es doentios<\/strong>, provocados por\u00a0<strong>viv\u00eancias traum\u00e1ticas<\/strong>, principalmente, quando a causa do dist\u00farbio \u00e9<strong>\u00a0emocional<\/strong>.<\/p>\n<p style=\"text-align: justify;\">A finalidade destas f\u00f3rmulas \u00e9 auxiliar a r\u00e1pida transmuta\u00e7\u00e3o desses padr\u00f5es internos que est\u00e3o a mais e que atrapalham o seu dia-a-dia.<\/p>\n<p style=\"text-align: justify;\"><strong>Floral f\u00f3rmula do estudante | <\/strong>Aumenta a\u00a0<strong>concentra\u00e7\u00e3o<\/strong>, a\u00a0<strong>aprendizagem<\/strong>, a<strong>\u00a0mem\u00f3ria<\/strong>, a for\u00e7a de vontade, a organiza\u00e7\u00e3o e a perseveran\u00e7a.<\/p>\n<p style=\"text-align: justify;\"><strong>Sugest\u00e3o<\/strong>: Crie o seu spray para o ambiente, que pode ser usado para limpeza energ\u00e9tica de objectos, pessoas, animais e plantas.<br \/>\nNum borrifador coloque 100ml de \u00e1gua e pingue 7 gotas da f\u00f3rmula seleccionada. Borrifar no ambiente duas vezes ao dia.<\/p>","protected":false},"excerpt":{"rendered":"<p>Floral F\u00f3rmula do Estudante \u2013 Mais Concentra\u00e7\u00e3o, Mem\u00f3ria e Foco Os\u00a0florais de Saint Germain, criados por Neide Margonari, pretendem restabelecer e transmutar\u00a0padr\u00f5es doentios, provocados por\u00a0viv\u00eancias traum\u00e1ticas, principalmente, quando a causa do dist\u00farbio \u00e9\u00a0emocional. A finalidade destas f\u00f3rmulas \u00e9 auxiliar a r\u00e1pida transmuta\u00e7\u00e3o desses padr\u00f5es internos que est\u00e3o a mais e que atrapalham o seu dia-a-dia. [&hellip;]<\/p>\n","protected":false},"featured_media":1297,"comment_status":"open","ping_status":"closed","template":"","meta":{"_seopress_titles_title":"%%sitetitle%% | %%post_title%% - Mais Concentra\u00e7\u00e3o, Mem\u00f3ria e Foco","_seopress_titles_desc":"O Floral F\u00f3rmula do Estudante dos Florais de Saint Germain auxilia na concentra\u00e7\u00e3o, mem\u00f3ria, aprendizagem e for\u00e7a de vontade. Ideal para estudantes que buscam mais disciplina e organiza\u00e7\u00e3o nos estudos.","_seopress_robots_index":"","_seopress_robots_follow":"","_seopress_robots_imageindex":"","_seopress_robots_snippet":"","_seopress_robots_primary_cat":"none","_seopress_robots_breadcrumbs":"","_seopress_robots_freeze_modified_date":"","_seopress_robots_custom_modified_date":"","_seopress_robots_canonical":"","_seopress_social_fb_title":"","_seopress_social_fb_desc":"","_seopress_social_fb_img":"","_seopress_social_fb_img_attachment_id":0,"_seopress_social_fb_img_width":0,"_seopress_social_fb_img_height":0,"_seopress_social_twitter_title":"","_seopress_social_twitter_desc":"","_seopress_social_twitter_img":"","_seopress_social_twitter_img_attachment_id":0,"_seopress_social_twitter_img_width":0,"_seopress_social_twitter_img_height":0,"_seopress_redirections_value":"","_seopress_redirections_enabled":"","_seopress_redirections_enabled_regex":"","_seopress_redirections_logged_status":"both","_seopress_redirections_param":"","_seopress_redirections_type":301,"_seopress_analysis_target_kw":"Floral F\u00f3rmula do Estudante,Floral para concentra\u00e7\u00e3o,Floral para mem\u00f3ria,Floral para aprendizagem,Floral para estudantes,Floral para foco e disciplina,Floral para melhorar a concentra\u00e7\u00e3o e a aprendizagem,Floral para estudantes que precisam de foco e organiza\u00e7\u00e3o,Ess\u00eancia floral para fortalecer a mem\u00f3ria e a perseveran\u00e7a,Floral para aumentar a for\u00e7a de vontade nos estudos"},"product_brand":[],"product_cat":[1054,1151,1152],"product_tag":[1376,1222],"hf_cat_product":[],"class_list":["post-1218","product","type-product","status-publish","has-post-thumbnail","product_cat-florais","product_cat-florais-de-saint-germain","product_cat-florais-de-saint-germain-marca","product_tag-aprendizagem","product_tag-memoria","pa_funcao-aprendizagem","pa_funcao-memoria","first","instock","sale","shipping-taxable","purchasable","product-type-simple"],"_links":{"self":[{"href":"https:\/\/lojaespacos.com\/en\/wp-json\/wp\/v2\/product\/1218","targetHints":{"allow":["GET"]}}],"collection":[{"href":"https:\/\/lojaespacos.com\/en\/wp-json\/wp\/v2\/product"}],"about":[{"href":"https:\/\/lojaespacos.com\/en\/wp-json\/wp\/v2\/types\/product"}],"replies":[{"embeddable":true,"href":"https:\/\/lojaespacos.com\/en\/wp-json\/wp\/v2\/comments?post=1218"}],"wp:featuredmedia":[{"embeddable":true,"href":"https:\/\/lojaespacos.com\/en\/wp-json\/wp\/v2\/media\/1297"}],"wp:attachment":[{"href":"https:\/\/lojaespacos.com\/en\/wp-json\/wp\/v2\/media?parent=1218"}],"wp:term":[{"taxonomy":"product_brand","embeddable":true,"href":"https:\/\/lojaespacos.com\/en\/wp-json\/wp\/v2\/product_brand?post=1218"},{"taxonomy":"product_cat","embeddable":true,"href":"https:\/\/lojaespacos.com\/en\/wp-json\/wp\/v2\/product_cat?post=1218"},{"taxonomy":"product_tag","embeddable":true,"href":"https:\/\/lojaespacos.com\/en\/wp-json\/wp\/v2\/product_tag?post=1218"},{"taxonomy":"hf_cat_product","embeddable":true,"href":"https:\/\/lojaespacos.com\/en\/wp-json\/wp\/v2\/hf_cat_product?post=1218"}],"curies":[{"name":"wp","href":"https:\/\/api.w.org\/{rel}","templated":true}]}}

Floral fórmula do estudante | Florais de Saint Germain | 10mL

<h2 style="text-align: center;">Floral Fórmula do Estudante – Mais Concentração, Memória e Foco</h2>
<p style="text-align: justify;">Os <a href="https://lojaespacos.com/en/product-category/florais-de-saint-germain/" target="_blank" rel="noopener noreferrer"><strong>florais de Saint Germain</strong></a>, criados por Neide Margonari, pretendem restabelecer e transmutar <strong>padrões doentios</strong>, provocados por <strong>vivências traumáticas</strong>, principalmente, quando a causa do distúrbio é<strong> emocional</strong>.</p>
<p style="text-align: justify;">A finalidade destas fórmulas é auxiliar a rápida transmutação desses padrões internos que estão a mais e que atrapalham o seu dia-a-dia.</p>
<p style="text-align: justify;"><strong>Floral fórmula do estudante | </strong>Aumenta a <strong>concentração</strong>, a <strong>aprendizagem</strong>, a<strong> memória</strong>, a força de vontade, a organização e a perseverança.</p>
<p style="text-align: justify;"><strong>Sugestão</strong>: Crie o seu spray para o ambiente, que pode ser usado para limpeza energética de objectos, pessoas, animais e plantas.<br />
Num borrifador coloque 100ml de água e pingue 7 gotas da fórmula seleccionada. Borrifar no ambiente duas vezes ao dia.</p>

<p>Floral Fórmula do Estudante – Mais Concentração, Memória e Foco Os florais de Saint Germain, criados por Neide Margonari, pretendem restabelecer e transmutar padrões doentios, provocados por vivências traumáticas, principalmente, quando a causa do distúrbio é emocional. A finalidade destas fórmulas é auxiliar a rápida transmutação desses padrões internos que estão a mais e que atrapalham o seu dia-a-dia. [&hellip;]</p>

%%sitetitle%% | %%post_title%% - Mais Concentração, Memória e Foco

O Floral Fórmula do Estudante dos Florais de Saint Germain auxilia na concentração, memória, aprendizagem e força de vontade. Ideal para estudantes que buscam mais disciplina e organização nos estudos.

Floral Fórmula do Estudante,Floral para concentração,Floral para memória,Floral para aprendizagem,Floral para estudantes,Floral para foco e disciplina,Floral para melhorar a concentração e a aprendizagem,Floral para estudantes que precisam de foco e organização,Essência floral para fortalecer a memória e a perseverança,Floral para aumentar a força de vontade nos estudos
