{"id":1099,"date":"2024-01-28T09:45:57","date_gmt":"2024-01-28T09:45:57","guid":{"rendered":"https:\/\/lojaespacos.com\/?post_type=product&#038;p=1099"},"modified":"2024-03-27T11:54:31","modified_gmt":"2024-03-27T11:54:31","slug":"ergycapil-nutergia-90-capsulas-cabelo-unhas-pele","status":"publish","type":"product","link":"https:\/\/lojaespacos.com\/en\/loja\/saude-e-bem-estar\/cabelo-pele-unhas\/ergycapil-nutergia-90-capsulas-cabelo-unhas-pele\/","title":{"rendered":"ErgyCapil | Nutergia | 90 c\u00e1psulas | cabelo | unhas | pele"},"content":{"rendered":"<p style=\"text-align: justify;\"><strong>ErgyCapil<\/strong> (antigo<strong> VectiRegen<\/strong>) \u00e9 uma sinergia de amino\u00e1cidos e nutrientes para dar\u00a0<strong>for\u00e7a, resist\u00eancia e vitalidade<\/strong>\u00a0ao <strong>cabelo e unhas<\/strong>.<\/p>\n<p style=\"text-align: justify;\">O ErgyCapil \u00e9 aconselhado para <strong>refor\u00e7ar o cabelo sem brilho<\/strong>, <strong>enfraquecido<\/strong> e com <strong>tend\u00eancia para cair<\/strong> e para <strong>fortificar as unhas estriadas e quebradi\u00e7as<\/strong>.<\/p>","protected":false},"excerpt":{"rendered":"<p>ErgyCapil (antigo VectiRegen) \u00e9 uma sinergia de amino\u00e1cidos e nutrientes para dar\u00a0for\u00e7a, resist\u00eancia e vitalidade\u00a0ao cabelo e unhas. O ErgyCapil \u00e9 aconselhado para refor\u00e7ar o cabelo sem brilho, enfraquecido e com tend\u00eancia para cair e para fortificar as unhas estriadas e quebradi\u00e7as.<\/p>","protected":false},"featured_media":20509,"comment_status":"open","ping_status":"closed","template":"","meta":{"_seopress_titles_title":"","_seopress_titles_desc":"","_seopress_robots_index":"","_seopress_robots_follow":"","_seopress_robots_imageindex":"","_seopress_robots_snippet":"","_seopress_robots_primary_cat":"none","_seopress_robots_breadcrumbs":"","_seopress_robots_freeze_modified_date":"","_seopress_robots_custom_modified_date":"","_seopress_robots_canonical":"","_seopress_social_fb_title":"","_seopress_social_fb_desc":"","_seopress_social_fb_img":"","_seopress_social_fb_img_attachment_id":0,"_seopress_social_fb_img_width":0,"_seopress_social_fb_img_height":0,"_seopress_social_twitter_title":"","_seopress_social_twitter_desc":"","_seopress_social_twitter_img":"","_seopress_social_twitter_img_attachment_id":0,"_seopress_social_twitter_img_width":0,"_seopress_social_twitter_img_height":0,"_seopress_redirections_value":"","_seopress_redirections_enabled":"","_seopress_redirections_enabled_regex":"","_seopress_redirections_logged_status":"both","_seopress_redirections_param":"","_seopress_redirections_type":301,"_seopress_analysis_target_kw":""},"product_brand":[],"product_cat":[895,1234,818],"product_tag":[1049],"hf_cat_product":[],"class_list":["post-1099","product","type-product","status-publish","has-post-thumbnail","product_cat-cabelo-pele-unhas","product_cat-nutergia","product_cat-saude-e-bem-estar","product_tag-cabelo","pa_funcao-cabelo","first","instock","sale","shipping-taxable","purchasable","product-type-variable"],"_links":{"self":[{"href":"https:\/\/lojaespacos.com\/en\/wp-json\/wp\/v2\/product\/1099","targetHints":{"allow":["GET"]}}],"collection":[{"href":"https:\/\/lojaespacos.com\/en\/wp-json\/wp\/v2\/product"}],"about":[{"href":"https:\/\/lojaespacos.com\/en\/wp-json\/wp\/v2\/types\/product"}],"replies":[{"embeddable":true,"href":"https:\/\/lojaespacos.com\/en\/wp-json\/wp\/v2\/comments?post=1099"}],"wp:featuredmedia":[{"embeddable":true,"href":"https:\/\/lojaespacos.com\/en\/wp-json\/wp\/v2\/media\/20509"}],"wp:attachment":[{"href":"https:\/\/lojaespacos.com\/en\/wp-json\/wp\/v2\/media?parent=1099"}],"wp:term":[{"taxonomy":"product_brand","embeddable":true,"href":"https:\/\/lojaespacos.com\/en\/wp-json\/wp\/v2\/product_brand?post=1099"},{"taxonomy":"product_cat","embeddable":true,"href":"https:\/\/lojaespacos.com\/en\/wp-json\/wp\/v2\/product_cat?post=1099"},{"taxonomy":"product_tag","embeddable":true,"href":"https:\/\/lojaespacos.com\/en\/wp-json\/wp\/v2\/product_tag?post=1099"},{"taxonomy":"hf_cat_product","embeddable":true,"href":"https:\/\/lojaespacos.com\/en\/wp-json\/wp\/v2\/hf_cat_product?post=1099"}],"curies":[{"name":"wp","href":"https:\/\/api.w.org\/{rel}","templated":true}]}}

ErgyCapil | Nutergia | 90 cápsulas | cabelo | unhas | pele

<p style="text-align: justify;"><strong>ErgyCapil</strong> (antigo<strong> VectiRegen</strong>) é uma sinergia de aminoácidos e nutrientes para dar <strong>força, resistência e vitalidade</strong> ao <strong>cabelo e unhas</strong>.</p>
<p style="text-align: justify;">O ErgyCapil é aconselhado para <strong>reforçar o cabelo sem brilho</strong>, <strong>enfraquecido</strong> e com <strong>tendência para cair</strong> e para <strong>fortificar as unhas estriadas e quebradiças</strong>.</p>

<p>ErgyCapil (antigo VectiRegen) é uma sinergia de aminoácidos e nutrientes para dar força, resistência e vitalidade ao cabelo e unhas. O ErgyCapil é aconselhado para reforçar o cabelo sem brilho, enfraquecido e com tendência para cair e para fortificar as unhas estriadas e quebradiças.</p>
