{"id":1043,"date":"2021-09-28T09:45:36","date_gmt":"2021-09-28T09:45:36","guid":{"rendered":"https:\/\/lojaespacos.com\/?post_type=product&#038;p=1043"},"modified":"2025-02-14T14:38:27","modified_gmt":"2025-02-14T14:38:27","slug":"septilin-himalaya-100-comprimidos-infeccoes-anti-inflamatorio-suplemento-ayurvedico","status":"publish","type":"product","link":"https:\/\/lojaespacos.com\/en\/loja\/fitoterapia-oriental\/fitoterapia-ayurvedica\/septilin-himalaya-100-comprimidos-infeccoes-anti-inflamatorio-suplemento-ayurvedico\/","title":{"rendered":"Septilin | Himalaya | 100 comprimidos | infec\u00e7\u00f5es | anti-inflamat\u00f3rio | suplemento ayurv\u00e9dico"},"content":{"rendered":"<p style=\"text-align: justify;\"><strong>Septilin<\/strong>\u00a0\u00e9 um\u00a0suplemento ayurv\u00e9dico, com\u00a0<strong>propriedades\u00a0imunomoduladoras\u00a0e\u00a0anti-inflamat\u00f3rias<\/strong>, que potencializam as respostas n\u00e3o espec\u00edficas do\u00a0sistema imunit\u00e1rio\u00a0do corpo humano. Septilin ajuda a combater\u00a0<strong>infec\u00e7\u00f5es recorrentes<\/strong>. Septilin \u00e9 indicado para\u00a0infec\u00e7\u00f5es do\u00a0<strong>tracto respirat\u00f3rio\u00a0superior e inferior<\/strong>,\u00a0desordens al\u00e9rgicas\u00a0do tracto respirat\u00f3rio superior, infec\u00e7\u00f5es e inflama\u00e7\u00f5es de\u00a0<strong>pele<\/strong>, infec\u00e7\u00f5es\u00a0<strong>dentais\u00a0e periodontais<\/strong>, infec\u00e7\u00f5es e inflama\u00e7\u00f5es dos\u00a0<strong>olhos<\/strong>, infec\u00e7\u00f5es\u00a0<strong>\u00f3sseas e articulares<\/strong>, infec\u00e7\u00f5es do\u00a0<strong>tracto urin\u00e1rio<\/strong>.<\/p>\n<p style=\"text-align: justify;\"><strong>Apresenta\u00e7\u00e3o<\/strong>: 100 comprimidos.<\/p>\n<p style=\"text-align: justify;\"><strong>Composi\u00e7\u00e3o<\/strong>\u00a0(comprimido): 162mg Guggul (<em>Balsamodendron mukul<\/em>); 32mg minerais de concha calcinada (<em>Shankh bhasma<\/em>); 65mg extractos secos de\u00a0<em>Maharasnadi quath<\/em>; 49mg guduchi\u00a0<em>Tinospora cordifolia<\/em>\u00a032mg\u00a0<em>Rubia cordifolia<\/em>; 16mg amla (<em>Emblica officinalis<\/em>); 16mg moringa (<em>Moringa pterygosperma<\/em>); 6mg alca\u00e7uz (<em>Glycyrrhiza glabra<\/em>).<\/p>\n<p style=\"text-align: justify;\"><strong>Posologia<\/strong>\u00a0(salvo indica\u00e7\u00e3o em contr\u00e1rio por parte do terapeuta): um a dois comprimidos, tr\u00eas a quatro vezes ao dia.<\/p>","protected":false},"excerpt":{"rendered":"<p>Septilin\u00a0\u00e9 um\u00a0suplemento ayurv\u00e9dico, com\u00a0propriedades\u00a0imunomoduladoras\u00a0e\u00a0anti-inflamat\u00f3rias, que potencializam as respostas n\u00e3o espec\u00edficas do\u00a0sistema imunit\u00e1rio\u00a0do corpo humano. Septilin ajuda a combater\u00a0infec\u00e7\u00f5es recorrentes. Septilin \u00e9 indicado para\u00a0infec\u00e7\u00f5es do\u00a0tracto respirat\u00f3rio\u00a0superior e inferior,\u00a0desordens al\u00e9rgicas\u00a0do tracto respirat\u00f3rio superior, infec\u00e7\u00f5es e inflama\u00e7\u00f5es de\u00a0pele, infec\u00e7\u00f5es\u00a0dentais\u00a0e periodontais, infec\u00e7\u00f5es e inflama\u00e7\u00f5es dos\u00a0olhos, infec\u00e7\u00f5es\u00a0\u00f3sseas e articulares, infec\u00e7\u00f5es do\u00a0tracto urin\u00e1rio. Apresenta\u00e7\u00e3o: 100 comprimidos. Composi\u00e7\u00e3o\u00a0(comprimido): 162mg Guggul (Balsamodendron mukul); [&hellip;]<\/p>\n","protected":false},"featured_media":1115,"comment_status":"open","ping_status":"closed","template":"","meta":{"_seopress_titles_title":"%%sitetitle%% | %%post_title%%","_seopress_titles_desc":"%%post_content%%","_seopress_robots_index":"","_seopress_robots_follow":"","_seopress_robots_imageindex":"","_seopress_robots_snippet":"","_seopress_robots_primary_cat":"none","_seopress_robots_breadcrumbs":"","_seopress_robots_freeze_modified_date":"","_seopress_robots_custom_modified_date":"","_seopress_robots_canonical":"","_seopress_social_fb_title":"","_seopress_social_fb_desc":"","_seopress_social_fb_img":"","_seopress_social_fb_img_attachment_id":0,"_seopress_social_fb_img_width":0,"_seopress_social_fb_img_height":0,"_seopress_social_twitter_title":"","_seopress_social_twitter_desc":"","_seopress_social_twitter_img":"","_seopress_social_twitter_img_attachment_id":0,"_seopress_social_twitter_img_width":0,"_seopress_social_twitter_img_height":0,"_seopress_redirections_value":"","_seopress_redirections_enabled":"","_seopress_redirections_enabled_regex":"","_seopress_redirections_logged_status":"both","_seopress_redirections_param":"","_seopress_redirections_type":301,"_seopress_analysis_target_kw":"suplemento,rem\u00e9dio,anti-inflamat\u00f3rio,anti-inflamat\u00f3rio natural,sinusite,rinite,infec\u00e7\u00e3o urin\u00e1ria,infe\u00e7\u00f5es recorrentes,infec\u00e7\u00f5es recorrentes,rem\u00e9dio para sinusite,rem\u00e9dio para rinite,rem\u00e9dio para infec\u00e7\u00e3o urin\u00e1ria,imunomodulador,sistema imunit\u00e1rio,tracto respirat\u00f3rio,infec\u00e7\u00f5es periodontais,infec\u00e7\u00f5es \u00f3sseas"},"product_brand":[],"product_cat":[926,820,818,1041,1035,822],"product_tag":[918,1271,1269,1038],"hf_cat_product":[],"class_list":["post-1043","product","type-product","status-publish","has-post-thumbnail","product_cat-fitoterapia-ayurvedica","product_cat-fitoterapia-oriental","product_cat-saude-e-bem-estar","product_cat-sistema-imunitario","product_cat-sistema-respiratorio","product_cat-sistema-urinario","product_tag-anti-inflamatorio","product_tag-imunomodulador","product_tag-infeccao-urinaria","product_tag-rinite-sinusite","pa_funcao-anti-inflamatorio","pa_funcao-imunomodulador","pa_funcao-infeccao-urinaria","pa_funcao-rinite-sinusite","first","onbackorder","shipping-taxable","purchasable","product-type-simple"],"_links":{"self":[{"href":"https:\/\/lojaespacos.com\/en\/wp-json\/wp\/v2\/product\/1043","targetHints":{"allow":["GET"]}}],"collection":[{"href":"https:\/\/lojaespacos.com\/en\/wp-json\/wp\/v2\/product"}],"about":[{"href":"https:\/\/lojaespacos.com\/en\/wp-json\/wp\/v2\/types\/product"}],"replies":[{"embeddable":true,"href":"https:\/\/lojaespacos.com\/en\/wp-json\/wp\/v2\/comments?post=1043"}],"wp:featuredmedia":[{"embeddable":true,"href":"https:\/\/lojaespacos.com\/en\/wp-json\/wp\/v2\/media\/1115"}],"wp:attachment":[{"href":"https:\/\/lojaespacos.com\/en\/wp-json\/wp\/v2\/media?parent=1043"}],"wp:term":[{"taxonomy":"product_brand","embeddable":true,"href":"https:\/\/lojaespacos.com\/en\/wp-json\/wp\/v2\/product_brand?post=1043"},{"taxonomy":"product_cat","embeddable":true,"href":"https:\/\/lojaespacos.com\/en\/wp-json\/wp\/v2\/product_cat?post=1043"},{"taxonomy":"product_tag","embeddable":true,"href":"https:\/\/lojaespacos.com\/en\/wp-json\/wp\/v2\/product_tag?post=1043"},{"taxonomy":"hf_cat_product","embeddable":true,"href":"https:\/\/lojaespacos.com\/en\/wp-json\/wp\/v2\/hf_cat_product?post=1043"}],"curies":[{"name":"wp","href":"https:\/\/api.w.org\/{rel}","templated":true}]}}

Septilin | Himalaya | 100 comprimidos | infecções | anti-inflamatório | suplemento ayurvédico

<p style="text-align: justify;"><strong>Septilin</strong> é um suplemento ayurvédico, com <strong>propriedades imunomoduladoras e anti-inflamatórias</strong>, que potencializam as respostas não específicas do sistema imunitário do corpo humano. Septilin ajuda a combater <strong>infecções recorrentes</strong>. Septilin é indicado para infecções do <strong>tracto respiratório superior e inferior</strong>, desordens alérgicas do tracto respiratório superior, infecções e inflamações de <strong>pele</strong>, infecções <strong>dentais e periodontais</strong>, infecções e inflamações dos <strong>olhos</strong>, infecções <strong>ósseas e articulares</strong>, infecções do <strong>tracto urinário</strong>.</p>
<p style="text-align: justify;"><strong>Apresentação</strong>: 100 comprimidos.</p>
<p style="text-align: justify;"><strong>Composição</strong> (comprimido): 162mg Guggul (<em>Balsamodendron mukul</em>); 32mg minerais de concha calcinada (<em>Shankh bhasma</em>); 65mg extractos secos de <em>Maharasnadi quath</em>; 49mg guduchi <em>Tinospora cordifolia</em> 32mg <em>Rubia cordifolia</em>; 16mg amla (<em>Emblica officinalis</em>); 16mg moringa (<em>Moringa pterygosperma</em>); 6mg alcaçuz (<em>Glycyrrhiza glabra</em>).</p>
<p style="text-align: justify;"><strong>Posologia</strong> (salvo indicação em contrário por parte do terapeuta): um a dois comprimidos, três a quatro vezes ao dia.</p>

<p>Septilin é um suplemento ayurvédico, com propriedades imunomoduladoras e anti-inflamatórias, que potencializam as respostas não específicas do sistema imunitário do corpo humano. Septilin ajuda a combater infecções recorrentes. Septilin é indicado para infecções do tracto respiratório superior e inferior, desordens alérgicas do tracto respiratório superior, infecções e inflamações de pele, infecções dentais e periodontais, infecções e inflamações dos olhos, infecções ósseas e articulares, infecções do tracto urinário. Apresentação: 100 comprimidos. Composição (comprimido): 162mg Guggul (Balsamodendron mukul); [&hellip;]</p>

suplemento,remédio,anti-inflamatório,anti-inflamatório natural,sinusite,rinite,infecção urinária,infeções recorrentes,infecções recorrentes,remédio para sinusite,remédio para rinite,remédio para infecção urinária,imunomodulador,sistema imunitário,tracto respiratório,infecções periodontais,infecções ósseas
